{"id":63513,"date":"2021-10-19T19:30:15","date_gmt":"2021-10-19T19:30:15","guid":{"rendered":"https:\/\/villa-albertine.org\/events\/will-see-une-soiree-avec-bernard-henri-levy\/"},"modified":"2023-08-23T08:10:40","modified_gmt":"2023-08-23T08:10:40","slug":"will-see-une-soiree-avec-bernard-henri-levy","status":"publish","type":"app_event","link":"https:\/\/villa-albertine.org\/va\/fr\/events\/will-see-une-soiree-avec-bernard-henri-levy\/","title":{"rendered":"The Will to See : Une soir\u00e9e avec Bernard-Henri L\u00e9vy"},"content":{"rendered":"<p>Rejoignez Bernard-Henri L\u00e9vy pour une discussion autour de son dernier livre paru en anglais,\u00a0<em>The Will to See: Dispatches From a World of Misery and Hope <\/em>(Yale University Press).<\/p>\n<p><a href=\"https:\/\/yalebooks.yale.edu\/book\/9780300260557\/will-see\"><em>The Will to See: Dispatches From a World of Misery and Hope<\/em><\/a>\u00a0est l&rsquo;aboutissement de reportages dans huit zones sensibles internationales qui ont peu retenu l&rsquo;attention ou suscit\u00e9 de r\u00e9ponse : le Nig\u00e9ria, le Kurdistan syrien et irakien, l&rsquo;Ukraine, la Somalie, le Bangladesh, Lesbos, la Gr\u00e8ce, la Libye et l&rsquo;Afghanistan. Entre manifeste et missives de terrain, <em>The Will to See<\/em> est une r\u00e9primande \u00e9mouvante contre l&rsquo;indiff\u00e9rence et une exhortation \u00e0 porter notre regard sur ceux qui sont invisibilis\u00e9s.<\/p>\n<p>La discussion se d\u00e9roulera en anglais. Ev\u00e9nement gratuit, mais les r\u00e9servations sont obligatoires. Le pass vaccinal sera v\u00e9rifi\u00e9 \u00e0 l&rsquo;entr\u00e9e.<\/p>\n<p>\u00a0<\/p>\n<p><strong>Cet \u00e9v\u00e9nement est organis\u00e9 par <a href=\"https:\/\/www.albertine.com\/\">Albertine Books<\/a>. Partenaire m\u00e9dia : Octavian Report.<\/strong><\/p>\n<p><strong>Bernard-Henri L\u00e9vy <\/strong>est un philosophe, journaliste, militant et cin\u00e9aste. Parmi ses dizaines de livres, citons <em>American Vertigo<\/em>, <em>La Barbarie \u00e0 visage humain<\/em>\u00a0et <em>Qui a tu\u00e9 Daniel Pearl ?<\/em>\u00a0Il a \u00e9galement r\u00e9alis\u00e9 de nombreux documentaires tels que\u00a0<em>Bosna !<\/em>, <em>Peshmerga<\/em>, <em>La Bataille de Mossoul<\/em>, et <em>Une autre id\u00e9e du monde<\/em>. L\u00e9vy est cofondateur du groupe antiraciste SOS Racisme et a effectu\u00e9 des missions diplomatiques pour le gouvernement fran\u00e7ais.<\/p>\n","protected":false},"featured_media":58509,"menu_order":0,"template":"","app_discipline":[263,282],"app_city_tax":[264],"app_event_type":[289],"class_list":["post-63513","app_event","type-app_event","status-publish","has-post-thumbnail","hentry","app_discipline-litterature-fr","app_discipline-sciences-humaines-et-sociales-fr","app_city_tax-nyc-fr","app_event_type-conference-fr"],"acf":[],"yoast_head":"<!-- This site is optimized with the Yoast SEO plugin v27.3 - https:\/\/yoast.com\/product\/yoast-seo-wordpress\/ -->\n<title>The Will to See : Une soir\u00e9e avec Bernard-Henri L\u00e9vy - Villa Albertine<\/title>\n<meta name=\"robots\" content=\"index, follow, max-snippet:-1, max-image-preview:large, max-video-preview:-1\" \/>\n<link rel=\"canonical\" href=\"https:\/\/villa-albertine.org\/va\/fr\/events\/will-see-une-soiree-avec-bernard-henri-levy\/\" \/>\n<meta property=\"og:locale\" content=\"fr_FR\" \/>\n<meta property=\"og:type\" content=\"article\" \/>\n<meta property=\"og:title\" content=\"The Will to See : Une soir\u00e9e avec Bernard-Henri L\u00e9vy - Villa Albertine\" \/>\n<meta property=\"og:description\" content=\"Rejoignez Bernard-Henri L\u00e9vy pour une discussion autour de son dernier livre paru en anglais,\u00a0The Will to See: Dispatches From a World of Misery and Hope (Yale University Press). The Will to See: Dispatches From a World of Misery and Hope\u00a0est l&rsquo;aboutissement de reportages dans huit zones sensibles internationales qui ont peu retenu l&rsquo;attention ou suscit\u00e9...\" \/>\n<meta property=\"og:url\" content=\"https:\/\/villa-albertine.org\/va\/fr\/events\/will-see-une-soiree-avec-bernard-henri-levy\/\" \/>\n<meta property=\"og:site_name\" content=\"Villa Albertine\" \/>\n<meta property=\"article:modified_time\" content=\"2023-08-23T08:10:40+00:00\" \/>\n<meta property=\"og:image\" content=\"https:\/\/villa-albertine.org\/wp-content\/uploads\/2023\/08\/bernard20henry-lC3A9vy.webp\" \/>\n\t<meta property=\"og:image:width\" content=\"1200\" \/>\n\t<meta property=\"og:image:height\" content=\"552\" \/>\n\t<meta property=\"og:image:type\" content=\"image\/jpeg\" \/>\n<meta name=\"twitter:card\" content=\"summary_large_image\" \/>\n<meta name=\"twitter:label1\" content=\"Dur\u00e9e de lecture estim\u00e9e\" \/>\n\t<meta name=\"twitter:data1\" content=\"1 minute\" \/>\n<script type=\"application\/ld+json\" class=\"yoast-schema-graph\">{\"@context\":\"https:\\\/\\\/schema.org\",\"@graph\":[{\"@type\":\"WebPage\",\"@id\":\"https:\\\/\\\/villa-albertine.org\\\/va\\\/fr\\\/events\\\/will-see-une-soiree-avec-bernard-henri-levy\\\/\",\"url\":\"https:\\\/\\\/villa-albertine.org\\\/va\\\/fr\\\/events\\\/will-see-une-soiree-avec-bernard-henri-levy\\\/\",\"name\":\"The Will to See : Une soir\u00e9e avec Bernard-Henri L\u00e9vy - Villa Albertine\",\"isPartOf\":{\"@id\":\"https:\\\/\\\/villa-albertine.org\\\/va\\\/fr\\\/#website\"},\"primaryImageOfPage\":{\"@id\":\"https:\\\/\\\/villa-albertine.org\\\/va\\\/fr\\\/events\\\/will-see-une-soiree-avec-bernard-henri-levy\\\/#primaryimage\"},\"image\":{\"@id\":\"https:\\\/\\\/villa-albertine.org\\\/va\\\/fr\\\/events\\\/will-see-une-soiree-avec-bernard-henri-levy\\\/#primaryimage\"},\"thumbnailUrl\":\"https:\\\/\\\/villa-albertine.org\\\/wp-content\\\/uploads\\\/2023\\\/08\\\/bernard20henry-lC3A9vy.webp\",\"datePublished\":\"2021-10-19T19:30:15+00:00\",\"dateModified\":\"2023-08-23T08:10:40+00:00\",\"breadcrumb\":{\"@id\":\"https:\\\/\\\/villa-albertine.org\\\/va\\\/fr\\\/events\\\/will-see-une-soiree-avec-bernard-henri-levy\\\/#breadcrumb\"},\"inLanguage\":\"fr-FR\",\"potentialAction\":[{\"@type\":\"ReadAction\",\"target\":[\"https:\\\/\\\/villa-albertine.org\\\/va\\\/fr\\\/events\\\/will-see-une-soiree-avec-bernard-henri-levy\\\/\"]}]},{\"@type\":\"ImageObject\",\"inLanguage\":\"fr-FR\",\"@id\":\"https:\\\/\\\/villa-albertine.org\\\/va\\\/fr\\\/events\\\/will-see-une-soiree-avec-bernard-henri-levy\\\/#primaryimage\",\"url\":\"https:\\\/\\\/villa-albertine.org\\\/wp-content\\\/uploads\\\/2023\\\/08\\\/bernard20henry-lC3A9vy.webp\",\"contentUrl\":\"https:\\\/\\\/villa-albertine.org\\\/wp-content\\\/uploads\\\/2023\\\/08\\\/bernard20henry-lC3A9vy.webp\",\"width\":1200,\"height\":552},{\"@type\":\"BreadcrumbList\",\"@id\":\"https:\\\/\\\/villa-albertine.org\\\/va\\\/fr\\\/events\\\/will-see-une-soiree-avec-bernard-henri-levy\\\/#breadcrumb\",\"itemListElement\":[{\"@type\":\"ListItem\",\"position\":1,\"name\":\"Home\",\"item\":\"https:\\\/\\\/villa-albertine.org\\\/va\\\/fr\\\/home\\\/\"},{\"@type\":\"ListItem\",\"position\":2,\"name\":\"The Will to See : Une soir\u00e9e avec Bernard-Henri L\u00e9vy\"}]},{\"@type\":\"WebSite\",\"@id\":\"https:\\\/\\\/villa-albertine.org\\\/va\\\/fr\\\/#website\",\"url\":\"https:\\\/\\\/villa-albertine.org\\\/va\\\/fr\\\/\",\"name\":\"Villa Albertine\",\"description\":\"\",\"potentialAction\":[{\"@type\":\"SearchAction\",\"target\":{\"@type\":\"EntryPoint\",\"urlTemplate\":\"https:\\\/\\\/villa-albertine.org\\\/va\\\/fr\\\/?s={search_term_string}\"},\"query-input\":{\"@type\":\"PropertyValueSpecification\",\"valueRequired\":true,\"valueName\":\"search_term_string\"}}],\"inLanguage\":\"fr-FR\"}]}<\/script>\n<!-- \/ Yoast SEO plugin. -->","yoast_head_json":{"title":"The Will to See : Une soir\u00e9e avec Bernard-Henri L\u00e9vy - Villa Albertine","robots":{"index":"index","follow":"follow","max-snippet":"max-snippet:-1","max-image-preview":"max-image-preview:large","max-video-preview":"max-video-preview:-1"},"canonical":"https:\/\/villa-albertine.org\/va\/fr\/events\/will-see-une-soiree-avec-bernard-henri-levy\/","og_locale":"fr_FR","og_type":"article","og_title":"The Will to See : Une soir\u00e9e avec Bernard-Henri L\u00e9vy - Villa Albertine","og_description":"Rejoignez Bernard-Henri L\u00e9vy pour une discussion autour de son dernier livre paru en anglais,\u00a0The Will to See: Dispatches From a World of Misery and Hope (Yale University Press). The Will to See: Dispatches From a World of Misery and Hope\u00a0est l&rsquo;aboutissement de reportages dans huit zones sensibles internationales qui ont peu retenu l&rsquo;attention ou suscit\u00e9...","og_url":"https:\/\/villa-albertine.org\/va\/fr\/events\/will-see-une-soiree-avec-bernard-henri-levy\/","og_site_name":"Villa Albertine","article_modified_time":"2023-08-23T08:10:40+00:00","og_image":[{"width":1200,"height":552,"url":"https:\/\/villa-albertine.org\/wp-content\/uploads\/2023\/08\/bernard20henry-lC3A9vy.webp","type":"image\/jpeg"}],"twitter_card":"summary_large_image","twitter_misc":{"Dur\u00e9e de lecture estim\u00e9e":"1 minute"},"schema":{"@context":"https:\/\/schema.org","@graph":[{"@type":"WebPage","@id":"https:\/\/villa-albertine.org\/va\/fr\/events\/will-see-une-soiree-avec-bernard-henri-levy\/","url":"https:\/\/villa-albertine.org\/va\/fr\/events\/will-see-une-soiree-avec-bernard-henri-levy\/","name":"The Will to See : Une soir\u00e9e avec Bernard-Henri L\u00e9vy - Villa Albertine","isPartOf":{"@id":"https:\/\/villa-albertine.org\/va\/fr\/#website"},"primaryImageOfPage":{"@id":"https:\/\/villa-albertine.org\/va\/fr\/events\/will-see-une-soiree-avec-bernard-henri-levy\/#primaryimage"},"image":{"@id":"https:\/\/villa-albertine.org\/va\/fr\/events\/will-see-une-soiree-avec-bernard-henri-levy\/#primaryimage"},"thumbnailUrl":"https:\/\/villa-albertine.org\/wp-content\/uploads\/2023\/08\/bernard20henry-lC3A9vy.webp","datePublished":"2021-10-19T19:30:15+00:00","dateModified":"2023-08-23T08:10:40+00:00","breadcrumb":{"@id":"https:\/\/villa-albertine.org\/va\/fr\/events\/will-see-une-soiree-avec-bernard-henri-levy\/#breadcrumb"},"inLanguage":"fr-FR","potentialAction":[{"@type":"ReadAction","target":["https:\/\/villa-albertine.org\/va\/fr\/events\/will-see-une-soiree-avec-bernard-henri-levy\/"]}]},{"@type":"ImageObject","inLanguage":"fr-FR","@id":"https:\/\/villa-albertine.org\/va\/fr\/events\/will-see-une-soiree-avec-bernard-henri-levy\/#primaryimage","url":"https:\/\/villa-albertine.org\/wp-content\/uploads\/2023\/08\/bernard20henry-lC3A9vy.webp","contentUrl":"https:\/\/villa-albertine.org\/wp-content\/uploads\/2023\/08\/bernard20henry-lC3A9vy.webp","width":1200,"height":552},{"@type":"BreadcrumbList","@id":"https:\/\/villa-albertine.org\/va\/fr\/events\/will-see-une-soiree-avec-bernard-henri-levy\/#breadcrumb","itemListElement":[{"@type":"ListItem","position":1,"name":"Home","item":"https:\/\/villa-albertine.org\/va\/fr\/home\/"},{"@type":"ListItem","position":2,"name":"The Will to See : Une soir\u00e9e avec Bernard-Henri L\u00e9vy"}]},{"@type":"WebSite","@id":"https:\/\/villa-albertine.org\/va\/fr\/#website","url":"https:\/\/villa-albertine.org\/va\/fr\/","name":"Villa Albertine","description":"","potentialAction":[{"@type":"SearchAction","target":{"@type":"EntryPoint","urlTemplate":"https:\/\/villa-albertine.org\/va\/fr\/?s={search_term_string}"},"query-input":{"@type":"PropertyValueSpecification","valueRequired":true,"valueName":"search_term_string"}}],"inLanguage":"fr-FR"}]}},"_links":{"self":[{"href":"https:\/\/villa-albertine.org\/va\/fr\/wp-json\/wp\/v2\/app_event\/63513","targetHints":{"allow":["GET"]}}],"collection":[{"href":"https:\/\/villa-albertine.org\/va\/fr\/wp-json\/wp\/v2\/app_event"}],"about":[{"href":"https:\/\/villa-albertine.org\/va\/fr\/wp-json\/wp\/v2\/types\/app_event"}],"wp:featuredmedia":[{"embeddable":true,"href":"https:\/\/villa-albertine.org\/va\/fr\/wp-json\/wp\/v2\/media\/58509"}],"wp:attachment":[{"href":"https:\/\/villa-albertine.org\/va\/fr\/wp-json\/wp\/v2\/media?parent=63513"}],"wp:term":[{"taxonomy":"app_discipline","embeddable":true,"href":"https:\/\/villa-albertine.org\/va\/fr\/wp-json\/wp\/v2\/app_discipline?post=63513"},{"taxonomy":"app_city_tax","embeddable":true,"href":"https:\/\/villa-albertine.org\/va\/fr\/wp-json\/wp\/v2\/app_city_tax?post=63513"},{"taxonomy":"app_event_type","embeddable":true,"href":"https:\/\/villa-albertine.org\/va\/fr\/wp-json\/wp\/v2\/app_event_type?post=63513"}],"curies":[{"name":"wp","href":"https:\/\/api.w.org\/{rel}","templated":true}]}}

The Will to See : Une soirée avec Bernard-Henri Lévy

<p>Rejoignez Bernard-Henri Lévy pour une discussion autour de son dernier livre paru en anglais, <em>The Will to See: Dispatches From a World of Misery and Hope </em>(Yale University Press).</p>
<p><a href="https://yalebooks.yale.edu/book/9780300260557/will-see"><em>The Will to See: Dispatches From a World of Misery and Hope</em></a> est l&rsquo;aboutissement de reportages dans huit zones sensibles internationales qui ont peu retenu l&rsquo;attention ou suscité de réponse : le Nigéria, le Kurdistan syrien et irakien, l&rsquo;Ukraine, la Somalie, le Bangladesh, Lesbos, la Grèce, la Libye et l&rsquo;Afghanistan. Entre manifeste et missives de terrain, <em>The Will to See</em> est une réprimande émouvante contre l&rsquo;indifférence et une exhortation à porter notre regard sur ceux qui sont invisibilisés.</p>
<p>La discussion se déroulera en anglais. Evénement gratuit, mais les réservations sont obligatoires. Le pass vaccinal sera vérifié à l&rsquo;entrée.</p>
<p> </p>
<p><strong>Cet événement est organisé par <a href="https://www.albertine.com/">Albertine Books</a>. Partenaire média : Octavian Report.</strong></p>
<p><strong>Bernard-Henri Lévy </strong>est un philosophe, journaliste, militant et cinéaste. Parmi ses dizaines de livres, citons <em>American Vertigo</em>, <em>La Barbarie à visage humain</em> et <em>Qui a tué Daniel Pearl ?</em> Il a également réalisé de nombreux documentaires tels que <em>Bosna !</em>, <em>Peshmerga</em>, <em>La Bataille de Mossoul</em>, et <em>Une autre idée du monde</em>. Lévy est cofondateur du groupe antiraciste SOS Racisme et a effectué des missions diplomatiques pour le gouvernement français.</p>

<!-- This site is optimized with the Yoast SEO plugin v27.3 - https://yoast.com/product/yoast-seo-wordpress/ -->
<title>The Will to See : Une soirée avec Bernard-Henri Lévy - Villa Albertine</title>
<meta name="robots" content="index, follow, max-snippet:-1, max-image-preview:large, max-video-preview:-1" />
<link rel="canonical" href="https://villa-albertine.org/va/fr/events/will-see-une-soiree-avec-bernard-henri-levy/" />
<meta property="og:locale" content="fr_FR" />
<meta property="og:type" content="article" />
<meta property="og:title" content="The Will to See : Une soirée avec Bernard-Henri Lévy - Villa Albertine" />
<meta property="og:description" content="Rejoignez Bernard-Henri Lévy pour une discussion autour de son dernier livre paru en anglais, The Will to See: Dispatches From a World of Misery and Hope (Yale University Press). The Will to See: Dispatches From a World of Misery and Hope est l&rsquo;aboutissement de reportages dans huit zones sensibles internationales qui ont peu retenu l&rsquo;attention ou suscité..." />
<meta property="og:url" content="https://villa-albertine.org/va/fr/events/will-see-une-soiree-avec-bernard-henri-levy/" />
<meta property="og:site_name" content="Villa Albertine" />
<meta property="article:modified_time" content="2023-08-23T08:10:40+00:00" />
<meta property="og:image" content="https://villa-albertine.org/wp-content/uploads/2023/08/bernard20henry-lC3A9vy.webp" />
	<meta property="og:image:width" content="1200" />
	<meta property="og:image:height" content="552" />
	<meta property="og:image:type" content="image/jpeg" />
<meta name="twitter:card" content="summary_large_image" />
<meta name="twitter:label1" content="Durée de lecture estimée" />
	<meta name="twitter:data1" content="1 minute" />
<script type="application/ld+json" class="yoast-schema-graph">{"@context":"https:\/\/schema.org","@graph":[{"@type":"WebPage","@id":"https:\/\/villa-albertine.org\/va\/fr\/events\/will-see-une-soiree-avec-bernard-henri-levy\/","url":"https:\/\/villa-albertine.org\/va\/fr\/events\/will-see-une-soiree-avec-bernard-henri-levy\/","name":"The Will to See : Une soirée avec Bernard-Henri Lévy - Villa Albertine","isPartOf":{"@id":"https:\/\/villa-albertine.org\/va\/fr\/#website"},"primaryImageOfPage":{"@id":"https:\/\/villa-albertine.org\/va\/fr\/events\/will-see-une-soiree-avec-bernard-henri-levy\/#primaryimage"},"image":{"@id":"https:\/\/villa-albertine.org\/va\/fr\/events\/will-see-une-soiree-avec-bernard-henri-levy\/#primaryimage"},"thumbnailUrl":"https:\/\/villa-albertine.org\/wp-content\/uploads\/2023\/08\/bernard20henry-lC3A9vy.webp","datePublished":"2021-10-19T19:30:15+00:00","dateModified":"2023-08-23T08:10:40+00:00","breadcrumb":{"@id":"https:\/\/villa-albertine.org\/va\/fr\/events\/will-see-une-soiree-avec-bernard-henri-levy\/#breadcrumb"},"inLanguage":"fr-FR","potentialAction":[{"@type":"ReadAction","target":["https:\/\/villa-albertine.org\/va\/fr\/events\/will-see-une-soiree-avec-bernard-henri-levy\/"]}]},{"@type":"ImageObject","inLanguage":"fr-FR","@id":"https:\/\/villa-albertine.org\/va\/fr\/events\/will-see-une-soiree-avec-bernard-henri-levy\/#primaryimage","url":"https:\/\/villa-albertine.org\/wp-content\/uploads\/2023\/08\/bernard20henry-lC3A9vy.webp","contentUrl":"https:\/\/villa-albertine.org\/wp-content\/uploads\/2023\/08\/bernard20henry-lC3A9vy.webp","width":1200,"height":552},{"@type":"BreadcrumbList","@id":"https:\/\/villa-albertine.org\/va\/fr\/events\/will-see-une-soiree-avec-bernard-henri-levy\/#breadcrumb","itemListElement":[{"@type":"ListItem","position":1,"name":"Home","item":"https:\/\/villa-albertine.org\/va\/fr\/home\/"},{"@type":"ListItem","position":2,"name":"The Will to See : Une soirée avec Bernard-Henri Lévy"}]},{"@type":"WebSite","@id":"https:\/\/villa-albertine.org\/va\/fr\/#website","url":"https:\/\/villa-albertine.org\/va\/fr\/","name":"Villa Albertine","description":"","potentialAction":[{"@type":"SearchAction","target":{"@type":"EntryPoint","urlTemplate":"https:\/\/villa-albertine.org\/va\/fr\/?s={search_term_string}"},"query-input":{"@type":"PropertyValueSpecification","valueRequired":true,"valueName":"search_term_string"}}],"inLanguage":"fr-FR"}]}</script>
<!-- / Yoast SEO plugin. -->

The Will to See : Une soirée avec Bernard-Henri Lévy - Villa Albertine

Rejoignez Bernard-Henri Lévy pour une discussion autour de son dernier livre paru en anglais, The Will to See: Dispatches From a World of Misery and Hope (Yale University Press). The Will to See: Dispatches From a World of Misery and Hope est l&rsquo;aboutissement de reportages dans huit zones sensibles internationales qui ont peu retenu l&rsquo;attention ou suscité...
