{"id":63508,"date":"2021-11-18T19:25:33","date_gmt":"2021-11-18T19:25:33","guid":{"rendered":"https:\/\/villa-albertine.org\/events\/sortie-en-salles-la-panthere-des-neiges-marie-amiguet-vincent-munier-en-francais\/"},"modified":"2023-08-23T08:10:40","modified_gmt":"2023-08-23T08:10:40","slug":"sortie-en-salles-la-panthere-des-neiges-marie-amiguet-vincent-munier-en-francais","status":"publish","type":"app_event","link":"https:\/\/villa-albertine.org\/va\/fr\/events\/sortie-en-salles-la-panthere-des-neiges-marie-amiguet-vincent-munier-en-francais\/","title":{"rendered":"Sortie en salles : La panth\u00e8re des neiges (Marie Amiguet, Vincent Munier) en Fran\u00e7ais"},"content":{"rendered":"<p><em>S\u00e9lection officielle au festival de Cannes de 2021<\/em><\/p>\n<p>R\u00e9alis\u00e9 par Marie Amiguet et Vincent Munier<\/p>\n<p>2021 | 92 Minutes<\/p>\n<p>Avant-premi\u00e8re mercredi 22 d\u00e9cembre \u00e0 Los Angeles (au <em>Laemmle Royal<\/em>) et \u00e0 New York (au <em>Film Forum<\/em>).<\/p>\n<p>\u00a0<\/p>\n<p>Vincent initie Sylvain \u00e0 l\u2019art subtil d\u2019attendre cach\u00e9s, dans le froid, sans bruit ni mouvement, avec une patience et une vigilance qui frisent la foi \u2013 nombreux sont ceux \u00e0 avoir cherch\u00e9 la panth\u00e8re des neiges sans jamais pouvoir l\u2019apercevoir \u2013 et qui tranchent avec la fr\u00e9n\u00e9sie des soci\u00e9t\u00e9s contemporaines. Tandis que le photographe et l\u2019\u00e9crivain observent les renards, les yaks sauvages et autres antilopes tib\u00e9taines, ils m\u00e9ditent sur la place de l\u2019humanit\u00e9 parmi toutes ces esp\u00e8ces vivantes, et c\u00e9l\u00e8brent la beaut\u00e9 qui les entoure.<\/p>\n<p>\u00a0<\/p>\n<p>La cor\u00e9alisatrice franco-suisse <strong>Marie Amiguet<\/strong> a \u00e9tudi\u00e9 la biologie avant d\u2019\u00eatre dipl\u00f4m\u00e9e en r\u00e9alisation de cin\u00e9ma animalier. Elle a \u00e9t\u00e9 cheffe op\u00e9ratrice dans <em>La vall\u00e9e des loups <\/em>de Jean-Michel Bertrand, apr\u00e8s avoir collabor\u00e9 avec Vincent Munier sur le tournage du <em>Silence des b\u00eates<\/em>, un film contre le braconnage du lynx. <em>La panth\u00e8re des neiges <\/em>marque ses d\u00e9buts en tant que r\u00e9alisatrice.<\/p>\n<p>Le travail du c\u00e9l\u00e8bre r\u00e9alisateur et photographe animalier <strong>Vincent Munier<\/strong> a \u00e9t\u00e9 r\u00e9compens\u00e9 trois ann\u00e9es successives par le prestigieux <em>BBC Wildlife Photographer of the Year<\/em> <em>award<\/em>. Il a publi\u00e9 une dizaine d\u2019ouvrages qui suivent ses voyages, du fin fond de l\u2019Antarctique jusqu\u2019au Tibet.<\/p>\n","protected":false},"featured_media":58491,"menu_order":0,"template":"","app_discipline":[266],"app_city_tax":[267],"app_event_type":[287],"class_list":["post-63508","app_event","type-app_event","status-publish","has-post-thumbnail","hentry","app_discipline-cinema-fr","app_city_tax-la-fr","app_event_type-film-fr"],"acf":[],"yoast_head":"<!-- This site is optimized with the Yoast SEO plugin v27.3 - https:\/\/yoast.com\/product\/yoast-seo-wordpress\/ -->\n<title>Sortie en salles : La panth\u00e8re des neiges (Marie Amiguet, Vincent Munier) en Fran\u00e7ais - Villa Albertine<\/title>\n<meta name=\"robots\" content=\"index, follow, max-snippet:-1, max-image-preview:large, max-video-preview:-1\" \/>\n<link rel=\"canonical\" href=\"https:\/\/villa-albertine.org\/va\/fr\/events\/sortie-en-salles-la-panthere-des-neiges-marie-amiguet-vincent-munier-en-francais\/\" \/>\n<meta property=\"og:locale\" content=\"fr_FR\" \/>\n<meta property=\"og:type\" content=\"article\" \/>\n<meta property=\"og:title\" content=\"Sortie en salles : La panth\u00e8re des neiges (Marie Amiguet, Vincent Munier) en Fran\u00e7ais - Villa Albertine\" \/>\n<meta property=\"og:description\" content=\"S\u00e9lection officielle au festival de Cannes de 2021 R\u00e9alis\u00e9 par Marie Amiguet et Vincent Munier 2021 | 92 Minutes Avant-premi\u00e8re mercredi 22 d\u00e9cembre \u00e0 Los Angeles (au Laemmle Royal) et \u00e0 New York (au Film Forum). \u00a0 Vincent initie Sylvain \u00e0 l\u2019art subtil d\u2019attendre cach\u00e9s, dans le froid, sans bruit ni mouvement, avec une patience...\" \/>\n<meta property=\"og:url\" content=\"https:\/\/villa-albertine.org\/va\/fr\/events\/sortie-en-salles-la-panthere-des-neiges-marie-amiguet-vincent-munier-en-francais\/\" \/>\n<meta property=\"og:site_name\" content=\"Villa Albertine\" \/>\n<meta property=\"article:modified_time\" content=\"2023-08-23T08:10:40+00:00\" \/>\n<meta property=\"og:image\" content=\"https:\/\/villa-albertine.org\/wp-content\/uploads\/2023\/08\/the20velvet20queen.jpg\" \/>\n\t<meta property=\"og:image:width\" content=\"1392\" \/>\n\t<meta property=\"og:image:height\" content=\"928\" \/>\n\t<meta property=\"og:image:type\" content=\"image\/jpeg\" \/>\n<meta name=\"twitter:card\" content=\"summary_large_image\" \/>\n<meta name=\"twitter:label1\" content=\"Dur\u00e9e de lecture estim\u00e9e\" \/>\n\t<meta name=\"twitter:data1\" content=\"1 minute\" \/>\n<script type=\"application\/ld+json\" class=\"yoast-schema-graph\">{\"@context\":\"https:\\\/\\\/schema.org\",\"@graph\":[{\"@type\":\"WebPage\",\"@id\":\"https:\\\/\\\/villa-albertine.org\\\/va\\\/fr\\\/events\\\/sortie-en-salles-la-panthere-des-neiges-marie-amiguet-vincent-munier-en-francais\\\/\",\"url\":\"https:\\\/\\\/villa-albertine.org\\\/va\\\/fr\\\/events\\\/sortie-en-salles-la-panthere-des-neiges-marie-amiguet-vincent-munier-en-francais\\\/\",\"name\":\"Sortie en salles : La panth\u00e8re des neiges (Marie Amiguet, Vincent Munier) en Fran\u00e7ais - Villa Albertine\",\"isPartOf\":{\"@id\":\"https:\\\/\\\/villa-albertine.org\\\/va\\\/fr\\\/#website\"},\"primaryImageOfPage\":{\"@id\":\"https:\\\/\\\/villa-albertine.org\\\/va\\\/fr\\\/events\\\/sortie-en-salles-la-panthere-des-neiges-marie-amiguet-vincent-munier-en-francais\\\/#primaryimage\"},\"image\":{\"@id\":\"https:\\\/\\\/villa-albertine.org\\\/va\\\/fr\\\/events\\\/sortie-en-salles-la-panthere-des-neiges-marie-amiguet-vincent-munier-en-francais\\\/#primaryimage\"},\"thumbnailUrl\":\"https:\\\/\\\/villa-albertine.org\\\/wp-content\\\/uploads\\\/2023\\\/08\\\/the20velvet20queen.jpg\",\"datePublished\":\"2021-11-18T19:25:33+00:00\",\"dateModified\":\"2023-08-23T08:10:40+00:00\",\"breadcrumb\":{\"@id\":\"https:\\\/\\\/villa-albertine.org\\\/va\\\/fr\\\/events\\\/sortie-en-salles-la-panthere-des-neiges-marie-amiguet-vincent-munier-en-francais\\\/#breadcrumb\"},\"inLanguage\":\"fr-FR\",\"potentialAction\":[{\"@type\":\"ReadAction\",\"target\":[\"https:\\\/\\\/villa-albertine.org\\\/va\\\/fr\\\/events\\\/sortie-en-salles-la-panthere-des-neiges-marie-amiguet-vincent-munier-en-francais\\\/\"]}]},{\"@type\":\"ImageObject\",\"inLanguage\":\"fr-FR\",\"@id\":\"https:\\\/\\\/villa-albertine.org\\\/va\\\/fr\\\/events\\\/sortie-en-salles-la-panthere-des-neiges-marie-amiguet-vincent-munier-en-francais\\\/#primaryimage\",\"url\":\"https:\\\/\\\/villa-albertine.org\\\/wp-content\\\/uploads\\\/2023\\\/08\\\/the20velvet20queen.jpg\",\"contentUrl\":\"https:\\\/\\\/villa-albertine.org\\\/wp-content\\\/uploads\\\/2023\\\/08\\\/the20velvet20queen.jpg\",\"width\":1392,\"height\":928},{\"@type\":\"BreadcrumbList\",\"@id\":\"https:\\\/\\\/villa-albertine.org\\\/va\\\/fr\\\/events\\\/sortie-en-salles-la-panthere-des-neiges-marie-amiguet-vincent-munier-en-francais\\\/#breadcrumb\",\"itemListElement\":[{\"@type\":\"ListItem\",\"position\":1,\"name\":\"Home\",\"item\":\"https:\\\/\\\/villa-albertine.org\\\/va\\\/fr\\\/home\\\/\"},{\"@type\":\"ListItem\",\"position\":2,\"name\":\"Sortie en salles : La panth\u00e8re des neiges (Marie Amiguet, Vincent Munier) en Fran\u00e7ais\"}]},{\"@type\":\"WebSite\",\"@id\":\"https:\\\/\\\/villa-albertine.org\\\/va\\\/fr\\\/#website\",\"url\":\"https:\\\/\\\/villa-albertine.org\\\/va\\\/fr\\\/\",\"name\":\"Villa Albertine\",\"description\":\"\",\"potentialAction\":[{\"@type\":\"SearchAction\",\"target\":{\"@type\":\"EntryPoint\",\"urlTemplate\":\"https:\\\/\\\/villa-albertine.org\\\/va\\\/fr\\\/?s={search_term_string}\"},\"query-input\":{\"@type\":\"PropertyValueSpecification\",\"valueRequired\":true,\"valueName\":\"search_term_string\"}}],\"inLanguage\":\"fr-FR\"}]}<\/script>\n<!-- \/ Yoast SEO plugin. -->","yoast_head_json":{"title":"Sortie en salles : La panth\u00e8re des neiges (Marie Amiguet, Vincent Munier) en Fran\u00e7ais - Villa Albertine","robots":{"index":"index","follow":"follow","max-snippet":"max-snippet:-1","max-image-preview":"max-image-preview:large","max-video-preview":"max-video-preview:-1"},"canonical":"https:\/\/villa-albertine.org\/va\/fr\/events\/sortie-en-salles-la-panthere-des-neiges-marie-amiguet-vincent-munier-en-francais\/","og_locale":"fr_FR","og_type":"article","og_title":"Sortie en salles : La panth\u00e8re des neiges (Marie Amiguet, Vincent Munier) en Fran\u00e7ais - Villa Albertine","og_description":"S\u00e9lection officielle au festival de Cannes de 2021 R\u00e9alis\u00e9 par Marie Amiguet et Vincent Munier 2021 | 92 Minutes Avant-premi\u00e8re mercredi 22 d\u00e9cembre \u00e0 Los Angeles (au Laemmle Royal) et \u00e0 New York (au Film Forum). \u00a0 Vincent initie Sylvain \u00e0 l\u2019art subtil d\u2019attendre cach\u00e9s, dans le froid, sans bruit ni mouvement, avec une patience...","og_url":"https:\/\/villa-albertine.org\/va\/fr\/events\/sortie-en-salles-la-panthere-des-neiges-marie-amiguet-vincent-munier-en-francais\/","og_site_name":"Villa Albertine","article_modified_time":"2023-08-23T08:10:40+00:00","og_image":[{"width":1392,"height":928,"url":"https:\/\/villa-albertine.org\/wp-content\/uploads\/2023\/08\/the20velvet20queen.jpg","type":"image\/jpeg"}],"twitter_card":"summary_large_image","twitter_misc":{"Dur\u00e9e de lecture estim\u00e9e":"1 minute"},"schema":{"@context":"https:\/\/schema.org","@graph":[{"@type":"WebPage","@id":"https:\/\/villa-albertine.org\/va\/fr\/events\/sortie-en-salles-la-panthere-des-neiges-marie-amiguet-vincent-munier-en-francais\/","url":"https:\/\/villa-albertine.org\/va\/fr\/events\/sortie-en-salles-la-panthere-des-neiges-marie-amiguet-vincent-munier-en-francais\/","name":"Sortie en salles : La panth\u00e8re des neiges (Marie Amiguet, Vincent Munier) en Fran\u00e7ais - Villa Albertine","isPartOf":{"@id":"https:\/\/villa-albertine.org\/va\/fr\/#website"},"primaryImageOfPage":{"@id":"https:\/\/villa-albertine.org\/va\/fr\/events\/sortie-en-salles-la-panthere-des-neiges-marie-amiguet-vincent-munier-en-francais\/#primaryimage"},"image":{"@id":"https:\/\/villa-albertine.org\/va\/fr\/events\/sortie-en-salles-la-panthere-des-neiges-marie-amiguet-vincent-munier-en-francais\/#primaryimage"},"thumbnailUrl":"https:\/\/villa-albertine.org\/wp-content\/uploads\/2023\/08\/the20velvet20queen.jpg","datePublished":"2021-11-18T19:25:33+00:00","dateModified":"2023-08-23T08:10:40+00:00","breadcrumb":{"@id":"https:\/\/villa-albertine.org\/va\/fr\/events\/sortie-en-salles-la-panthere-des-neiges-marie-amiguet-vincent-munier-en-francais\/#breadcrumb"},"inLanguage":"fr-FR","potentialAction":[{"@type":"ReadAction","target":["https:\/\/villa-albertine.org\/va\/fr\/events\/sortie-en-salles-la-panthere-des-neiges-marie-amiguet-vincent-munier-en-francais\/"]}]},{"@type":"ImageObject","inLanguage":"fr-FR","@id":"https:\/\/villa-albertine.org\/va\/fr\/events\/sortie-en-salles-la-panthere-des-neiges-marie-amiguet-vincent-munier-en-francais\/#primaryimage","url":"https:\/\/villa-albertine.org\/wp-content\/uploads\/2023\/08\/the20velvet20queen.jpg","contentUrl":"https:\/\/villa-albertine.org\/wp-content\/uploads\/2023\/08\/the20velvet20queen.jpg","width":1392,"height":928},{"@type":"BreadcrumbList","@id":"https:\/\/villa-albertine.org\/va\/fr\/events\/sortie-en-salles-la-panthere-des-neiges-marie-amiguet-vincent-munier-en-francais\/#breadcrumb","itemListElement":[{"@type":"ListItem","position":1,"name":"Home","item":"https:\/\/villa-albertine.org\/va\/fr\/home\/"},{"@type":"ListItem","position":2,"name":"Sortie en salles : La panth\u00e8re des neiges (Marie Amiguet, Vincent Munier) en Fran\u00e7ais"}]},{"@type":"WebSite","@id":"https:\/\/villa-albertine.org\/va\/fr\/#website","url":"https:\/\/villa-albertine.org\/va\/fr\/","name":"Villa Albertine","description":"","potentialAction":[{"@type":"SearchAction","target":{"@type":"EntryPoint","urlTemplate":"https:\/\/villa-albertine.org\/va\/fr\/?s={search_term_string}"},"query-input":{"@type":"PropertyValueSpecification","valueRequired":true,"valueName":"search_term_string"}}],"inLanguage":"fr-FR"}]}},"_links":{"self":[{"href":"https:\/\/villa-albertine.org\/va\/fr\/wp-json\/wp\/v2\/app_event\/63508","targetHints":{"allow":["GET"]}}],"collection":[{"href":"https:\/\/villa-albertine.org\/va\/fr\/wp-json\/wp\/v2\/app_event"}],"about":[{"href":"https:\/\/villa-albertine.org\/va\/fr\/wp-json\/wp\/v2\/types\/app_event"}],"wp:featuredmedia":[{"embeddable":true,"href":"https:\/\/villa-albertine.org\/va\/fr\/wp-json\/wp\/v2\/media\/58491"}],"wp:attachment":[{"href":"https:\/\/villa-albertine.org\/va\/fr\/wp-json\/wp\/v2\/media?parent=63508"}],"wp:term":[{"taxonomy":"app_discipline","embeddable":true,"href":"https:\/\/villa-albertine.org\/va\/fr\/wp-json\/wp\/v2\/app_discipline?post=63508"},{"taxonomy":"app_city_tax","embeddable":true,"href":"https:\/\/villa-albertine.org\/va\/fr\/wp-json\/wp\/v2\/app_city_tax?post=63508"},{"taxonomy":"app_event_type","embeddable":true,"href":"https:\/\/villa-albertine.org\/va\/fr\/wp-json\/wp\/v2\/app_event_type?post=63508"}],"curies":[{"name":"wp","href":"https:\/\/api.w.org\/{rel}","templated":true}]}}

Sortie en salles : La panthère des neiges (Marie Amiguet, Vincent Munier) en Français

<p><em>Sélection officielle au festival de Cannes de 2021</em></p>
<p>Réalisé par Marie Amiguet et Vincent Munier</p>
<p>2021 | 92 Minutes</p>
<p>Avant-première mercredi 22 décembre à Los Angeles (au <em>Laemmle Royal</em>) et à New York (au <em>Film Forum</em>).</p>
<p> </p>
<p>Vincent initie Sylvain à l’art subtil d’attendre cachés, dans le froid, sans bruit ni mouvement, avec une patience et une vigilance qui frisent la foi – nombreux sont ceux à avoir cherché la panthère des neiges sans jamais pouvoir l’apercevoir – et qui tranchent avec la frénésie des sociétés contemporaines. Tandis que le photographe et l’écrivain observent les renards, les yaks sauvages et autres antilopes tibétaines, ils méditent sur la place de l’humanité parmi toutes ces espèces vivantes, et célèbrent la beauté qui les entoure.</p>
<p> </p>
<p>La coréalisatrice franco-suisse <strong>Marie Amiguet</strong> a étudié la biologie avant d’être diplômée en réalisation de cinéma animalier. Elle a été cheffe opératrice dans <em>La vallée des loups </em>de Jean-Michel Bertrand, après avoir collaboré avec Vincent Munier sur le tournage du <em>Silence des bêtes</em>, un film contre le braconnage du lynx. <em>La panthère des neiges </em>marque ses débuts en tant que réalisatrice.</p>
<p>Le travail du célèbre réalisateur et photographe animalier <strong>Vincent Munier</strong> a été récompensé trois années successives par le prestigieux <em>BBC Wildlife Photographer of the Year</em> <em>award</em>. Il a publié une dizaine d’ouvrages qui suivent ses voyages, du fin fond de l’Antarctique jusqu’au Tibet.</p>

<!-- This site is optimized with the Yoast SEO plugin v27.3 - https://yoast.com/product/yoast-seo-wordpress/ -->
<title>Sortie en salles : La panthère des neiges (Marie Amiguet, Vincent Munier) en Français - Villa Albertine</title>
<meta name="robots" content="index, follow, max-snippet:-1, max-image-preview:large, max-video-preview:-1" />
<link rel="canonical" href="https://villa-albertine.org/va/fr/events/sortie-en-salles-la-panthere-des-neiges-marie-amiguet-vincent-munier-en-francais/" />
<meta property="og:locale" content="fr_FR" />
<meta property="og:type" content="article" />
<meta property="og:title" content="Sortie en salles : La panthère des neiges (Marie Amiguet, Vincent Munier) en Français - Villa Albertine" />
<meta property="og:description" content="Sélection officielle au festival de Cannes de 2021 Réalisé par Marie Amiguet et Vincent Munier 2021 | 92 Minutes Avant-première mercredi 22 décembre à Los Angeles (au Laemmle Royal) et à New York (au Film Forum).   Vincent initie Sylvain à l’art subtil d’attendre cachés, dans le froid, sans bruit ni mouvement, avec une patience..." />
<meta property="og:url" content="https://villa-albertine.org/va/fr/events/sortie-en-salles-la-panthere-des-neiges-marie-amiguet-vincent-munier-en-francais/" />
<meta property="og:site_name" content="Villa Albertine" />
<meta property="article:modified_time" content="2023-08-23T08:10:40+00:00" />
<meta property="og:image" content="https://villa-albertine.org/wp-content/uploads/2023/08/the20velvet20queen.jpg" />
	<meta property="og:image:width" content="1392" />
	<meta property="og:image:height" content="928" />
	<meta property="og:image:type" content="image/jpeg" />
<meta name="twitter:card" content="summary_large_image" />
<meta name="twitter:label1" content="Durée de lecture estimée" />
	<meta name="twitter:data1" content="1 minute" />
<script type="application/ld+json" class="yoast-schema-graph">{"@context":"https:\/\/schema.org","@graph":[{"@type":"WebPage","@id":"https:\/\/villa-albertine.org\/va\/fr\/events\/sortie-en-salles-la-panthere-des-neiges-marie-amiguet-vincent-munier-en-francais\/","url":"https:\/\/villa-albertine.org\/va\/fr\/events\/sortie-en-salles-la-panthere-des-neiges-marie-amiguet-vincent-munier-en-francais\/","name":"Sortie en salles : La panthère des neiges (Marie Amiguet, Vincent Munier) en Français - Villa Albertine","isPartOf":{"@id":"https:\/\/villa-albertine.org\/va\/fr\/#website"},"primaryImageOfPage":{"@id":"https:\/\/villa-albertine.org\/va\/fr\/events\/sortie-en-salles-la-panthere-des-neiges-marie-amiguet-vincent-munier-en-francais\/#primaryimage"},"image":{"@id":"https:\/\/villa-albertine.org\/va\/fr\/events\/sortie-en-salles-la-panthere-des-neiges-marie-amiguet-vincent-munier-en-francais\/#primaryimage"},"thumbnailUrl":"https:\/\/villa-albertine.org\/wp-content\/uploads\/2023\/08\/the20velvet20queen.jpg","datePublished":"2021-11-18T19:25:33+00:00","dateModified":"2023-08-23T08:10:40+00:00","breadcrumb":{"@id":"https:\/\/villa-albertine.org\/va\/fr\/events\/sortie-en-salles-la-panthere-des-neiges-marie-amiguet-vincent-munier-en-francais\/#breadcrumb"},"inLanguage":"fr-FR","potentialAction":[{"@type":"ReadAction","target":["https:\/\/villa-albertine.org\/va\/fr\/events\/sortie-en-salles-la-panthere-des-neiges-marie-amiguet-vincent-munier-en-francais\/"]}]},{"@type":"ImageObject","inLanguage":"fr-FR","@id":"https:\/\/villa-albertine.org\/va\/fr\/events\/sortie-en-salles-la-panthere-des-neiges-marie-amiguet-vincent-munier-en-francais\/#primaryimage","url":"https:\/\/villa-albertine.org\/wp-content\/uploads\/2023\/08\/the20velvet20queen.jpg","contentUrl":"https:\/\/villa-albertine.org\/wp-content\/uploads\/2023\/08\/the20velvet20queen.jpg","width":1392,"height":928},{"@type":"BreadcrumbList","@id":"https:\/\/villa-albertine.org\/va\/fr\/events\/sortie-en-salles-la-panthere-des-neiges-marie-amiguet-vincent-munier-en-francais\/#breadcrumb","itemListElement":[{"@type":"ListItem","position":1,"name":"Home","item":"https:\/\/villa-albertine.org\/va\/fr\/home\/"},{"@type":"ListItem","position":2,"name":"Sortie en salles : La panthère des neiges (Marie Amiguet, Vincent Munier) en Français"}]},{"@type":"WebSite","@id":"https:\/\/villa-albertine.org\/va\/fr\/#website","url":"https:\/\/villa-albertine.org\/va\/fr\/","name":"Villa Albertine","description":"","potentialAction":[{"@type":"SearchAction","target":{"@type":"EntryPoint","urlTemplate":"https:\/\/villa-albertine.org\/va\/fr\/?s={search_term_string}"},"query-input":{"@type":"PropertyValueSpecification","valueRequired":true,"valueName":"search_term_string"}}],"inLanguage":"fr-FR"}]}</script>
<!-- / Yoast SEO plugin. -->

Sortie en salles : La panthère des neiges (Marie Amiguet, Vincent Munier) en Français - Villa Albertine

Sélection officielle au festival de Cannes de 2021 Réalisé par Marie Amiguet et Vincent Munier 2021 | 92 Minutes Avant-première mercredi 22 décembre à Los Angeles (au Laemmle Royal) et à New York (au Film Forum).   Vincent initie Sylvain à l’art subtil d’attendre cachés, dans le froid, sans bruit ni mouvement, avec une patience...
