{"id":63486,"date":"2021-10-19T17:21:22","date_gmt":"2021-10-19T17:21:22","guid":{"rendered":"https:\/\/villa-albertine.org\/events\/habibi-festival-2\/"},"modified":"2023-08-23T08:10:38","modified_gmt":"2023-08-23T08:10:38","slug":"habibi-festival","status":"publish","type":"app_event","link":"https:\/\/villa-albertine.org\/va\/fr\/events\/habibi-festival\/","title":{"rendered":"Habibi Festival"},"content":{"rendered":"<p><strong>A propos du festival<\/strong><\/p>\n<p>Commencez la soir\u00e9e par une performance solo du violoniste libano-arm\u00e9nien, membre fondateur du groupe influent Mashrou&rsquo; Leila, architecte et artiste multidisciplinaire <strong>Haig Papazian<\/strong>, suivie par le groupe de <strong>Yacine Boulares<\/strong> et des invit\u00e9s sp\u00e9ciaux, notamment le clarinettiste et compositeur syrien contemporain <strong>Kinan Azmeh<\/strong>, la chanteuse soudano-am\u00e9ricaine <strong>Alsarah &amp; the Nubatones<\/strong>, l&rsquo;envo\u00fbtant groupe marocain <strong>Innov Gnawa<\/strong> et la danseuse traditionnelle marocaine et alg\u00e9rienne <strong>Esraa Warda<\/strong>.<\/p>\n<p>Mardi 2 novembre &#8211; <strong>AJOYO <\/strong>avec Kinan Azmeh et Haig Papazian en premi\u00e8re partie.<br \/>\nMercredi 3 novembre &#8211; <strong>Alsarah &amp; The Nubatones<\/strong> avec Haig Papazian en premi\u00e8re partie.<br \/>\nJeu, 4 novembre &#8211; <strong>Innov Gnawa <\/strong>avec Zafer Tawil, Kyle Miles, Philippe Lemm et Yacine Boulares, avec Haig Papazian en premi\u00e8re partie.<br \/>\nVendredi 5 novembre &#8211; <strong>Esraa Warda <\/strong>avec Zafer Tawil, Michael Valeanu, Kyle Miles, Philippe Lemm et Yacine Boulares avec Haig Papazian en premi\u00e8re partie.<\/p>\n<p><a href=\"https:\/\/www.habibi-festival.com\/\">Cliquez ici pour en savoir plus sur le festival\u00a0<\/a><\/p>\n<p><strong>A propos du Public Theater<\/strong><\/p>\n<p>Con\u00e7u il y a plus de 60 ans comme l&rsquo;un des premiers th\u00e9\u00e2tres \u00e0 but non lucratif du pays, The Public a longtemps fonctionn\u00e9 selon les principes que le th\u00e9\u00e2tre est une force culturelle essentielle et que l&rsquo;art et la culture appartiennent \u00e0 tout le monde. Sous la direction du directeur artistique Oskar Eustis et du directeur ex\u00e9cutif Patrick Willingham, la programmation tr\u00e8s vari\u00e9e de The Public comprend une saison annuelle de nouvelles \u0153uvres \u00e0 son si\u00e8ge historique d&rsquo;Astor Place, Free Shakespeare in the Park au Delacorte Theater de Central Park, l&rsquo;unit\u00e9 mobile en tourn\u00e9e dans les cinq arrondissements de New York, Public Forum, Under the Radar, Public Studio, Public Works, Public Shakespeare Initiative et Joe&rsquo;s Pub.<\/p>\n<p>Le <em>Habibi Festival<\/em>\u00a0est organis\u00e9 avec le soutien de la Villa Albertine, en partenariat avec l&rsquo;Ambassade de France aux \u00c9tats-Unis.<\/p>\n<p>\u00a0<\/p>\n","protected":false},"featured_media":58403,"menu_order":0,"template":"","app_discipline":[281],"app_city_tax":[264],"app_event_type":[],"class_list":["post-63486","app_event","type-app_event","status-publish","has-post-thumbnail","hentry","app_discipline-musique-fr","app_city_tax-nyc-fr"],"acf":[],"yoast_head":"<!-- This site is optimized with the Yoast SEO plugin v27.3 - https:\/\/yoast.com\/product\/yoast-seo-wordpress\/ -->\n<title>Habibi Festival - Villa Albertine<\/title>\n<meta name=\"robots\" content=\"index, follow, max-snippet:-1, max-image-preview:large, max-video-preview:-1\" \/>\n<link rel=\"canonical\" href=\"https:\/\/villa-albertine.org\/va\/fr\/events\/habibi-festival\/\" \/>\n<meta property=\"og:locale\" content=\"fr_FR\" \/>\n<meta property=\"og:type\" content=\"article\" \/>\n<meta property=\"og:title\" content=\"Habibi Festival - Villa Albertine\" \/>\n<meta property=\"og:description\" content=\"A propos du festival Commencez la soir\u00e9e par une performance solo du violoniste libano-arm\u00e9nien, membre fondateur du groupe influent Mashrou&rsquo; Leila, architecte et artiste multidisciplinaire Haig Papazian, suivie par le groupe de Yacine Boulares et des invit\u00e9s sp\u00e9ciaux, notamment le clarinettiste et compositeur syrien contemporain Kinan Azmeh, la chanteuse soudano-am\u00e9ricaine Alsarah &amp; the Nubatones, l&rsquo;envo\u00fbtant...\" \/>\n<meta property=\"og:url\" content=\"https:\/\/villa-albertine.org\/va\/fr\/events\/habibi-festival\/\" \/>\n<meta property=\"og:site_name\" content=\"Villa Albertine\" \/>\n<meta property=\"article:modified_time\" content=\"2023-08-23T08:10:38+00:00\" \/>\n<meta property=\"og:image\" content=\"https:\/\/villa-albertine.org\/wp-content\/uploads\/2023\/08\/Screen20Shot202021-10-2520at2018.11.02_0.png\" \/>\n\t<meta property=\"og:image:width\" content=\"1392\" \/>\n\t<meta property=\"og:image:height\" content=\"738\" \/>\n\t<meta property=\"og:image:type\" content=\"image\/png\" \/>\n<meta name=\"twitter:card\" content=\"summary_large_image\" \/>\n<meta name=\"twitter:label1\" content=\"Dur\u00e9e de lecture estim\u00e9e\" \/>\n\t<meta name=\"twitter:data1\" content=\"2 minutes\" \/>\n<script type=\"application\/ld+json\" class=\"yoast-schema-graph\">{\"@context\":\"https:\\\/\\\/schema.org\",\"@graph\":[{\"@type\":\"WebPage\",\"@id\":\"https:\\\/\\\/villa-albertine.org\\\/va\\\/fr\\\/events\\\/habibi-festival\\\/\",\"url\":\"https:\\\/\\\/villa-albertine.org\\\/va\\\/fr\\\/events\\\/habibi-festival\\\/\",\"name\":\"Habibi Festival - Villa Albertine\",\"isPartOf\":{\"@id\":\"https:\\\/\\\/villa-albertine.org\\\/va\\\/fr\\\/#website\"},\"primaryImageOfPage\":{\"@id\":\"https:\\\/\\\/villa-albertine.org\\\/va\\\/fr\\\/events\\\/habibi-festival\\\/#primaryimage\"},\"image\":{\"@id\":\"https:\\\/\\\/villa-albertine.org\\\/va\\\/fr\\\/events\\\/habibi-festival\\\/#primaryimage\"},\"thumbnailUrl\":\"https:\\\/\\\/villa-albertine.org\\\/wp-content\\\/uploads\\\/2023\\\/08\\\/Screen20Shot202021-10-2520at2018.11.02_0.png\",\"datePublished\":\"2021-10-19T17:21:22+00:00\",\"dateModified\":\"2023-08-23T08:10:38+00:00\",\"breadcrumb\":{\"@id\":\"https:\\\/\\\/villa-albertine.org\\\/va\\\/fr\\\/events\\\/habibi-festival\\\/#breadcrumb\"},\"inLanguage\":\"fr-FR\",\"potentialAction\":[{\"@type\":\"ReadAction\",\"target\":[\"https:\\\/\\\/villa-albertine.org\\\/va\\\/fr\\\/events\\\/habibi-festival\\\/\"]}]},{\"@type\":\"ImageObject\",\"inLanguage\":\"fr-FR\",\"@id\":\"https:\\\/\\\/villa-albertine.org\\\/va\\\/fr\\\/events\\\/habibi-festival\\\/#primaryimage\",\"url\":\"https:\\\/\\\/villa-albertine.org\\\/wp-content\\\/uploads\\\/2023\\\/08\\\/Screen20Shot202021-10-2520at2018.11.02_0.png\",\"contentUrl\":\"https:\\\/\\\/villa-albertine.org\\\/wp-content\\\/uploads\\\/2023\\\/08\\\/Screen20Shot202021-10-2520at2018.11.02_0.png\",\"width\":1392,\"height\":738},{\"@type\":\"BreadcrumbList\",\"@id\":\"https:\\\/\\\/villa-albertine.org\\\/va\\\/fr\\\/events\\\/habibi-festival\\\/#breadcrumb\",\"itemListElement\":[{\"@type\":\"ListItem\",\"position\":1,\"name\":\"Home\",\"item\":\"https:\\\/\\\/villa-albertine.org\\\/va\\\/fr\\\/home\\\/\"},{\"@type\":\"ListItem\",\"position\":2,\"name\":\"Habibi Festival\"}]},{\"@type\":\"WebSite\",\"@id\":\"https:\\\/\\\/villa-albertine.org\\\/va\\\/fr\\\/#website\",\"url\":\"https:\\\/\\\/villa-albertine.org\\\/va\\\/fr\\\/\",\"name\":\"Villa Albertine\",\"description\":\"\",\"potentialAction\":[{\"@type\":\"SearchAction\",\"target\":{\"@type\":\"EntryPoint\",\"urlTemplate\":\"https:\\\/\\\/villa-albertine.org\\\/va\\\/fr\\\/?s={search_term_string}\"},\"query-input\":{\"@type\":\"PropertyValueSpecification\",\"valueRequired\":true,\"valueName\":\"search_term_string\"}}],\"inLanguage\":\"fr-FR\"}]}<\/script>\n<!-- \/ Yoast SEO plugin. -->","yoast_head_json":{"title":"Habibi Festival - Villa Albertine","robots":{"index":"index","follow":"follow","max-snippet":"max-snippet:-1","max-image-preview":"max-image-preview:large","max-video-preview":"max-video-preview:-1"},"canonical":"https:\/\/villa-albertine.org\/va\/fr\/events\/habibi-festival\/","og_locale":"fr_FR","og_type":"article","og_title":"Habibi Festival - Villa Albertine","og_description":"A propos du festival Commencez la soir\u00e9e par une performance solo du violoniste libano-arm\u00e9nien, membre fondateur du groupe influent Mashrou&rsquo; Leila, architecte et artiste multidisciplinaire Haig Papazian, suivie par le groupe de Yacine Boulares et des invit\u00e9s sp\u00e9ciaux, notamment le clarinettiste et compositeur syrien contemporain Kinan Azmeh, la chanteuse soudano-am\u00e9ricaine Alsarah &amp; the Nubatones, l&rsquo;envo\u00fbtant...","og_url":"https:\/\/villa-albertine.org\/va\/fr\/events\/habibi-festival\/","og_site_name":"Villa Albertine","article_modified_time":"2023-08-23T08:10:38+00:00","og_image":[{"width":1392,"height":738,"url":"https:\/\/villa-albertine.org\/wp-content\/uploads\/2023\/08\/Screen20Shot202021-10-2520at2018.11.02_0.png","type":"image\/png"}],"twitter_card":"summary_large_image","twitter_misc":{"Dur\u00e9e de lecture estim\u00e9e":"2 minutes"},"schema":{"@context":"https:\/\/schema.org","@graph":[{"@type":"WebPage","@id":"https:\/\/villa-albertine.org\/va\/fr\/events\/habibi-festival\/","url":"https:\/\/villa-albertine.org\/va\/fr\/events\/habibi-festival\/","name":"Habibi Festival - Villa Albertine","isPartOf":{"@id":"https:\/\/villa-albertine.org\/va\/fr\/#website"},"primaryImageOfPage":{"@id":"https:\/\/villa-albertine.org\/va\/fr\/events\/habibi-festival\/#primaryimage"},"image":{"@id":"https:\/\/villa-albertine.org\/va\/fr\/events\/habibi-festival\/#primaryimage"},"thumbnailUrl":"https:\/\/villa-albertine.org\/wp-content\/uploads\/2023\/08\/Screen20Shot202021-10-2520at2018.11.02_0.png","datePublished":"2021-10-19T17:21:22+00:00","dateModified":"2023-08-23T08:10:38+00:00","breadcrumb":{"@id":"https:\/\/villa-albertine.org\/va\/fr\/events\/habibi-festival\/#breadcrumb"},"inLanguage":"fr-FR","potentialAction":[{"@type":"ReadAction","target":["https:\/\/villa-albertine.org\/va\/fr\/events\/habibi-festival\/"]}]},{"@type":"ImageObject","inLanguage":"fr-FR","@id":"https:\/\/villa-albertine.org\/va\/fr\/events\/habibi-festival\/#primaryimage","url":"https:\/\/villa-albertine.org\/wp-content\/uploads\/2023\/08\/Screen20Shot202021-10-2520at2018.11.02_0.png","contentUrl":"https:\/\/villa-albertine.org\/wp-content\/uploads\/2023\/08\/Screen20Shot202021-10-2520at2018.11.02_0.png","width":1392,"height":738},{"@type":"BreadcrumbList","@id":"https:\/\/villa-albertine.org\/va\/fr\/events\/habibi-festival\/#breadcrumb","itemListElement":[{"@type":"ListItem","position":1,"name":"Home","item":"https:\/\/villa-albertine.org\/va\/fr\/home\/"},{"@type":"ListItem","position":2,"name":"Habibi Festival"}]},{"@type":"WebSite","@id":"https:\/\/villa-albertine.org\/va\/fr\/#website","url":"https:\/\/villa-albertine.org\/va\/fr\/","name":"Villa Albertine","description":"","potentialAction":[{"@type":"SearchAction","target":{"@type":"EntryPoint","urlTemplate":"https:\/\/villa-albertine.org\/va\/fr\/?s={search_term_string}"},"query-input":{"@type":"PropertyValueSpecification","valueRequired":true,"valueName":"search_term_string"}}],"inLanguage":"fr-FR"}]}},"_links":{"self":[{"href":"https:\/\/villa-albertine.org\/va\/fr\/wp-json\/wp\/v2\/app_event\/63486","targetHints":{"allow":["GET"]}}],"collection":[{"href":"https:\/\/villa-albertine.org\/va\/fr\/wp-json\/wp\/v2\/app_event"}],"about":[{"href":"https:\/\/villa-albertine.org\/va\/fr\/wp-json\/wp\/v2\/types\/app_event"}],"wp:featuredmedia":[{"embeddable":true,"href":"https:\/\/villa-albertine.org\/va\/fr\/wp-json\/wp\/v2\/media\/58403"}],"wp:attachment":[{"href":"https:\/\/villa-albertine.org\/va\/fr\/wp-json\/wp\/v2\/media?parent=63486"}],"wp:term":[{"taxonomy":"app_discipline","embeddable":true,"href":"https:\/\/villa-albertine.org\/va\/fr\/wp-json\/wp\/v2\/app_discipline?post=63486"},{"taxonomy":"app_city_tax","embeddable":true,"href":"https:\/\/villa-albertine.org\/va\/fr\/wp-json\/wp\/v2\/app_city_tax?post=63486"},{"taxonomy":"app_event_type","embeddable":true,"href":"https:\/\/villa-albertine.org\/va\/fr\/wp-json\/wp\/v2\/app_event_type?post=63486"}],"curies":[{"name":"wp","href":"https:\/\/api.w.org\/{rel}","templated":true}]}}

<p><strong>A propos du festival</strong></p>
<p>Commencez la soirée par une performance solo du violoniste libano-arménien, membre fondateur du groupe influent Mashrou&rsquo; Leila, architecte et artiste multidisciplinaire <strong>Haig Papazian</strong>, suivie par le groupe de <strong>Yacine Boulares</strong> et des invités spéciaux, notamment le clarinettiste et compositeur syrien contemporain <strong>Kinan Azmeh</strong>, la chanteuse soudano-américaine <strong>Alsarah &amp; the Nubatones</strong>, l&rsquo;envoûtant groupe marocain <strong>Innov Gnawa</strong> et la danseuse traditionnelle marocaine et algérienne <strong>Esraa Warda</strong>.</p>
<p>Mardi 2 novembre &#8211; <strong>AJOYO </strong>avec Kinan Azmeh et Haig Papazian en première partie.<br />
Mercredi 3 novembre &#8211; <strong>Alsarah &amp; The Nubatones</strong> avec Haig Papazian en première partie.<br />
Jeu, 4 novembre &#8211; <strong>Innov Gnawa </strong>avec Zafer Tawil, Kyle Miles, Philippe Lemm et Yacine Boulares, avec Haig Papazian en première partie.<br />
Vendredi 5 novembre &#8211; <strong>Esraa Warda </strong>avec Zafer Tawil, Michael Valeanu, Kyle Miles, Philippe Lemm et Yacine Boulares avec Haig Papazian en première partie.</p>
<p><a href="https://www.habibi-festival.com/">Cliquez ici pour en savoir plus sur le festival </a></p>
<p><strong>A propos du Public Theater</strong></p>
<p>Conçu il y a plus de 60 ans comme l&rsquo;un des premiers théâtres à but non lucratif du pays, The Public a longtemps fonctionné selon les principes que le théâtre est une force culturelle essentielle et que l&rsquo;art et la culture appartiennent à tout le monde. Sous la direction du directeur artistique Oskar Eustis et du directeur exécutif Patrick Willingham, la programmation très variée de The Public comprend une saison annuelle de nouvelles œuvres à son siège historique d&rsquo;Astor Place, Free Shakespeare in the Park au Delacorte Theater de Central Park, l&rsquo;unité mobile en tournée dans les cinq arrondissements de New York, Public Forum, Under the Radar, Public Studio, Public Works, Public Shakespeare Initiative et Joe&rsquo;s Pub.</p>
<p>Le <em>Habibi Festival</em> est organisé avec le soutien de la Villa Albertine, en partenariat avec l&rsquo;Ambassade de France aux États-Unis.</p>
<p> </p>

<!-- This site is optimized with the Yoast SEO plugin v27.3 - https://yoast.com/product/yoast-seo-wordpress/ -->
<title>Habibi Festival - Villa Albertine</title>
<meta name="robots" content="index, follow, max-snippet:-1, max-image-preview:large, max-video-preview:-1" />
<link rel="canonical" href="https://villa-albertine.org/va/fr/events/habibi-festival/" />
<meta property="og:locale" content="fr_FR" />
<meta property="og:type" content="article" />
<meta property="og:title" content="Habibi Festival - Villa Albertine" />
<meta property="og:description" content="A propos du festival Commencez la soirée par une performance solo du violoniste libano-arménien, membre fondateur du groupe influent Mashrou&rsquo; Leila, architecte et artiste multidisciplinaire Haig Papazian, suivie par le groupe de Yacine Boulares et des invités spéciaux, notamment le clarinettiste et compositeur syrien contemporain Kinan Azmeh, la chanteuse soudano-américaine Alsarah &amp; the Nubatones, l&rsquo;envoûtant..." />
<meta property="og:url" content="https://villa-albertine.org/va/fr/events/habibi-festival/" />
<meta property="og:site_name" content="Villa Albertine" />
<meta property="article:modified_time" content="2023-08-23T08:10:38+00:00" />
<meta property="og:image" content="https://villa-albertine.org/wp-content/uploads/2023/08/Screen20Shot202021-10-2520at2018.11.02_0.png" />
	<meta property="og:image:width" content="1392" />
	<meta property="og:image:height" content="738" />
	<meta property="og:image:type" content="image/png" />
<meta name="twitter:card" content="summary_large_image" />
<meta name="twitter:label1" content="Durée de lecture estimée" />
	<meta name="twitter:data1" content="2 minutes" />
<script type="application/ld+json" class="yoast-schema-graph">{"@context":"https:\/\/schema.org","@graph":[{"@type":"WebPage","@id":"https:\/\/villa-albertine.org\/va\/fr\/events\/habibi-festival\/","url":"https:\/\/villa-albertine.org\/va\/fr\/events\/habibi-festival\/","name":"Habibi Festival - Villa Albertine","isPartOf":{"@id":"https:\/\/villa-albertine.org\/va\/fr\/#website"},"primaryImageOfPage":{"@id":"https:\/\/villa-albertine.org\/va\/fr\/events\/habibi-festival\/#primaryimage"},"image":{"@id":"https:\/\/villa-albertine.org\/va\/fr\/events\/habibi-festival\/#primaryimage"},"thumbnailUrl":"https:\/\/villa-albertine.org\/wp-content\/uploads\/2023\/08\/Screen20Shot202021-10-2520at2018.11.02_0.png","datePublished":"2021-10-19T17:21:22+00:00","dateModified":"2023-08-23T08:10:38+00:00","breadcrumb":{"@id":"https:\/\/villa-albertine.org\/va\/fr\/events\/habibi-festival\/#breadcrumb"},"inLanguage":"fr-FR","potentialAction":[{"@type":"ReadAction","target":["https:\/\/villa-albertine.org\/va\/fr\/events\/habibi-festival\/"]}]},{"@type":"ImageObject","inLanguage":"fr-FR","@id":"https:\/\/villa-albertine.org\/va\/fr\/events\/habibi-festival\/#primaryimage","url":"https:\/\/villa-albertine.org\/wp-content\/uploads\/2023\/08\/Screen20Shot202021-10-2520at2018.11.02_0.png","contentUrl":"https:\/\/villa-albertine.org\/wp-content\/uploads\/2023\/08\/Screen20Shot202021-10-2520at2018.11.02_0.png","width":1392,"height":738},{"@type":"BreadcrumbList","@id":"https:\/\/villa-albertine.org\/va\/fr\/events\/habibi-festival\/#breadcrumb","itemListElement":[{"@type":"ListItem","position":1,"name":"Home","item":"https:\/\/villa-albertine.org\/va\/fr\/home\/"},{"@type":"ListItem","position":2,"name":"Habibi Festival"}]},{"@type":"WebSite","@id":"https:\/\/villa-albertine.org\/va\/fr\/#website","url":"https:\/\/villa-albertine.org\/va\/fr\/","name":"Villa Albertine","description":"","potentialAction":[{"@type":"SearchAction","target":{"@type":"EntryPoint","urlTemplate":"https:\/\/villa-albertine.org\/va\/fr\/?s={search_term_string}"},"query-input":{"@type":"PropertyValueSpecification","valueRequired":true,"valueName":"search_term_string"}}],"inLanguage":"fr-FR"}]}</script>
<!-- / Yoast SEO plugin. -->

A propos du festival Commencez la soirée par une performance solo du violoniste libano-arménien, membre fondateur du groupe influent Mashrou&rsquo; Leila, architecte et artiste multidisciplinaire Haig Papazian, suivie par le groupe de Yacine Boulares et des invités spéciaux, notamment le clarinettiste et compositeur syrien contemporain Kinan Azmeh, la chanteuse soudano-américaine Alsarah &amp; the Nubatones, l&rsquo;envoûtant...
