{"id":63484,"date":"2021-10-17T17:22:18","date_gmt":"2021-10-17T17:22:18","guid":{"rendered":"https:\/\/villa-albertine.org\/events\/prospect5-yesterday-we-said-tomorrow-2\/"},"modified":"2023-08-23T08:10:38","modified_gmt":"2023-08-23T08:10:38","slug":"prospect5-yesterday-we-said-tomorrow","status":"publish","type":"app_event","link":"https:\/\/villa-albertine.org\/va\/fr\/events\/prospect5-yesterday-we-said-tomorrow\/","title":{"rendered":"Prospect.5: Yesterday we said tomorrow"},"content":{"rendered":"<p>Apr\u00e8s l&rsquo;impact d\u00e9vastateur de l&rsquo;ouragan Katrina \u00e0 la Nouvelle-Orl\u00e9ans en 2005, la communaut\u00e9 artistique locale a explor\u00e9 les possibilit\u00e9s de ramener \u00e0 la vie cette ville \u00a0alors d\u00e9serte. Le commissaire d&rsquo;exposition Dan Cameron, ainsi que des intervenants comme le galeriste Arthur Roger et le conservateur Bill Fagaly, ont vu l&rsquo;occasion de cr\u00e9er une triennale d&rsquo;art contemporain \u00e0 l&rsquo;\u00e9chelle internationale.<\/p>\n\n<p>\u00a0<\/p>\n\n<p>Pour la 5e \u00e9dition de Prospect, qui se tiendra du 23 octobre 2021 au 23 janvier 2022, les codirecteurs artistiques Diana Nawi, conservatrice ind\u00e9pendante bas\u00e9e \u00e0 Los Angeles, et Naimi J. Keith, vice-pr\u00e9sident des programmes \u00e9ducatifs au Los Angeles County Museum of Art (LACMA), ont invit\u00e9 plus de 50 artistes qui constituent un groupe interg\u00e9n\u00e9rationnel venant des \u00c9tats-Unis, des Cara\u00efbes, d&rsquo;Afrique et d&rsquo;Europe entre projets existants et projets nouvellement command\u00e9s. Le titre de l&rsquo;exposition s&rsquo;inspire de l&rsquo;album <em>Yesterday You Said Tomorrow<\/em> (2010) du musicien de jazz de la Nouvelle-Orl\u00e9ans Christian Scott..<\/p>\n\n<p>\u00a0<\/p>\n\n<p>Pour Prospect.5, Keith et Nawi ont r\u00e9uni une coalition de producteurs culturels \u00e9mergents (Grace Deveney, Kimberly Drew, Jason Fitzroy Jeffers, Kristina Kay Robinson et Maricelle Robles) pour concevoir une programmation tout au long de 2020, avant la triennale et pendant l&rsquo;exposition. Ces partenaires du programme r\u00e9aliseront une gamme vari\u00e9e d&rsquo;\u00e9v\u00e9nements en collaboration avec diff\u00e9rents lieux de la ville allant des mus\u00e9es et des centres culturels aux th\u00e9\u00e2tres et aux bars, apportant des perspectives uniques aux th\u00e8mes de l&rsquo;exposition \u00e0 travers leurs propres \u0153uvres.<\/p>\n\n<p>\u00a0<\/p>\n\n<p>En raison du passage de l&rsquo;ouragan Ida, les \u00e9v\u00e9nements d&rsquo;ouverture de l&rsquo;exposition P.5 seront report\u00e9s \u00e0 janvier 2022.<a href=\"https:\/\/www.prospectneworleans.org\/events?view=calendar&amp;month=10-2021\"> Le calendrier des \u00e9v\u00e9nements <\/a>sera r\u00e9guli\u00e8rement mis \u00e0 jour.<\/p>\n<figure class=\"wp-block-image size-full\">\n\t<img loading=\"lazy\" decoding=\"async\" width=\"1000\" height=\"1000\" src=\"https:\/\/villa-albertine.org\/wp-content\/uploads\/2023\/08\/prospect.png\" class=\"attachment-full size-full\" alt=\"\" srcset=\"https:\/\/villa-albertine.org\/wp-content\/uploads\/2023\/08\/prospect.png 1000w, https:\/\/villa-albertine.org\/wp-content\/uploads\/2023\/08\/prospect-300x300.png 300w, https:\/\/villa-albertine.org\/wp-content\/uploads\/2023\/08\/prospect-150x150.png 150w, https:\/\/villa-albertine.org\/wp-content\/uploads\/2023\/08\/prospect-768x768.png 768w\" sizes=\"auto, (max-width: 1000px) 100vw, 1000px\" \/>\n\t<\/figure>\n","protected":false},"featured_media":58397,"menu_order":0,"template":"","app_discipline":[265],"app_city_tax":[272],"app_event_type":[290],"class_list":["post-63484","app_event","type-app_event","status-publish","has-post-thumbnail","hentry","app_discipline-arts-visuels-fr","app_city_tax-nola-fr","app_event_type-exposition-fr"],"acf":[],"yoast_head":"<!-- This site is optimized with the Yoast SEO plugin v27.3 - https:\/\/yoast.com\/product\/yoast-seo-wordpress\/ -->\n<title>Prospect.5: Yesterday we said tomorrow - Villa Albertine<\/title>\n<meta name=\"robots\" content=\"index, follow, max-snippet:-1, max-image-preview:large, max-video-preview:-1\" \/>\n<link rel=\"canonical\" href=\"https:\/\/villa-albertine.org\/va\/fr\/events\/prospect5-yesterday-we-said-tomorrow\/\" \/>\n<meta property=\"og:locale\" content=\"fr_FR\" \/>\n<meta property=\"og:type\" content=\"article\" \/>\n<meta property=\"og:title\" content=\"Prospect.5: Yesterday we said tomorrow - Villa Albertine\" \/>\n<meta property=\"og:description\" content=\"Apr\u00e8s l&rsquo;impact d\u00e9vastateur de l&rsquo;ouragan Katrina \u00e0 la Nouvelle-Orl\u00e9ans en 2005, la communaut\u00e9 artistique locale a explor\u00e9 les possibilit\u00e9s de ramener \u00e0 la vie cette ville \u00a0alors d\u00e9serte. Le commissaire d&rsquo;exposition Dan Cameron, ainsi que des intervenants comme le galeriste Arthur Roger et le conservateur Bill Fagaly, ont vu l&rsquo;occasion de cr\u00e9er une triennale d&rsquo;art...\" \/>\n<meta property=\"og:url\" content=\"https:\/\/villa-albertine.org\/va\/fr\/events\/prospect5-yesterday-we-said-tomorrow\/\" \/>\n<meta property=\"og:site_name\" content=\"Villa Albertine\" \/>\n<meta property=\"article:modified_time\" content=\"2023-08-23T08:10:38+00:00\" \/>\n<meta property=\"og:image\" content=\"https:\/\/villa-albertine.org\/wp-content\/uploads\/2023\/08\/14BIENNALE-superJumbo.jpg\" \/>\n\t<meta property=\"og:image:width\" content=\"1392\" \/>\n\t<meta property=\"og:image:height\" content=\"1676\" \/>\n\t<meta property=\"og:image:type\" content=\"image\/jpeg\" \/>\n<meta name=\"twitter:card\" content=\"summary_large_image\" \/>\n<meta name=\"twitter:label1\" content=\"Dur\u00e9e de lecture estim\u00e9e\" \/>\n\t<meta name=\"twitter:data1\" content=\"1 minute\" \/>\n<script type=\"application\/ld+json\" class=\"yoast-schema-graph\">{\"@context\":\"https:\\\/\\\/schema.org\",\"@graph\":[{\"@type\":\"WebPage\",\"@id\":\"https:\\\/\\\/villa-albertine.org\\\/va\\\/fr\\\/events\\\/prospect5-yesterday-we-said-tomorrow\\\/\",\"url\":\"https:\\\/\\\/villa-albertine.org\\\/va\\\/fr\\\/events\\\/prospect5-yesterday-we-said-tomorrow\\\/\",\"name\":\"Prospect.5: Yesterday we said tomorrow - Villa Albertine\",\"isPartOf\":{\"@id\":\"https:\\\/\\\/villa-albertine.org\\\/va\\\/fr\\\/#website\"},\"primaryImageOfPage\":{\"@id\":\"https:\\\/\\\/villa-albertine.org\\\/va\\\/fr\\\/events\\\/prospect5-yesterday-we-said-tomorrow\\\/#primaryimage\"},\"image\":{\"@id\":\"https:\\\/\\\/villa-albertine.org\\\/va\\\/fr\\\/events\\\/prospect5-yesterday-we-said-tomorrow\\\/#primaryimage\"},\"thumbnailUrl\":\"https:\\\/\\\/villa-albertine.org\\\/wp-content\\\/uploads\\\/2023\\\/08\\\/14BIENNALE-superJumbo.jpg\",\"datePublished\":\"2021-10-17T17:22:18+00:00\",\"dateModified\":\"2023-08-23T08:10:38+00:00\",\"breadcrumb\":{\"@id\":\"https:\\\/\\\/villa-albertine.org\\\/va\\\/fr\\\/events\\\/prospect5-yesterday-we-said-tomorrow\\\/#breadcrumb\"},\"inLanguage\":\"fr-FR\",\"potentialAction\":[{\"@type\":\"ReadAction\",\"target\":[\"https:\\\/\\\/villa-albertine.org\\\/va\\\/fr\\\/events\\\/prospect5-yesterday-we-said-tomorrow\\\/\"]}]},{\"@type\":\"ImageObject\",\"inLanguage\":\"fr-FR\",\"@id\":\"https:\\\/\\\/villa-albertine.org\\\/va\\\/fr\\\/events\\\/prospect5-yesterday-we-said-tomorrow\\\/#primaryimage\",\"url\":\"https:\\\/\\\/villa-albertine.org\\\/wp-content\\\/uploads\\\/2023\\\/08\\\/14BIENNALE-superJumbo.jpg\",\"contentUrl\":\"https:\\\/\\\/villa-albertine.org\\\/wp-content\\\/uploads\\\/2023\\\/08\\\/14BIENNALE-superJumbo.jpg\",\"width\":1392,\"height\":1676},{\"@type\":\"BreadcrumbList\",\"@id\":\"https:\\\/\\\/villa-albertine.org\\\/va\\\/fr\\\/events\\\/prospect5-yesterday-we-said-tomorrow\\\/#breadcrumb\",\"itemListElement\":[{\"@type\":\"ListItem\",\"position\":1,\"name\":\"Home\",\"item\":\"https:\\\/\\\/villa-albertine.org\\\/va\\\/fr\\\/home\\\/\"},{\"@type\":\"ListItem\",\"position\":2,\"name\":\"Prospect.5: Yesterday we said tomorrow\"}]},{\"@type\":\"WebSite\",\"@id\":\"https:\\\/\\\/villa-albertine.org\\\/va\\\/fr\\\/#website\",\"url\":\"https:\\\/\\\/villa-albertine.org\\\/va\\\/fr\\\/\",\"name\":\"Villa Albertine\",\"description\":\"\",\"potentialAction\":[{\"@type\":\"SearchAction\",\"target\":{\"@type\":\"EntryPoint\",\"urlTemplate\":\"https:\\\/\\\/villa-albertine.org\\\/va\\\/fr\\\/?s={search_term_string}\"},\"query-input\":{\"@type\":\"PropertyValueSpecification\",\"valueRequired\":true,\"valueName\":\"search_term_string\"}}],\"inLanguage\":\"fr-FR\"}]}<\/script>\n<!-- \/ Yoast SEO plugin. -->","yoast_head_json":{"title":"Prospect.5: Yesterday we said tomorrow - Villa Albertine","robots":{"index":"index","follow":"follow","max-snippet":"max-snippet:-1","max-image-preview":"max-image-preview:large","max-video-preview":"max-video-preview:-1"},"canonical":"https:\/\/villa-albertine.org\/va\/fr\/events\/prospect5-yesterday-we-said-tomorrow\/","og_locale":"fr_FR","og_type":"article","og_title":"Prospect.5: Yesterday we said tomorrow - Villa Albertine","og_description":"Apr\u00e8s l&rsquo;impact d\u00e9vastateur de l&rsquo;ouragan Katrina \u00e0 la Nouvelle-Orl\u00e9ans en 2005, la communaut\u00e9 artistique locale a explor\u00e9 les possibilit\u00e9s de ramener \u00e0 la vie cette ville \u00a0alors d\u00e9serte. Le commissaire d&rsquo;exposition Dan Cameron, ainsi que des intervenants comme le galeriste Arthur Roger et le conservateur Bill Fagaly, ont vu l&rsquo;occasion de cr\u00e9er une triennale d&rsquo;art...","og_url":"https:\/\/villa-albertine.org\/va\/fr\/events\/prospect5-yesterday-we-said-tomorrow\/","og_site_name":"Villa Albertine","article_modified_time":"2023-08-23T08:10:38+00:00","og_image":[{"width":1392,"height":1676,"url":"https:\/\/villa-albertine.org\/wp-content\/uploads\/2023\/08\/14BIENNALE-superJumbo.jpg","type":"image\/jpeg"}],"twitter_card":"summary_large_image","twitter_misc":{"Dur\u00e9e de lecture estim\u00e9e":"1 minute"},"schema":{"@context":"https:\/\/schema.org","@graph":[{"@type":"WebPage","@id":"https:\/\/villa-albertine.org\/va\/fr\/events\/prospect5-yesterday-we-said-tomorrow\/","url":"https:\/\/villa-albertine.org\/va\/fr\/events\/prospect5-yesterday-we-said-tomorrow\/","name":"Prospect.5: Yesterday we said tomorrow - Villa Albertine","isPartOf":{"@id":"https:\/\/villa-albertine.org\/va\/fr\/#website"},"primaryImageOfPage":{"@id":"https:\/\/villa-albertine.org\/va\/fr\/events\/prospect5-yesterday-we-said-tomorrow\/#primaryimage"},"image":{"@id":"https:\/\/villa-albertine.org\/va\/fr\/events\/prospect5-yesterday-we-said-tomorrow\/#primaryimage"},"thumbnailUrl":"https:\/\/villa-albertine.org\/wp-content\/uploads\/2023\/08\/14BIENNALE-superJumbo.jpg","datePublished":"2021-10-17T17:22:18+00:00","dateModified":"2023-08-23T08:10:38+00:00","breadcrumb":{"@id":"https:\/\/villa-albertine.org\/va\/fr\/events\/prospect5-yesterday-we-said-tomorrow\/#breadcrumb"},"inLanguage":"fr-FR","potentialAction":[{"@type":"ReadAction","target":["https:\/\/villa-albertine.org\/va\/fr\/events\/prospect5-yesterday-we-said-tomorrow\/"]}]},{"@type":"ImageObject","inLanguage":"fr-FR","@id":"https:\/\/villa-albertine.org\/va\/fr\/events\/prospect5-yesterday-we-said-tomorrow\/#primaryimage","url":"https:\/\/villa-albertine.org\/wp-content\/uploads\/2023\/08\/14BIENNALE-superJumbo.jpg","contentUrl":"https:\/\/villa-albertine.org\/wp-content\/uploads\/2023\/08\/14BIENNALE-superJumbo.jpg","width":1392,"height":1676},{"@type":"BreadcrumbList","@id":"https:\/\/villa-albertine.org\/va\/fr\/events\/prospect5-yesterday-we-said-tomorrow\/#breadcrumb","itemListElement":[{"@type":"ListItem","position":1,"name":"Home","item":"https:\/\/villa-albertine.org\/va\/fr\/home\/"},{"@type":"ListItem","position":2,"name":"Prospect.5: Yesterday we said tomorrow"}]},{"@type":"WebSite","@id":"https:\/\/villa-albertine.org\/va\/fr\/#website","url":"https:\/\/villa-albertine.org\/va\/fr\/","name":"Villa Albertine","description":"","potentialAction":[{"@type":"SearchAction","target":{"@type":"EntryPoint","urlTemplate":"https:\/\/villa-albertine.org\/va\/fr\/?s={search_term_string}"},"query-input":{"@type":"PropertyValueSpecification","valueRequired":true,"valueName":"search_term_string"}}],"inLanguage":"fr-FR"}]}},"_links":{"self":[{"href":"https:\/\/villa-albertine.org\/va\/fr\/wp-json\/wp\/v2\/app_event\/63484","targetHints":{"allow":["GET"]}}],"collection":[{"href":"https:\/\/villa-albertine.org\/va\/fr\/wp-json\/wp\/v2\/app_event"}],"about":[{"href":"https:\/\/villa-albertine.org\/va\/fr\/wp-json\/wp\/v2\/types\/app_event"}],"wp:featuredmedia":[{"embeddable":true,"href":"https:\/\/villa-albertine.org\/va\/fr\/wp-json\/wp\/v2\/media\/58397"}],"wp:attachment":[{"href":"https:\/\/villa-albertine.org\/va\/fr\/wp-json\/wp\/v2\/media?parent=63484"}],"wp:term":[{"taxonomy":"app_discipline","embeddable":true,"href":"https:\/\/villa-albertine.org\/va\/fr\/wp-json\/wp\/v2\/app_discipline?post=63484"},{"taxonomy":"app_city_tax","embeddable":true,"href":"https:\/\/villa-albertine.org\/va\/fr\/wp-json\/wp\/v2\/app_city_tax?post=63484"},{"taxonomy":"app_event_type","embeddable":true,"href":"https:\/\/villa-albertine.org\/va\/fr\/wp-json\/wp\/v2\/app_event_type?post=63484"}],"curies":[{"name":"wp","href":"https:\/\/api.w.org\/{rel}","templated":true}]}}

<p>Après l&rsquo;impact dévastateur de l&rsquo;ouragan Katrina à la Nouvelle-Orléans en 2005, la communauté artistique locale a exploré les possibilités de ramener à la vie cette ville  alors déserte. Le commissaire d&rsquo;exposition Dan Cameron, ainsi que des intervenants comme le galeriste Arthur Roger et le conservateur Bill Fagaly, ont vu l&rsquo;occasion de créer une triennale d&rsquo;art contemporain à l&rsquo;échelle internationale.</p>

<p> </p>

<p>Pour la 5e édition de Prospect, qui se tiendra du 23 octobre 2021 au 23 janvier 2022, les codirecteurs artistiques Diana Nawi, conservatrice indépendante basée à Los Angeles, et Naimi J. Keith, vice-président des programmes éducatifs au Los Angeles County Museum of Art (LACMA), ont invité plus de 50 artistes qui constituent un groupe intergénérationnel venant des États-Unis, des Caraïbes, d&rsquo;Afrique et d&rsquo;Europe entre projets existants et projets nouvellement commandés. Le titre de l&rsquo;exposition s&rsquo;inspire de l&rsquo;album <em>Yesterday You Said Tomorrow</em> (2010) du musicien de jazz de la Nouvelle-Orléans Christian Scott..</p>

<p> </p>

<p>Pour Prospect.5, Keith et Nawi ont réuni une coalition de producteurs culturels émergents (Grace Deveney, Kimberly Drew, Jason Fitzroy Jeffers, Kristina Kay Robinson et Maricelle Robles) pour concevoir une programmation tout au long de 2020, avant la triennale et pendant l&rsquo;exposition. Ces partenaires du programme réaliseront une gamme variée d&rsquo;événements en collaboration avec différents lieux de la ville allant des musées et des centres culturels aux théâtres et aux bars, apportant des perspectives uniques aux thèmes de l&rsquo;exposition à travers leurs propres œuvres.</p>

<p> </p>

<p>En raison du passage de l&rsquo;ouragan Ida, les événements d&rsquo;ouverture de l&rsquo;exposition P.5 seront reportés à janvier 2022.<a href="https://www.prospectneworleans.org/events?view=calendar&amp;month=10-2021"> Le calendrier des événements </a>sera régulièrement mis à jour.</p>
<figure class="wp-block-image size-full">
	<img loading="lazy" decoding="async" width="1000" height="1000" src="https://villa-albertine.org/wp-content/uploads/2023/08/prospect.png" class="attachment-full size-full" alt="" srcset="https://villa-albertine.org/wp-content/uploads/2023/08/prospect.png 1000w, https://villa-albertine.org/wp-content/uploads/2023/08/prospect-300x300.png 300w, https://villa-albertine.org/wp-content/uploads/2023/08/prospect-150x150.png 150w, https://villa-albertine.org/wp-content/uploads/2023/08/prospect-768x768.png 768w" sizes="auto, (max-width: 1000px) 100vw, 1000px" />
	</figure>

<!-- This site is optimized with the Yoast SEO plugin v27.3 - https://yoast.com/product/yoast-seo-wordpress/ -->
<title>Prospect.5: Yesterday we said tomorrow - Villa Albertine</title>
<meta name="robots" content="index, follow, max-snippet:-1, max-image-preview:large, max-video-preview:-1" />
<link rel="canonical" href="https://villa-albertine.org/va/fr/events/prospect5-yesterday-we-said-tomorrow/" />
<meta property="og:locale" content="fr_FR" />
<meta property="og:type" content="article" />
<meta property="og:title" content="Prospect.5: Yesterday we said tomorrow - Villa Albertine" />
<meta property="og:description" content="Après l&rsquo;impact dévastateur de l&rsquo;ouragan Katrina à la Nouvelle-Orléans en 2005, la communauté artistique locale a exploré les possibilités de ramener à la vie cette ville  alors déserte. Le commissaire d&rsquo;exposition Dan Cameron, ainsi que des intervenants comme le galeriste Arthur Roger et le conservateur Bill Fagaly, ont vu l&rsquo;occasion de créer une triennale d&rsquo;art..." />
<meta property="og:url" content="https://villa-albertine.org/va/fr/events/prospect5-yesterday-we-said-tomorrow/" />
<meta property="og:site_name" content="Villa Albertine" />
<meta property="article:modified_time" content="2023-08-23T08:10:38+00:00" />
<meta property="og:image" content="https://villa-albertine.org/wp-content/uploads/2023/08/14BIENNALE-superJumbo.jpg" />
	<meta property="og:image:width" content="1392" />
	<meta property="og:image:height" content="1676" />
	<meta property="og:image:type" content="image/jpeg" />
<meta name="twitter:card" content="summary_large_image" />
<meta name="twitter:label1" content="Durée de lecture estimée" />
	<meta name="twitter:data1" content="1 minute" />
<script type="application/ld+json" class="yoast-schema-graph">{"@context":"https:\/\/schema.org","@graph":[{"@type":"WebPage","@id":"https:\/\/villa-albertine.org\/va\/fr\/events\/prospect5-yesterday-we-said-tomorrow\/","url":"https:\/\/villa-albertine.org\/va\/fr\/events\/prospect5-yesterday-we-said-tomorrow\/","name":"Prospect.5: Yesterday we said tomorrow - Villa Albertine","isPartOf":{"@id":"https:\/\/villa-albertine.org\/va\/fr\/#website"},"primaryImageOfPage":{"@id":"https:\/\/villa-albertine.org\/va\/fr\/events\/prospect5-yesterday-we-said-tomorrow\/#primaryimage"},"image":{"@id":"https:\/\/villa-albertine.org\/va\/fr\/events\/prospect5-yesterday-we-said-tomorrow\/#primaryimage"},"thumbnailUrl":"https:\/\/villa-albertine.org\/wp-content\/uploads\/2023\/08\/14BIENNALE-superJumbo.jpg","datePublished":"2021-10-17T17:22:18+00:00","dateModified":"2023-08-23T08:10:38+00:00","breadcrumb":{"@id":"https:\/\/villa-albertine.org\/va\/fr\/events\/prospect5-yesterday-we-said-tomorrow\/#breadcrumb"},"inLanguage":"fr-FR","potentialAction":[{"@type":"ReadAction","target":["https:\/\/villa-albertine.org\/va\/fr\/events\/prospect5-yesterday-we-said-tomorrow\/"]}]},{"@type":"ImageObject","inLanguage":"fr-FR","@id":"https:\/\/villa-albertine.org\/va\/fr\/events\/prospect5-yesterday-we-said-tomorrow\/#primaryimage","url":"https:\/\/villa-albertine.org\/wp-content\/uploads\/2023\/08\/14BIENNALE-superJumbo.jpg","contentUrl":"https:\/\/villa-albertine.org\/wp-content\/uploads\/2023\/08\/14BIENNALE-superJumbo.jpg","width":1392,"height":1676},{"@type":"BreadcrumbList","@id":"https:\/\/villa-albertine.org\/va\/fr\/events\/prospect5-yesterday-we-said-tomorrow\/#breadcrumb","itemListElement":[{"@type":"ListItem","position":1,"name":"Home","item":"https:\/\/villa-albertine.org\/va\/fr\/home\/"},{"@type":"ListItem","position":2,"name":"Prospect.5: Yesterday we said tomorrow"}]},{"@type":"WebSite","@id":"https:\/\/villa-albertine.org\/va\/fr\/#website","url":"https:\/\/villa-albertine.org\/va\/fr\/","name":"Villa Albertine","description":"","potentialAction":[{"@type":"SearchAction","target":{"@type":"EntryPoint","urlTemplate":"https:\/\/villa-albertine.org\/va\/fr\/?s={search_term_string}"},"query-input":{"@type":"PropertyValueSpecification","valueRequired":true,"valueName":"search_term_string"}}],"inLanguage":"fr-FR"}]}</script>
<!-- / Yoast SEO plugin. -->

Après l&rsquo;impact dévastateur de l&rsquo;ouragan Katrina à la Nouvelle-Orléans en 2005, la communauté artistique locale a exploré les possibilités de ramener à la vie cette ville  alors déserte. Le commissaire d&rsquo;exposition Dan Cameron, ainsi que des intervenants comme le galeriste Arthur Roger et le conservateur Bill Fagaly, ont vu l&rsquo;occasion de créer une triennale d&rsquo;art...
