{"id":63472,"date":"2021-10-14T18:21:34","date_gmt":"2021-10-14T18:21:34","guid":{"rendered":"https:\/\/villa-albertine.org\/events\/oasis-concert-2\/"},"modified":"2023-08-23T08:10:37","modified_gmt":"2023-08-23T08:10:37","slug":"oasis-concert","status":"publish","type":"app_event","link":"https:\/\/villa-albertine.org\/va\/fr\/events\/oasis-concert\/","title":{"rendered":"OASIS Concert"},"content":{"rendered":"<p>La harpiste de jazz Isabelle Olivier poursuit son voyage \u00e0 la crois\u00e9e des cultures et des musiques avec son nouveau projet :\u00a0OASIS (Olivier Abbasi Sound In Sound), qui est n\u00e9 de la rencontre avec le grand guitariste de jazz am\u00e9ricain d&rsquo;origine pakistanaise Rez Abbasi.<\/p>\n\n<p>Cet album \u00ab\u00a0OASIS\u00a0\u00bb a \u00e9t\u00e9 autant acclam\u00e9 par la presse internationale que par le public, qui est venu applaudir le projet de Paris \u00e0 New York, ainsi qu&rsquo;au DC Jazz Festival de Washington et au Field Museum de Chicago. Apr\u00e8s 14 concerts, OASIS poursuit avec enthousiasme leur musique des deux c\u00f4t\u00e9s de l&rsquo;Atlantique.<\/p>\n\n<p><strong>About the artists:\u00a0<\/strong><\/p>\n\n<p>Le guitariste Rez Abbasi et la harpiste Isabelle Olivier unissent joyeusement leurs forces avec OASIS. Passant du r\u00e9pertoire traditionnel \u00e0 l&rsquo;avant-garde, les musiciens fusionnent le groove et l&rsquo;improvisation.\u00a0<\/p>\n<figure class=\"wp-block-embed is-type-video wp-block-embed-vimeo wp-embed-aspect-16-9 wp-has-aspect-ratio\">\n\t<div class=\"wp-block-embed__wrapper\">\n\t\t<iframe loading=\"lazy\" sandbox=\"allow-scripts allow-same-origin\" width=\"560\" height=\"315\" src=\"https:\/\/www.youtube.com\/embed\/JbvppJYhsSc\" title=\"YouTube video player\" frameborder=\"0\" allow=\"accelerometer; autoplay; clipboard-write; encrypted-media; gyroscope; picture-in-picture\" allowfullscreen><\/iframe>\t<\/div>\n<\/figure>\n","protected":false},"featured_media":58356,"menu_order":0,"template":"","app_discipline":[281],"app_city_tax":[274],"app_event_type":[286],"class_list":["post-63472","app_event","type-app_event","status-publish","has-post-thumbnail","hentry","app_discipline-musique-fr","app_city_tax-dc-fr","app_event_type-concert-fr"],"acf":[],"yoast_head":"<!-- This site is optimized with the Yoast SEO plugin v27.3 - https:\/\/yoast.com\/product\/yoast-seo-wordpress\/ -->\n<title>OASIS Concert - Villa Albertine<\/title>\n<meta name=\"robots\" content=\"index, follow, max-snippet:-1, max-image-preview:large, max-video-preview:-1\" \/>\n<link rel=\"canonical\" href=\"https:\/\/villa-albertine.org\/va\/fr\/events\/oasis-concert\/\" \/>\n<meta property=\"og:locale\" content=\"fr_FR\" \/>\n<meta property=\"og:type\" content=\"article\" \/>\n<meta property=\"og:title\" content=\"OASIS Concert - Villa Albertine\" \/>\n<meta property=\"og:description\" content=\"La harpiste de jazz Isabelle Olivier poursuit son voyage \u00e0 la crois\u00e9e des cultures et des musiques avec son nouveau projet :\u00a0OASIS (Olivier Abbasi Sound In Sound), qui est n\u00e9 de la rencontre avec le grand guitariste de jazz am\u00e9ricain d&rsquo;origine pakistanaise Rez Abbasi. Cet album \u00ab\u00a0OASIS\u00a0\u00bb a \u00e9t\u00e9 autant acclam\u00e9 par la presse internationale...\" \/>\n<meta property=\"og:url\" content=\"https:\/\/villa-albertine.org\/va\/fr\/events\/oasis-concert\/\" \/>\n<meta property=\"og:site_name\" content=\"Villa Albertine\" \/>\n<meta property=\"article:modified_time\" content=\"2023-08-23T08:10:37+00:00\" \/>\n<meta property=\"og:image\" content=\"https:\/\/villa-albertine.org\/wp-content\/uploads\/2023\/08\/Isabelle20Olivier20_20Credit_20Piero20Ottaviano28129.jpeg\" \/>\n\t<meta property=\"og:image:width\" content=\"1392\" \/>\n\t<meta property=\"og:image:height\" content=\"1242\" \/>\n\t<meta property=\"og:image:type\" content=\"image\/jpeg\" \/>\n<meta name=\"twitter:card\" content=\"summary_large_image\" \/>\n<meta name=\"twitter:label1\" content=\"Dur\u00e9e de lecture estim\u00e9e\" \/>\n\t<meta name=\"twitter:data1\" content=\"1 minute\" \/>\n<script type=\"application\/ld+json\" class=\"yoast-schema-graph\">{\"@context\":\"https:\\\/\\\/schema.org\",\"@graph\":[{\"@type\":\"WebPage\",\"@id\":\"https:\\\/\\\/villa-albertine.org\\\/va\\\/fr\\\/events\\\/oasis-concert\\\/\",\"url\":\"https:\\\/\\\/villa-albertine.org\\\/va\\\/fr\\\/events\\\/oasis-concert\\\/\",\"name\":\"OASIS Concert - Villa Albertine\",\"isPartOf\":{\"@id\":\"https:\\\/\\\/villa-albertine.org\\\/va\\\/fr\\\/#website\"},\"primaryImageOfPage\":{\"@id\":\"https:\\\/\\\/villa-albertine.org\\\/va\\\/fr\\\/events\\\/oasis-concert\\\/#primaryimage\"},\"image\":{\"@id\":\"https:\\\/\\\/villa-albertine.org\\\/va\\\/fr\\\/events\\\/oasis-concert\\\/#primaryimage\"},\"thumbnailUrl\":\"https:\\\/\\\/villa-albertine.org\\\/wp-content\\\/uploads\\\/2023\\\/08\\\/Isabelle20Olivier20_20Credit_20Piero20Ottaviano28129.jpeg\",\"datePublished\":\"2021-10-14T18:21:34+00:00\",\"dateModified\":\"2023-08-23T08:10:37+00:00\",\"breadcrumb\":{\"@id\":\"https:\\\/\\\/villa-albertine.org\\\/va\\\/fr\\\/events\\\/oasis-concert\\\/#breadcrumb\"},\"inLanguage\":\"fr-FR\",\"potentialAction\":[{\"@type\":\"ReadAction\",\"target\":[\"https:\\\/\\\/villa-albertine.org\\\/va\\\/fr\\\/events\\\/oasis-concert\\\/\"]}]},{\"@type\":\"ImageObject\",\"inLanguage\":\"fr-FR\",\"@id\":\"https:\\\/\\\/villa-albertine.org\\\/va\\\/fr\\\/events\\\/oasis-concert\\\/#primaryimage\",\"url\":\"https:\\\/\\\/villa-albertine.org\\\/wp-content\\\/uploads\\\/2023\\\/08\\\/Isabelle20Olivier20_20Credit_20Piero20Ottaviano28129.jpeg\",\"contentUrl\":\"https:\\\/\\\/villa-albertine.org\\\/wp-content\\\/uploads\\\/2023\\\/08\\\/Isabelle20Olivier20_20Credit_20Piero20Ottaviano28129.jpeg\",\"width\":1392,\"height\":1242},{\"@type\":\"BreadcrumbList\",\"@id\":\"https:\\\/\\\/villa-albertine.org\\\/va\\\/fr\\\/events\\\/oasis-concert\\\/#breadcrumb\",\"itemListElement\":[{\"@type\":\"ListItem\",\"position\":1,\"name\":\"Home\",\"item\":\"https:\\\/\\\/villa-albertine.org\\\/va\\\/fr\\\/home\\\/\"},{\"@type\":\"ListItem\",\"position\":2,\"name\":\"OASIS Concert\"}]},{\"@type\":\"WebSite\",\"@id\":\"https:\\\/\\\/villa-albertine.org\\\/va\\\/fr\\\/#website\",\"url\":\"https:\\\/\\\/villa-albertine.org\\\/va\\\/fr\\\/\",\"name\":\"Villa Albertine\",\"description\":\"\",\"potentialAction\":[{\"@type\":\"SearchAction\",\"target\":{\"@type\":\"EntryPoint\",\"urlTemplate\":\"https:\\\/\\\/villa-albertine.org\\\/va\\\/fr\\\/?s={search_term_string}\"},\"query-input\":{\"@type\":\"PropertyValueSpecification\",\"valueRequired\":true,\"valueName\":\"search_term_string\"}}],\"inLanguage\":\"fr-FR\"}]}<\/script>\n<!-- \/ Yoast SEO plugin. -->","yoast_head_json":{"title":"OASIS Concert - Villa Albertine","robots":{"index":"index","follow":"follow","max-snippet":"max-snippet:-1","max-image-preview":"max-image-preview:large","max-video-preview":"max-video-preview:-1"},"canonical":"https:\/\/villa-albertine.org\/va\/fr\/events\/oasis-concert\/","og_locale":"fr_FR","og_type":"article","og_title":"OASIS Concert - Villa Albertine","og_description":"La harpiste de jazz Isabelle Olivier poursuit son voyage \u00e0 la crois\u00e9e des cultures et des musiques avec son nouveau projet :\u00a0OASIS (Olivier Abbasi Sound In Sound), qui est n\u00e9 de la rencontre avec le grand guitariste de jazz am\u00e9ricain d&rsquo;origine pakistanaise Rez Abbasi. Cet album \u00ab\u00a0OASIS\u00a0\u00bb a \u00e9t\u00e9 autant acclam\u00e9 par la presse internationale...","og_url":"https:\/\/villa-albertine.org\/va\/fr\/events\/oasis-concert\/","og_site_name":"Villa Albertine","article_modified_time":"2023-08-23T08:10:37+00:00","og_image":[{"width":1392,"height":1242,"url":"https:\/\/villa-albertine.org\/wp-content\/uploads\/2023\/08\/Isabelle20Olivier20_20Credit_20Piero20Ottaviano28129.jpeg","type":"image\/jpeg"}],"twitter_card":"summary_large_image","twitter_misc":{"Dur\u00e9e de lecture estim\u00e9e":"1 minute"},"schema":{"@context":"https:\/\/schema.org","@graph":[{"@type":"WebPage","@id":"https:\/\/villa-albertine.org\/va\/fr\/events\/oasis-concert\/","url":"https:\/\/villa-albertine.org\/va\/fr\/events\/oasis-concert\/","name":"OASIS Concert - Villa Albertine","isPartOf":{"@id":"https:\/\/villa-albertine.org\/va\/fr\/#website"},"primaryImageOfPage":{"@id":"https:\/\/villa-albertine.org\/va\/fr\/events\/oasis-concert\/#primaryimage"},"image":{"@id":"https:\/\/villa-albertine.org\/va\/fr\/events\/oasis-concert\/#primaryimage"},"thumbnailUrl":"https:\/\/villa-albertine.org\/wp-content\/uploads\/2023\/08\/Isabelle20Olivier20_20Credit_20Piero20Ottaviano28129.jpeg","datePublished":"2021-10-14T18:21:34+00:00","dateModified":"2023-08-23T08:10:37+00:00","breadcrumb":{"@id":"https:\/\/villa-albertine.org\/va\/fr\/events\/oasis-concert\/#breadcrumb"},"inLanguage":"fr-FR","potentialAction":[{"@type":"ReadAction","target":["https:\/\/villa-albertine.org\/va\/fr\/events\/oasis-concert\/"]}]},{"@type":"ImageObject","inLanguage":"fr-FR","@id":"https:\/\/villa-albertine.org\/va\/fr\/events\/oasis-concert\/#primaryimage","url":"https:\/\/villa-albertine.org\/wp-content\/uploads\/2023\/08\/Isabelle20Olivier20_20Credit_20Piero20Ottaviano28129.jpeg","contentUrl":"https:\/\/villa-albertine.org\/wp-content\/uploads\/2023\/08\/Isabelle20Olivier20_20Credit_20Piero20Ottaviano28129.jpeg","width":1392,"height":1242},{"@type":"BreadcrumbList","@id":"https:\/\/villa-albertine.org\/va\/fr\/events\/oasis-concert\/#breadcrumb","itemListElement":[{"@type":"ListItem","position":1,"name":"Home","item":"https:\/\/villa-albertine.org\/va\/fr\/home\/"},{"@type":"ListItem","position":2,"name":"OASIS Concert"}]},{"@type":"WebSite","@id":"https:\/\/villa-albertine.org\/va\/fr\/#website","url":"https:\/\/villa-albertine.org\/va\/fr\/","name":"Villa Albertine","description":"","potentialAction":[{"@type":"SearchAction","target":{"@type":"EntryPoint","urlTemplate":"https:\/\/villa-albertine.org\/va\/fr\/?s={search_term_string}"},"query-input":{"@type":"PropertyValueSpecification","valueRequired":true,"valueName":"search_term_string"}}],"inLanguage":"fr-FR"}]}},"_links":{"self":[{"href":"https:\/\/villa-albertine.org\/va\/fr\/wp-json\/wp\/v2\/app_event\/63472","targetHints":{"allow":["GET"]}}],"collection":[{"href":"https:\/\/villa-albertine.org\/va\/fr\/wp-json\/wp\/v2\/app_event"}],"about":[{"href":"https:\/\/villa-albertine.org\/va\/fr\/wp-json\/wp\/v2\/types\/app_event"}],"wp:featuredmedia":[{"embeddable":true,"href":"https:\/\/villa-albertine.org\/va\/fr\/wp-json\/wp\/v2\/media\/58356"}],"wp:attachment":[{"href":"https:\/\/villa-albertine.org\/va\/fr\/wp-json\/wp\/v2\/media?parent=63472"}],"wp:term":[{"taxonomy":"app_discipline","embeddable":true,"href":"https:\/\/villa-albertine.org\/va\/fr\/wp-json\/wp\/v2\/app_discipline?post=63472"},{"taxonomy":"app_city_tax","embeddable":true,"href":"https:\/\/villa-albertine.org\/va\/fr\/wp-json\/wp\/v2\/app_city_tax?post=63472"},{"taxonomy":"app_event_type","embeddable":true,"href":"https:\/\/villa-albertine.org\/va\/fr\/wp-json\/wp\/v2\/app_event_type?post=63472"}],"curies":[{"name":"wp","href":"https:\/\/api.w.org\/{rel}","templated":true}]}}

<p>La harpiste de jazz Isabelle Olivier poursuit son voyage à la croisée des cultures et des musiques avec son nouveau projet : OASIS (Olivier Abbasi Sound In Sound), qui est né de la rencontre avec le grand guitariste de jazz américain d&rsquo;origine pakistanaise Rez Abbasi.</p>

<p>Cet album « OASIS » a été autant acclamé par la presse internationale que par le public, qui est venu applaudir le projet de Paris à New York, ainsi qu&rsquo;au DC Jazz Festival de Washington et au Field Museum de Chicago. Après 14 concerts, OASIS poursuit avec enthousiasme leur musique des deux côtés de l&rsquo;Atlantique.</p>

<p><strong>About the artists: </strong></p>

<p>Le guitariste Rez Abbasi et la harpiste Isabelle Olivier unissent joyeusement leurs forces avec OASIS. Passant du répertoire traditionnel à l&rsquo;avant-garde, les musiciens fusionnent le groove et l&rsquo;improvisation. </p>
<figure class="wp-block-embed is-type-video wp-block-embed-vimeo wp-embed-aspect-16-9 wp-has-aspect-ratio">
	<div class="wp-block-embed__wrapper">
		<iframe loading="lazy" sandbox="allow-scripts allow-same-origin" width="560" height="315" src="https://www.youtube.com/embed/JbvppJYhsSc" title="YouTube video player" frameborder="0" allow="accelerometer; autoplay; clipboard-write; encrypted-media; gyroscope; picture-in-picture" allowfullscreen></iframe>	</div>
</figure>

<!-- This site is optimized with the Yoast SEO plugin v27.3 - https://yoast.com/product/yoast-seo-wordpress/ -->
<title>OASIS Concert - Villa Albertine</title>
<meta name="robots" content="index, follow, max-snippet:-1, max-image-preview:large, max-video-preview:-1" />
<link rel="canonical" href="https://villa-albertine.org/va/fr/events/oasis-concert/" />
<meta property="og:locale" content="fr_FR" />
<meta property="og:type" content="article" />
<meta property="og:title" content="OASIS Concert - Villa Albertine" />
<meta property="og:description" content="La harpiste de jazz Isabelle Olivier poursuit son voyage à la croisée des cultures et des musiques avec son nouveau projet : OASIS (Olivier Abbasi Sound In Sound), qui est né de la rencontre avec le grand guitariste de jazz américain d&rsquo;origine pakistanaise Rez Abbasi. Cet album « OASIS » a été autant acclamé par la presse internationale..." />
<meta property="og:url" content="https://villa-albertine.org/va/fr/events/oasis-concert/" />
<meta property="og:site_name" content="Villa Albertine" />
<meta property="article:modified_time" content="2023-08-23T08:10:37+00:00" />
<meta property="og:image" content="https://villa-albertine.org/wp-content/uploads/2023/08/Isabelle20Olivier20_20Credit_20Piero20Ottaviano28129.jpeg" />
	<meta property="og:image:width" content="1392" />
	<meta property="og:image:height" content="1242" />
	<meta property="og:image:type" content="image/jpeg" />
<meta name="twitter:card" content="summary_large_image" />
<meta name="twitter:label1" content="Durée de lecture estimée" />
	<meta name="twitter:data1" content="1 minute" />
<script type="application/ld+json" class="yoast-schema-graph">{"@context":"https:\/\/schema.org","@graph":[{"@type":"WebPage","@id":"https:\/\/villa-albertine.org\/va\/fr\/events\/oasis-concert\/","url":"https:\/\/villa-albertine.org\/va\/fr\/events\/oasis-concert\/","name":"OASIS Concert - Villa Albertine","isPartOf":{"@id":"https:\/\/villa-albertine.org\/va\/fr\/#website"},"primaryImageOfPage":{"@id":"https:\/\/villa-albertine.org\/va\/fr\/events\/oasis-concert\/#primaryimage"},"image":{"@id":"https:\/\/villa-albertine.org\/va\/fr\/events\/oasis-concert\/#primaryimage"},"thumbnailUrl":"https:\/\/villa-albertine.org\/wp-content\/uploads\/2023\/08\/Isabelle20Olivier20_20Credit_20Piero20Ottaviano28129.jpeg","datePublished":"2021-10-14T18:21:34+00:00","dateModified":"2023-08-23T08:10:37+00:00","breadcrumb":{"@id":"https:\/\/villa-albertine.org\/va\/fr\/events\/oasis-concert\/#breadcrumb"},"inLanguage":"fr-FR","potentialAction":[{"@type":"ReadAction","target":["https:\/\/villa-albertine.org\/va\/fr\/events\/oasis-concert\/"]}]},{"@type":"ImageObject","inLanguage":"fr-FR","@id":"https:\/\/villa-albertine.org\/va\/fr\/events\/oasis-concert\/#primaryimage","url":"https:\/\/villa-albertine.org\/wp-content\/uploads\/2023\/08\/Isabelle20Olivier20_20Credit_20Piero20Ottaviano28129.jpeg","contentUrl":"https:\/\/villa-albertine.org\/wp-content\/uploads\/2023\/08\/Isabelle20Olivier20_20Credit_20Piero20Ottaviano28129.jpeg","width":1392,"height":1242},{"@type":"BreadcrumbList","@id":"https:\/\/villa-albertine.org\/va\/fr\/events\/oasis-concert\/#breadcrumb","itemListElement":[{"@type":"ListItem","position":1,"name":"Home","item":"https:\/\/villa-albertine.org\/va\/fr\/home\/"},{"@type":"ListItem","position":2,"name":"OASIS Concert"}]},{"@type":"WebSite","@id":"https:\/\/villa-albertine.org\/va\/fr\/#website","url":"https:\/\/villa-albertine.org\/va\/fr\/","name":"Villa Albertine","description":"","potentialAction":[{"@type":"SearchAction","target":{"@type":"EntryPoint","urlTemplate":"https:\/\/villa-albertine.org\/va\/fr\/?s={search_term_string}"},"query-input":{"@type":"PropertyValueSpecification","valueRequired":true,"valueName":"search_term_string"}}],"inLanguage":"fr-FR"}]}</script>
<!-- / Yoast SEO plugin. -->

La harpiste de jazz Isabelle Olivier poursuit son voyage à la croisée des cultures et des musiques avec son nouveau projet : OASIS (Olivier Abbasi Sound In Sound), qui est né de la rencontre avec le grand guitariste de jazz américain d&rsquo;origine pakistanaise Rez Abbasi. Cet album « OASIS » a été autant acclamé par la presse internationale...
