{"id":63458,"date":"2021-10-17T19:46:07","date_gmt":"2021-10-17T19:46:07","guid":{"rendered":"https:\/\/villa-albertine.org\/events\/mystery-motion-african-american-masking-and-spirituality-mardi-gras-2\/"},"modified":"2023-08-23T08:10:36","modified_gmt":"2023-08-23T08:10:36","slug":"mystery-motion-african-american-masking-and-spirituality-mardi-gras","status":"publish","type":"app_event","link":"https:\/\/villa-albertine.org\/va\/fr\/events\/mystery-motion-african-american-masking-and-spirituality-mardi-gras\/","title":{"rendered":"Mystery in Motion: African American Masking and Spirituality in Mardi Gras"},"content":{"rendered":"<p>Les conservateurs invit\u00e9s, Kim Vaz-Deville et Ron Bechet, de l&rsquo;Universit\u00e9 Xavier de Louisiane explorent ce sujet \u00e0 travers la pr\u00e9sentation de plus de nombreux costumes de carnaval et de masques en dialogue avec d&rsquo;extraordinaires artefacts africains repr\u00e9sentatifs des cultures, des religions et de l&rsquo;art qui ont influenc\u00e9 leur cr\u00e9ation. Ces objets sont pr\u00eat\u00e9s par les collections du Mus\u00e9e du Quai Branly-Jacques Chirac \u00e0 Paris et de la Southern University \u00e0 la Nouvelle-Orl\u00e9ans.<\/p>\n<p>\u00a0<\/p>\n<p>Les Afro-Am\u00e9ricains de la Nouvelle-Orl\u00e9ans ont longtemps utilis\u00e9 Mardi Gras comme cadre d\u2019expression spirituelle faisant \u00e9cho aux syst\u00e8mes de croyance africains, islamiques, am\u00e9rindiens et europ\u00e9ens. <em>Mystery in Motion<\/em> c\u00e9l\u00e8bre la fa\u00e7on dont les gangs de squelettes, les Baby Dolls et les krewes traditionnels de parade Oshun et Nefertiti incorporent des th\u00e8mes spirituels provenant de diverses sources pour cr\u00e9er des masques, des costumes et des rituels de Mardi Gras profond\u00e9ment ancr\u00e9s dans une exp\u00e9rience partag\u00e9e.<\/p>\n<blockquote>\n<p>\u00ab\u00a0Il y a tellement de choses qui se passent le jour de Mardi Gras qu&rsquo;il est impossible d&rsquo;en saisir tous les aspects, les sons et les exp\u00e9riences. L&rsquo;objectif de l&rsquo;exposition est d&rsquo;offrir une occasion de contempler les dimensions spirituelles des masques afro-am\u00e9ricains de Mardi Gras qui sont cach\u00e9es au grand jour\u00a0\u00bb, explique la commissaire invit\u00e9e Kim Vaz-Deville.<\/p>\n<\/blockquote>\n<p>L&rsquo;exposition pr\u00e9sente des costumes de \u00ab\u00a0Black Indians\u00a0\u00bb\u00a0pr\u00eat\u00e9s par leurs cr\u00e9ateurs. Par exemple, le costume de Marie Laveau du grand chef Alfred Doucette repr\u00e9sente la tombe de la reine vaudou dans le cimeti\u00e8re n\u00b0 1 de Saint-Louis, entour\u00e9e de l&rsquo;espion, de l&rsquo;homme sauvage et du porte-drapeau de la tribu de Doucette, les Flaming Arrows, qui r\u00e9veillent son esprit le matin de Mardi Gras.<\/p>\n<p><em>Mystery in Motion<\/em>\u00a0est pr\u00e9sent\u00e9e \u00e0 la Nouvelle-Orl\u00e9ans jusqu&rsquo;au 28 novembre 2021. Apr\u00e8s son passage au Presbyt\u00e8re, l&rsquo;exposition fera partie d&rsquo;une plus grande exposition, <em>Les Black Indians de La Nouvelle-Orl\u00e9ans<\/em>, au Mus\u00e9e du Quai Branly-Jacques Chirac, dont l&rsquo;ouverture est pr\u00e9vue \u00e0 l&rsquo;automne 2022. Pour plus d&rsquo;informations sur l&rsquo;exposition et la programmation associ\u00e9e, visitez louisianastatemuseum.org.<\/p>\n<p>Cette exposition est financ\u00e9e en partie gr\u00e2ce \u00e0 une subvention de la Louisiana Endowment for the Humanities, un \u00c9tat affili\u00e9 \u00e0 la National Endowment for the Humanities.<\/p>\n<p><em>Auteur : Cet article a \u00e9t\u00e9 \u00e9crit par le personnel du Louisiana State Museum et publi\u00e9 dans<\/em> <em>\u00a0<\/em><a href=\"https:\/\/64parishes.org\/\"><em><u>64 parishes<\/u><\/em><\/a><em>,<\/em>\u00a0<em>le magazine trimestriel du Louisiana Endowment for the Humanities.<\/em><\/p>\n<p>Lien vers l&rsquo;article original <a href=\"https:\/\/64parishes.org\/mystery-in-motion\">ici.<\/a><\/p>\n<p><a href=\"http:\/\/mysteryinmotion.info\/\">Pour plus d&rsquo;informations sur l&rsquo;exposition.<\/a><\/p>\n","protected":false},"featured_media":58309,"menu_order":0,"template":"","app_discipline":[275,265,280],"app_city_tax":[272],"app_event_type":[290],"class_list":["post-63458","app_event","type-app_event","status-publish","has-post-thumbnail","hentry","app_discipline-arts-de-la-scene-fr","app_discipline-arts-visuels-fr","app_discipline-musees-fr","app_city_tax-nola-fr","app_event_type-exposition-fr"],"acf":[],"yoast_head":"<!-- This site is optimized with the Yoast SEO plugin v27.3 - https:\/\/yoast.com\/product\/yoast-seo-wordpress\/ -->\n<title>Mystery in Motion: African American Masking and Spirituality in Mardi Gras - Villa Albertine<\/title>\n<meta name=\"robots\" content=\"index, follow, max-snippet:-1, max-image-preview:large, max-video-preview:-1\" \/>\n<link rel=\"canonical\" href=\"https:\/\/villa-albertine.org\/va\/fr\/events\/mystery-motion-african-american-masking-and-spirituality-mardi-gras\/\" \/>\n<meta property=\"og:locale\" content=\"fr_FR\" \/>\n<meta property=\"og:type\" content=\"article\" \/>\n<meta property=\"og:title\" content=\"Mystery in Motion: African American Masking and Spirituality in Mardi Gras - Villa Albertine\" \/>\n<meta property=\"og:description\" content=\"Les conservateurs invit\u00e9s, Kim Vaz-Deville et Ron Bechet, de l&rsquo;Universit\u00e9 Xavier de Louisiane explorent ce sujet \u00e0 travers la pr\u00e9sentation de plus de nombreux costumes de carnaval et de masques en dialogue avec d&rsquo;extraordinaires artefacts africains repr\u00e9sentatifs des cultures, des religions et de l&rsquo;art qui ont influenc\u00e9 leur cr\u00e9ation. Ces objets sont pr\u00eat\u00e9s par les...\" \/>\n<meta property=\"og:url\" content=\"https:\/\/villa-albertine.org\/va\/fr\/events\/mystery-motion-african-american-masking-and-spirituality-mardi-gras\/\" \/>\n<meta property=\"og:site_name\" content=\"Villa Albertine\" \/>\n<meta property=\"article:modified_time\" content=\"2023-08-23T08:10:36+00:00\" \/>\n<meta property=\"og:image\" content=\"https:\/\/villa-albertine.org\/wp-content\/uploads\/2023\/08\/photo20audoin.png\" \/>\n\t<meta property=\"og:image:width\" content=\"600\" \/>\n\t<meta property=\"og:image:height\" content=\"308\" \/>\n\t<meta property=\"og:image:type\" content=\"image\/png\" \/>\n<meta name=\"twitter:card\" content=\"summary_large_image\" \/>\n<meta name=\"twitter:label1\" content=\"Dur\u00e9e de lecture estim\u00e9e\" \/>\n\t<meta name=\"twitter:data1\" content=\"2 minutes\" \/>\n<script type=\"application\/ld+json\" class=\"yoast-schema-graph\">{\"@context\":\"https:\\\/\\\/schema.org\",\"@graph\":[{\"@type\":\"WebPage\",\"@id\":\"https:\\\/\\\/villa-albertine.org\\\/va\\\/fr\\\/events\\\/mystery-motion-african-american-masking-and-spirituality-mardi-gras\\\/\",\"url\":\"https:\\\/\\\/villa-albertine.org\\\/va\\\/fr\\\/events\\\/mystery-motion-african-american-masking-and-spirituality-mardi-gras\\\/\",\"name\":\"Mystery in Motion: African American Masking and Spirituality in Mardi Gras - Villa Albertine\",\"isPartOf\":{\"@id\":\"https:\\\/\\\/villa-albertine.org\\\/va\\\/fr\\\/#website\"},\"primaryImageOfPage\":{\"@id\":\"https:\\\/\\\/villa-albertine.org\\\/va\\\/fr\\\/events\\\/mystery-motion-african-american-masking-and-spirituality-mardi-gras\\\/#primaryimage\"},\"image\":{\"@id\":\"https:\\\/\\\/villa-albertine.org\\\/va\\\/fr\\\/events\\\/mystery-motion-african-american-masking-and-spirituality-mardi-gras\\\/#primaryimage\"},\"thumbnailUrl\":\"https:\\\/\\\/villa-albertine.org\\\/wp-content\\\/uploads\\\/2023\\\/08\\\/photo20audoin.png\",\"datePublished\":\"2021-10-17T19:46:07+00:00\",\"dateModified\":\"2023-08-23T08:10:36+00:00\",\"breadcrumb\":{\"@id\":\"https:\\\/\\\/villa-albertine.org\\\/va\\\/fr\\\/events\\\/mystery-motion-african-american-masking-and-spirituality-mardi-gras\\\/#breadcrumb\"},\"inLanguage\":\"fr-FR\",\"potentialAction\":[{\"@type\":\"ReadAction\",\"target\":[\"https:\\\/\\\/villa-albertine.org\\\/va\\\/fr\\\/events\\\/mystery-motion-african-american-masking-and-spirituality-mardi-gras\\\/\"]}]},{\"@type\":\"ImageObject\",\"inLanguage\":\"fr-FR\",\"@id\":\"https:\\\/\\\/villa-albertine.org\\\/va\\\/fr\\\/events\\\/mystery-motion-african-american-masking-and-spirituality-mardi-gras\\\/#primaryimage\",\"url\":\"https:\\\/\\\/villa-albertine.org\\\/wp-content\\\/uploads\\\/2023\\\/08\\\/photo20audoin.png\",\"contentUrl\":\"https:\\\/\\\/villa-albertine.org\\\/wp-content\\\/uploads\\\/2023\\\/08\\\/photo20audoin.png\",\"width\":600,\"height\":308},{\"@type\":\"BreadcrumbList\",\"@id\":\"https:\\\/\\\/villa-albertine.org\\\/va\\\/fr\\\/events\\\/mystery-motion-african-american-masking-and-spirituality-mardi-gras\\\/#breadcrumb\",\"itemListElement\":[{\"@type\":\"ListItem\",\"position\":1,\"name\":\"Home\",\"item\":\"https:\\\/\\\/villa-albertine.org\\\/va\\\/fr\\\/home\\\/\"},{\"@type\":\"ListItem\",\"position\":2,\"name\":\"Mystery in Motion: African American Masking and Spirituality in Mardi Gras\"}]},{\"@type\":\"WebSite\",\"@id\":\"https:\\\/\\\/villa-albertine.org\\\/va\\\/fr\\\/#website\",\"url\":\"https:\\\/\\\/villa-albertine.org\\\/va\\\/fr\\\/\",\"name\":\"Villa Albertine\",\"description\":\"\",\"potentialAction\":[{\"@type\":\"SearchAction\",\"target\":{\"@type\":\"EntryPoint\",\"urlTemplate\":\"https:\\\/\\\/villa-albertine.org\\\/va\\\/fr\\\/?s={search_term_string}\"},\"query-input\":{\"@type\":\"PropertyValueSpecification\",\"valueRequired\":true,\"valueName\":\"search_term_string\"}}],\"inLanguage\":\"fr-FR\"}]}<\/script>\n<!-- \/ Yoast SEO plugin. -->","yoast_head_json":{"title":"Mystery in Motion: African American Masking and Spirituality in Mardi Gras - Villa Albertine","robots":{"index":"index","follow":"follow","max-snippet":"max-snippet:-1","max-image-preview":"max-image-preview:large","max-video-preview":"max-video-preview:-1"},"canonical":"https:\/\/villa-albertine.org\/va\/fr\/events\/mystery-motion-african-american-masking-and-spirituality-mardi-gras\/","og_locale":"fr_FR","og_type":"article","og_title":"Mystery in Motion: African American Masking and Spirituality in Mardi Gras - Villa Albertine","og_description":"Les conservateurs invit\u00e9s, Kim Vaz-Deville et Ron Bechet, de l&rsquo;Universit\u00e9 Xavier de Louisiane explorent ce sujet \u00e0 travers la pr\u00e9sentation de plus de nombreux costumes de carnaval et de masques en dialogue avec d&rsquo;extraordinaires artefacts africains repr\u00e9sentatifs des cultures, des religions et de l&rsquo;art qui ont influenc\u00e9 leur cr\u00e9ation. Ces objets sont pr\u00eat\u00e9s par les...","og_url":"https:\/\/villa-albertine.org\/va\/fr\/events\/mystery-motion-african-american-masking-and-spirituality-mardi-gras\/","og_site_name":"Villa Albertine","article_modified_time":"2023-08-23T08:10:36+00:00","og_image":[{"width":600,"height":308,"url":"https:\/\/villa-albertine.org\/wp-content\/uploads\/2023\/08\/photo20audoin.png","type":"image\/png"}],"twitter_card":"summary_large_image","twitter_misc":{"Dur\u00e9e de lecture estim\u00e9e":"2 minutes"},"schema":{"@context":"https:\/\/schema.org","@graph":[{"@type":"WebPage","@id":"https:\/\/villa-albertine.org\/va\/fr\/events\/mystery-motion-african-american-masking-and-spirituality-mardi-gras\/","url":"https:\/\/villa-albertine.org\/va\/fr\/events\/mystery-motion-african-american-masking-and-spirituality-mardi-gras\/","name":"Mystery in Motion: African American Masking and Spirituality in Mardi Gras - Villa Albertine","isPartOf":{"@id":"https:\/\/villa-albertine.org\/va\/fr\/#website"},"primaryImageOfPage":{"@id":"https:\/\/villa-albertine.org\/va\/fr\/events\/mystery-motion-african-american-masking-and-spirituality-mardi-gras\/#primaryimage"},"image":{"@id":"https:\/\/villa-albertine.org\/va\/fr\/events\/mystery-motion-african-american-masking-and-spirituality-mardi-gras\/#primaryimage"},"thumbnailUrl":"https:\/\/villa-albertine.org\/wp-content\/uploads\/2023\/08\/photo20audoin.png","datePublished":"2021-10-17T19:46:07+00:00","dateModified":"2023-08-23T08:10:36+00:00","breadcrumb":{"@id":"https:\/\/villa-albertine.org\/va\/fr\/events\/mystery-motion-african-american-masking-and-spirituality-mardi-gras\/#breadcrumb"},"inLanguage":"fr-FR","potentialAction":[{"@type":"ReadAction","target":["https:\/\/villa-albertine.org\/va\/fr\/events\/mystery-motion-african-american-masking-and-spirituality-mardi-gras\/"]}]},{"@type":"ImageObject","inLanguage":"fr-FR","@id":"https:\/\/villa-albertine.org\/va\/fr\/events\/mystery-motion-african-american-masking-and-spirituality-mardi-gras\/#primaryimage","url":"https:\/\/villa-albertine.org\/wp-content\/uploads\/2023\/08\/photo20audoin.png","contentUrl":"https:\/\/villa-albertine.org\/wp-content\/uploads\/2023\/08\/photo20audoin.png","width":600,"height":308},{"@type":"BreadcrumbList","@id":"https:\/\/villa-albertine.org\/va\/fr\/events\/mystery-motion-african-american-masking-and-spirituality-mardi-gras\/#breadcrumb","itemListElement":[{"@type":"ListItem","position":1,"name":"Home","item":"https:\/\/villa-albertine.org\/va\/fr\/home\/"},{"@type":"ListItem","position":2,"name":"Mystery in Motion: African American Masking and Spirituality in Mardi Gras"}]},{"@type":"WebSite","@id":"https:\/\/villa-albertine.org\/va\/fr\/#website","url":"https:\/\/villa-albertine.org\/va\/fr\/","name":"Villa Albertine","description":"","potentialAction":[{"@type":"SearchAction","target":{"@type":"EntryPoint","urlTemplate":"https:\/\/villa-albertine.org\/va\/fr\/?s={search_term_string}"},"query-input":{"@type":"PropertyValueSpecification","valueRequired":true,"valueName":"search_term_string"}}],"inLanguage":"fr-FR"}]}},"_links":{"self":[{"href":"https:\/\/villa-albertine.org\/va\/fr\/wp-json\/wp\/v2\/app_event\/63458","targetHints":{"allow":["GET"]}}],"collection":[{"href":"https:\/\/villa-albertine.org\/va\/fr\/wp-json\/wp\/v2\/app_event"}],"about":[{"href":"https:\/\/villa-albertine.org\/va\/fr\/wp-json\/wp\/v2\/types\/app_event"}],"wp:featuredmedia":[{"embeddable":true,"href":"https:\/\/villa-albertine.org\/va\/fr\/wp-json\/wp\/v2\/media\/58309"}],"wp:attachment":[{"href":"https:\/\/villa-albertine.org\/va\/fr\/wp-json\/wp\/v2\/media?parent=63458"}],"wp:term":[{"taxonomy":"app_discipline","embeddable":true,"href":"https:\/\/villa-albertine.org\/va\/fr\/wp-json\/wp\/v2\/app_discipline?post=63458"},{"taxonomy":"app_city_tax","embeddable":true,"href":"https:\/\/villa-albertine.org\/va\/fr\/wp-json\/wp\/v2\/app_city_tax?post=63458"},{"taxonomy":"app_event_type","embeddable":true,"href":"https:\/\/villa-albertine.org\/va\/fr\/wp-json\/wp\/v2\/app_event_type?post=63458"}],"curies":[{"name":"wp","href":"https:\/\/api.w.org\/{rel}","templated":true}]}}

<p>Les conservateurs invités, Kim Vaz-Deville et Ron Bechet, de l&rsquo;Université Xavier de Louisiane explorent ce sujet à travers la présentation de plus de nombreux costumes de carnaval et de masques en dialogue avec d&rsquo;extraordinaires artefacts africains représentatifs des cultures, des religions et de l&rsquo;art qui ont influencé leur création. Ces objets sont prêtés par les collections du Musée du Quai Branly-Jacques Chirac à Paris et de la Southern University à la Nouvelle-Orléans.</p>
<p> </p>
<p>Les Afro-Américains de la Nouvelle-Orléans ont longtemps utilisé Mardi Gras comme cadre d’expression spirituelle faisant écho aux systèmes de croyance africains, islamiques, amérindiens et européens. <em>Mystery in Motion</em> célèbre la façon dont les gangs de squelettes, les Baby Dolls et les krewes traditionnels de parade Oshun et Nefertiti incorporent des thèmes spirituels provenant de diverses sources pour créer des masques, des costumes et des rituels de Mardi Gras profondément ancrés dans une expérience partagée.</p>
<blockquote>
<p>« Il y a tellement de choses qui se passent le jour de Mardi Gras qu&rsquo;il est impossible d&rsquo;en saisir tous les aspects, les sons et les expériences. L&rsquo;objectif de l&rsquo;exposition est d&rsquo;offrir une occasion de contempler les dimensions spirituelles des masques afro-américains de Mardi Gras qui sont cachées au grand jour », explique la commissaire invitée Kim Vaz-Deville.</p>
</blockquote>
<p>L&rsquo;exposition présente des costumes de « Black Indians » prêtés par leurs créateurs. Par exemple, le costume de Marie Laveau du grand chef Alfred Doucette représente la tombe de la reine vaudou dans le cimetière n° 1 de Saint-Louis, entourée de l&rsquo;espion, de l&rsquo;homme sauvage et du porte-drapeau de la tribu de Doucette, les Flaming Arrows, qui réveillent son esprit le matin de Mardi Gras.</p>
<p><em>Mystery in Motion</em> est présentée à la Nouvelle-Orléans jusqu&rsquo;au 28 novembre 2021. Après son passage au Presbytère, l&rsquo;exposition fera partie d&rsquo;une plus grande exposition, <em>Les Black Indians de La Nouvelle-Orléans</em>, au Musée du Quai Branly-Jacques Chirac, dont l&rsquo;ouverture est prévue à l&rsquo;automne 2022. Pour plus d&rsquo;informations sur l&rsquo;exposition et la programmation associée, visitez louisianastatemuseum.org.</p>
<p>Cette exposition est financée en partie grâce à une subvention de la Louisiana Endowment for the Humanities, un État affilié à la National Endowment for the Humanities.</p>
<p><em>Auteur : Cet article a été écrit par le personnel du Louisiana State Museum et publié dans</em> <em> </em><a href="https://64parishes.org/"><em><u>64 parishes</u></em></a><em>,</em> <em>le magazine trimestriel du Louisiana Endowment for the Humanities.</em></p>
<p>Lien vers l&rsquo;article original <a href="https://64parishes.org/mystery-in-motion">ici.</a></p>
<p><a href="http://mysteryinmotion.info/">Pour plus d&rsquo;informations sur l&rsquo;exposition.</a></p>

<!-- This site is optimized with the Yoast SEO plugin v27.3 - https://yoast.com/product/yoast-seo-wordpress/ -->
<title>Mystery in Motion: African American Masking and Spirituality in Mardi Gras - Villa Albertine</title>
<meta name="robots" content="index, follow, max-snippet:-1, max-image-preview:large, max-video-preview:-1" />
<link rel="canonical" href="https://villa-albertine.org/va/fr/events/mystery-motion-african-american-masking-and-spirituality-mardi-gras/" />
<meta property="og:locale" content="fr_FR" />
<meta property="og:type" content="article" />
<meta property="og:title" content="Mystery in Motion: African American Masking and Spirituality in Mardi Gras - Villa Albertine" />
<meta property="og:description" content="Les conservateurs invités, Kim Vaz-Deville et Ron Bechet, de l&rsquo;Université Xavier de Louisiane explorent ce sujet à travers la présentation de plus de nombreux costumes de carnaval et de masques en dialogue avec d&rsquo;extraordinaires artefacts africains représentatifs des cultures, des religions et de l&rsquo;art qui ont influencé leur création. Ces objets sont prêtés par les..." />
<meta property="og:url" content="https://villa-albertine.org/va/fr/events/mystery-motion-african-american-masking-and-spirituality-mardi-gras/" />
<meta property="og:site_name" content="Villa Albertine" />
<meta property="article:modified_time" content="2023-08-23T08:10:36+00:00" />
<meta property="og:image" content="https://villa-albertine.org/wp-content/uploads/2023/08/photo20audoin.png" />
	<meta property="og:image:width" content="600" />
	<meta property="og:image:height" content="308" />
	<meta property="og:image:type" content="image/png" />
<meta name="twitter:card" content="summary_large_image" />
<meta name="twitter:label1" content="Durée de lecture estimée" />
	<meta name="twitter:data1" content="2 minutes" />
<script type="application/ld+json" class="yoast-schema-graph">{"@context":"https:\/\/schema.org","@graph":[{"@type":"WebPage","@id":"https:\/\/villa-albertine.org\/va\/fr\/events\/mystery-motion-african-american-masking-and-spirituality-mardi-gras\/","url":"https:\/\/villa-albertine.org\/va\/fr\/events\/mystery-motion-african-american-masking-and-spirituality-mardi-gras\/","name":"Mystery in Motion: African American Masking and Spirituality in Mardi Gras - Villa Albertine","isPartOf":{"@id":"https:\/\/villa-albertine.org\/va\/fr\/#website"},"primaryImageOfPage":{"@id":"https:\/\/villa-albertine.org\/va\/fr\/events\/mystery-motion-african-american-masking-and-spirituality-mardi-gras\/#primaryimage"},"image":{"@id":"https:\/\/villa-albertine.org\/va\/fr\/events\/mystery-motion-african-american-masking-and-spirituality-mardi-gras\/#primaryimage"},"thumbnailUrl":"https:\/\/villa-albertine.org\/wp-content\/uploads\/2023\/08\/photo20audoin.png","datePublished":"2021-10-17T19:46:07+00:00","dateModified":"2023-08-23T08:10:36+00:00","breadcrumb":{"@id":"https:\/\/villa-albertine.org\/va\/fr\/events\/mystery-motion-african-american-masking-and-spirituality-mardi-gras\/#breadcrumb"},"inLanguage":"fr-FR","potentialAction":[{"@type":"ReadAction","target":["https:\/\/villa-albertine.org\/va\/fr\/events\/mystery-motion-african-american-masking-and-spirituality-mardi-gras\/"]}]},{"@type":"ImageObject","inLanguage":"fr-FR","@id":"https:\/\/villa-albertine.org\/va\/fr\/events\/mystery-motion-african-american-masking-and-spirituality-mardi-gras\/#primaryimage","url":"https:\/\/villa-albertine.org\/wp-content\/uploads\/2023\/08\/photo20audoin.png","contentUrl":"https:\/\/villa-albertine.org\/wp-content\/uploads\/2023\/08\/photo20audoin.png","width":600,"height":308},{"@type":"BreadcrumbList","@id":"https:\/\/villa-albertine.org\/va\/fr\/events\/mystery-motion-african-american-masking-and-spirituality-mardi-gras\/#breadcrumb","itemListElement":[{"@type":"ListItem","position":1,"name":"Home","item":"https:\/\/villa-albertine.org\/va\/fr\/home\/"},{"@type":"ListItem","position":2,"name":"Mystery in Motion: African American Masking and Spirituality in Mardi Gras"}]},{"@type":"WebSite","@id":"https:\/\/villa-albertine.org\/va\/fr\/#website","url":"https:\/\/villa-albertine.org\/va\/fr\/","name":"Villa Albertine","description":"","potentialAction":[{"@type":"SearchAction","target":{"@type":"EntryPoint","urlTemplate":"https:\/\/villa-albertine.org\/va\/fr\/?s={search_term_string}"},"query-input":{"@type":"PropertyValueSpecification","valueRequired":true,"valueName":"search_term_string"}}],"inLanguage":"fr-FR"}]}</script>
<!-- / Yoast SEO plugin. -->

Les conservateurs invités, Kim Vaz-Deville et Ron Bechet, de l&rsquo;Université Xavier de Louisiane explorent ce sujet à travers la présentation de plus de nombreux costumes de carnaval et de masques en dialogue avec d&rsquo;extraordinaires artefacts africains représentatifs des cultures, des religions et de l&rsquo;art qui ont influencé leur création. Ces objets sont prêtés par les...
