{"id":63444,"date":"2021-10-08T18:35:48","date_gmt":"2021-10-08T18:35:48","guid":{"rendered":"https:\/\/villa-albertine.org\/events\/2021-denver-film-festival-2\/"},"modified":"2023-08-23T08:10:35","modified_gmt":"2023-08-23T08:10:35","slug":"2021-denver-film-festival","status":"publish","type":"app_event","link":"https:\/\/villa-albertine.org\/va\/fr\/events\/2021-denver-film-festival\/","title":{"rendered":"2021 Denver Film Festival"},"content":{"rendered":"<p>Cr\u00e9\u00e9 en 1978, le Denver Film Festival se d\u00e9roule tous les ans \u00e0 Denver, Colorado. Sa programmation a toujours \u00e9t\u00e9 constitu\u00e9e d&rsquo;un large \u00e9ventail de films : \u00e0 la fois des productions commerciales et ind\u00e9pendantes, am\u00e9ricaines et internationales. La 44e \u00e9dition du festival se d\u00e9roulera cette ann\u00e9e du <strong>mercredi 3 <\/strong>au<strong> dimanche 4 novembre<\/strong>. Plus de 30 productions et co-productions fran\u00e7aises y seront projet\u00e9es !<\/p>\n\n<p>Alors que la pand\u00e9mie de COVID-19 a contraint la 43e \u00e9dition du festival \u00e0 se d\u00e9rouler int\u00e9gralement en ligne, et m\u00eame s&rsquo;il y aura des projections virtuelles cette ann\u00e9e aussi, <strong>les spectateur pourrons participer \u00e0 l&rsquo;\u00e9dition de cette ann\u00e9e en personne<\/strong> ! Leur patience sera r\u00e9compens\u00e9e avec la programmation de <strong>233 films<\/strong> diff\u00e9rents, r\u00e9partis au sein de <strong>16 s\u00e9lections <\/strong>!<\/p>\n\n<p>\u00a0<\/p>\n<figure class=\"wp-block-image size-full\">\n\t<img loading=\"lazy\" decoding=\"async\" width=\"1392\" height=\"932\" src=\"https:\/\/villa-albertine.org\/wp-content\/uploads\/2023\/08\/spencer.png\" class=\"attachment-full size-full\" alt=\"\" srcset=\"https:\/\/villa-albertine.org\/wp-content\/uploads\/2023\/08\/spencer.png 1392w, https:\/\/villa-albertine.org\/wp-content\/uploads\/2023\/08\/spencer-300x201.png 300w, https:\/\/villa-albertine.org\/wp-content\/uploads\/2023\/08\/spencer-1024x686.png 1024w, https:\/\/villa-albertine.org\/wp-content\/uploads\/2023\/08\/spencer-768x514.png 768w\" sizes=\"auto, (max-width: 1392px) 100vw, 1392px\" \/>\n\t<\/figure>\n<p>Le 3 novembre, le festival sera inaugur\u00e9 par la projection du dernier biopic r\u00e9alis\u00e9 par Pablo Larrain,\u00a0<strong><em>Spencer<\/em><\/strong>, qui met en sc\u00e8ne Kristen Stewart dans le r\u00f4le de la Princesse Diana. Parmi les films les plus attendus de la s\u00e9lection de cette ann\u00e9e, les festivaliers pourront voir\u00a0<em>Madres paralelas\u00a0<\/em>(Pedro Almodovar),\u00a0<em>Red Rocket\u00a0<\/em>(Sean Baker) ou encore\u00a0<em>Drive My Car\u00a0<\/em>(Ryuzuke Hamaguchi), le prix du sc\u00e9nario du festival de Cannes de cette ann\u00e9e.<\/p>\n\n<p>Pour la 12e ann\u00e9e cons\u00e9cutive, gr\u00e2ce \u00e0 un partenariat avec l&rsquo;Alliance Fran\u00e7aise, <strong>la s\u00e9lection <a href=\"https:\/\/www.denverfilm.org\/denverfilmfestival\/dff44\/jadore\/\">\u00ab\u00a0jadore\u00a0\u00bb<\/a><\/strong> qui est exclusivement d\u00e9di\u00e9e au cin\u00e9ma fran\u00e7ais comprendra 12 films, dont\u00a0<em>Petite Maman\u00a0<\/em>(C\u00e9line Sciamma),\u00a0<em>Vortex\u00a0<\/em>(Gaspar No\u00e9),\u00a0<em>Nous<\/em>\u00a0(Alice Diop)<em>\u00a0<\/em><em>After Blue (Paradis sale)\u00a0<\/em>(Bertrand Mandico) et\u00a0<em>France\u00a0<\/em>(Bruno Dumont).<\/p>\n\n<p>En tout et pour tout, plus de <strong>30 productions et co-productions fran\u00e7aises<\/strong> feront partie des diff\u00e9rentes s\u00e9lections de la programmation du 44e Denver Film Festival !<\/p>\n\n<p>Pour une pr\u00e9sentation compl\u00e8te de la programmation de 2021, merci de consulter le\u00a0<strong><a href=\"https:\/\/denverfilmfestival.eventive.org\/welcome\">programme complet de la 44e \u00e9dition du Denver Film Festival<\/a>.<\/strong><\/p>","protected":false},"featured_media":58279,"menu_order":0,"template":"","app_discipline":[266],"app_city_tax":[267],"app_event_type":[285],"class_list":["post-63444","app_event","type-app_event","status-publish","has-post-thumbnail","hentry","app_discipline-cinema-fr","app_city_tax-la-fr","app_event_type-festival-fr"],"acf":[],"yoast_head":"<!-- This site is optimized with the Yoast SEO plugin v27.3 - https:\/\/yoast.com\/product\/yoast-seo-wordpress\/ -->\n<title>2021 Denver Film Festival - Villa Albertine<\/title>\n<meta name=\"robots\" content=\"index, follow, max-snippet:-1, max-image-preview:large, max-video-preview:-1\" \/>\n<link rel=\"canonical\" href=\"https:\/\/villa-albertine.org\/va\/fr\/events\/2021-denver-film-festival\/\" \/>\n<meta property=\"og:locale\" content=\"fr_FR\" \/>\n<meta property=\"og:type\" content=\"article\" \/>\n<meta property=\"og:title\" content=\"2021 Denver Film Festival - Villa Albertine\" \/>\n<meta property=\"og:description\" content=\"Cr\u00e9\u00e9 en 1978, le Denver Film Festival se d\u00e9roule tous les ans \u00e0 Denver, Colorado. Sa programmation a toujours \u00e9t\u00e9 constitu\u00e9e d&rsquo;un large \u00e9ventail de films : \u00e0 la fois des productions commerciales et ind\u00e9pendantes, am\u00e9ricaines et internationales. La 44e \u00e9dition du festival se d\u00e9roulera cette ann\u00e9e du mercredi 3 au dimanche 4 novembre. Plus...\" \/>\n<meta property=\"og:url\" content=\"https:\/\/villa-albertine.org\/va\/fr\/events\/2021-denver-film-festival\/\" \/>\n<meta property=\"og:site_name\" content=\"Villa Albertine\" \/>\n<meta property=\"article:modified_time\" content=\"2023-08-23T08:10:35+00:00\" \/>\n<meta property=\"og:image\" content=\"https:\/\/villa-albertine.org\/wp-content\/uploads\/2023\/08\/denver20film20festival.png\" \/>\n\t<meta property=\"og:image:width\" content=\"1235\" \/>\n\t<meta property=\"og:image:height\" content=\"247\" \/>\n\t<meta property=\"og:image:type\" content=\"image\/png\" \/>\n<meta name=\"twitter:card\" content=\"summary_large_image\" \/>\n<meta name=\"twitter:label1\" content=\"Dur\u00e9e de lecture estim\u00e9e\" \/>\n\t<meta name=\"twitter:data1\" content=\"2 minutes\" \/>\n<script type=\"application\/ld+json\" class=\"yoast-schema-graph\">{\"@context\":\"https:\\\/\\\/schema.org\",\"@graph\":[{\"@type\":\"WebPage\",\"@id\":\"https:\\\/\\\/villa-albertine.org\\\/va\\\/fr\\\/events\\\/2021-denver-film-festival\\\/\",\"url\":\"https:\\\/\\\/villa-albertine.org\\\/va\\\/fr\\\/events\\\/2021-denver-film-festival\\\/\",\"name\":\"2021 Denver Film Festival - Villa Albertine\",\"isPartOf\":{\"@id\":\"https:\\\/\\\/villa-albertine.org\\\/va\\\/fr\\\/#website\"},\"primaryImageOfPage\":{\"@id\":\"https:\\\/\\\/villa-albertine.org\\\/va\\\/fr\\\/events\\\/2021-denver-film-festival\\\/#primaryimage\"},\"image\":{\"@id\":\"https:\\\/\\\/villa-albertine.org\\\/va\\\/fr\\\/events\\\/2021-denver-film-festival\\\/#primaryimage\"},\"thumbnailUrl\":\"https:\\\/\\\/villa-albertine.org\\\/wp-content\\\/uploads\\\/2023\\\/08\\\/denver20film20festival.png\",\"datePublished\":\"2021-10-08T18:35:48+00:00\",\"dateModified\":\"2023-08-23T08:10:35+00:00\",\"breadcrumb\":{\"@id\":\"https:\\\/\\\/villa-albertine.org\\\/va\\\/fr\\\/events\\\/2021-denver-film-festival\\\/#breadcrumb\"},\"inLanguage\":\"fr-FR\",\"potentialAction\":[{\"@type\":\"ReadAction\",\"target\":[\"https:\\\/\\\/villa-albertine.org\\\/va\\\/fr\\\/events\\\/2021-denver-film-festival\\\/\"]}]},{\"@type\":\"ImageObject\",\"inLanguage\":\"fr-FR\",\"@id\":\"https:\\\/\\\/villa-albertine.org\\\/va\\\/fr\\\/events\\\/2021-denver-film-festival\\\/#primaryimage\",\"url\":\"https:\\\/\\\/villa-albertine.org\\\/wp-content\\\/uploads\\\/2023\\\/08\\\/denver20film20festival.png\",\"contentUrl\":\"https:\\\/\\\/villa-albertine.org\\\/wp-content\\\/uploads\\\/2023\\\/08\\\/denver20film20festival.png\",\"width\":1235,\"height\":247},{\"@type\":\"BreadcrumbList\",\"@id\":\"https:\\\/\\\/villa-albertine.org\\\/va\\\/fr\\\/events\\\/2021-denver-film-festival\\\/#breadcrumb\",\"itemListElement\":[{\"@type\":\"ListItem\",\"position\":1,\"name\":\"Home\",\"item\":\"https:\\\/\\\/villa-albertine.org\\\/va\\\/fr\\\/home\\\/\"},{\"@type\":\"ListItem\",\"position\":2,\"name\":\"2021 Denver Film Festival\"}]},{\"@type\":\"WebSite\",\"@id\":\"https:\\\/\\\/villa-albertine.org\\\/va\\\/fr\\\/#website\",\"url\":\"https:\\\/\\\/villa-albertine.org\\\/va\\\/fr\\\/\",\"name\":\"Villa Albertine\",\"description\":\"\",\"potentialAction\":[{\"@type\":\"SearchAction\",\"target\":{\"@type\":\"EntryPoint\",\"urlTemplate\":\"https:\\\/\\\/villa-albertine.org\\\/va\\\/fr\\\/?s={search_term_string}\"},\"query-input\":{\"@type\":\"PropertyValueSpecification\",\"valueRequired\":true,\"valueName\":\"search_term_string\"}}],\"inLanguage\":\"fr-FR\"}]}<\/script>\n<!-- \/ Yoast SEO plugin. -->","yoast_head_json":{"title":"2021 Denver Film Festival - Villa Albertine","robots":{"index":"index","follow":"follow","max-snippet":"max-snippet:-1","max-image-preview":"max-image-preview:large","max-video-preview":"max-video-preview:-1"},"canonical":"https:\/\/villa-albertine.org\/va\/fr\/events\/2021-denver-film-festival\/","og_locale":"fr_FR","og_type":"article","og_title":"2021 Denver Film Festival - Villa Albertine","og_description":"Cr\u00e9\u00e9 en 1978, le Denver Film Festival se d\u00e9roule tous les ans \u00e0 Denver, Colorado. Sa programmation a toujours \u00e9t\u00e9 constitu\u00e9e d&rsquo;un large \u00e9ventail de films : \u00e0 la fois des productions commerciales et ind\u00e9pendantes, am\u00e9ricaines et internationales. La 44e \u00e9dition du festival se d\u00e9roulera cette ann\u00e9e du mercredi 3 au dimanche 4 novembre. Plus...","og_url":"https:\/\/villa-albertine.org\/va\/fr\/events\/2021-denver-film-festival\/","og_site_name":"Villa Albertine","article_modified_time":"2023-08-23T08:10:35+00:00","og_image":[{"width":1235,"height":247,"url":"https:\/\/villa-albertine.org\/wp-content\/uploads\/2023\/08\/denver20film20festival.png","type":"image\/png"}],"twitter_card":"summary_large_image","twitter_misc":{"Dur\u00e9e de lecture estim\u00e9e":"2 minutes"},"schema":{"@context":"https:\/\/schema.org","@graph":[{"@type":"WebPage","@id":"https:\/\/villa-albertine.org\/va\/fr\/events\/2021-denver-film-festival\/","url":"https:\/\/villa-albertine.org\/va\/fr\/events\/2021-denver-film-festival\/","name":"2021 Denver Film Festival - Villa Albertine","isPartOf":{"@id":"https:\/\/villa-albertine.org\/va\/fr\/#website"},"primaryImageOfPage":{"@id":"https:\/\/villa-albertine.org\/va\/fr\/events\/2021-denver-film-festival\/#primaryimage"},"image":{"@id":"https:\/\/villa-albertine.org\/va\/fr\/events\/2021-denver-film-festival\/#primaryimage"},"thumbnailUrl":"https:\/\/villa-albertine.org\/wp-content\/uploads\/2023\/08\/denver20film20festival.png","datePublished":"2021-10-08T18:35:48+00:00","dateModified":"2023-08-23T08:10:35+00:00","breadcrumb":{"@id":"https:\/\/villa-albertine.org\/va\/fr\/events\/2021-denver-film-festival\/#breadcrumb"},"inLanguage":"fr-FR","potentialAction":[{"@type":"ReadAction","target":["https:\/\/villa-albertine.org\/va\/fr\/events\/2021-denver-film-festival\/"]}]},{"@type":"ImageObject","inLanguage":"fr-FR","@id":"https:\/\/villa-albertine.org\/va\/fr\/events\/2021-denver-film-festival\/#primaryimage","url":"https:\/\/villa-albertine.org\/wp-content\/uploads\/2023\/08\/denver20film20festival.png","contentUrl":"https:\/\/villa-albertine.org\/wp-content\/uploads\/2023\/08\/denver20film20festival.png","width":1235,"height":247},{"@type":"BreadcrumbList","@id":"https:\/\/villa-albertine.org\/va\/fr\/events\/2021-denver-film-festival\/#breadcrumb","itemListElement":[{"@type":"ListItem","position":1,"name":"Home","item":"https:\/\/villa-albertine.org\/va\/fr\/home\/"},{"@type":"ListItem","position":2,"name":"2021 Denver Film Festival"}]},{"@type":"WebSite","@id":"https:\/\/villa-albertine.org\/va\/fr\/#website","url":"https:\/\/villa-albertine.org\/va\/fr\/","name":"Villa Albertine","description":"","potentialAction":[{"@type":"SearchAction","target":{"@type":"EntryPoint","urlTemplate":"https:\/\/villa-albertine.org\/va\/fr\/?s={search_term_string}"},"query-input":{"@type":"PropertyValueSpecification","valueRequired":true,"valueName":"search_term_string"}}],"inLanguage":"fr-FR"}]}},"_links":{"self":[{"href":"https:\/\/villa-albertine.org\/va\/fr\/wp-json\/wp\/v2\/app_event\/63444","targetHints":{"allow":["GET"]}}],"collection":[{"href":"https:\/\/villa-albertine.org\/va\/fr\/wp-json\/wp\/v2\/app_event"}],"about":[{"href":"https:\/\/villa-albertine.org\/va\/fr\/wp-json\/wp\/v2\/types\/app_event"}],"wp:featuredmedia":[{"embeddable":true,"href":"https:\/\/villa-albertine.org\/va\/fr\/wp-json\/wp\/v2\/media\/58279"}],"wp:attachment":[{"href":"https:\/\/villa-albertine.org\/va\/fr\/wp-json\/wp\/v2\/media?parent=63444"}],"wp:term":[{"taxonomy":"app_discipline","embeddable":true,"href":"https:\/\/villa-albertine.org\/va\/fr\/wp-json\/wp\/v2\/app_discipline?post=63444"},{"taxonomy":"app_city_tax","embeddable":true,"href":"https:\/\/villa-albertine.org\/va\/fr\/wp-json\/wp\/v2\/app_city_tax?post=63444"},{"taxonomy":"app_event_type","embeddable":true,"href":"https:\/\/villa-albertine.org\/va\/fr\/wp-json\/wp\/v2\/app_event_type?post=63444"}],"curies":[{"name":"wp","href":"https:\/\/api.w.org\/{rel}","templated":true}]}}

<p>Créé en 1978, le Denver Film Festival se déroule tous les ans à Denver, Colorado. Sa programmation a toujours été constituée d&rsquo;un large éventail de films : à la fois des productions commerciales et indépendantes, américaines et internationales. La 44e édition du festival se déroulera cette année du <strong>mercredi 3 </strong>au<strong> dimanche 4 novembre</strong>. Plus de 30 productions et co-productions françaises y seront projetées !</p>

<p>Alors que la pandémie de COVID-19 a contraint la 43e édition du festival à se dérouler intégralement en ligne, et même s&rsquo;il y aura des projections virtuelles cette année aussi, <strong>les spectateur pourrons participer à l&rsquo;édition de cette année en personne</strong> ! Leur patience sera récompensée avec la programmation de <strong>233 films</strong> différents, répartis au sein de <strong>16 sélections </strong>!</p>

<p> </p>
<figure class="wp-block-image size-full">
	<img loading="lazy" decoding="async" width="1392" height="932" src="https://villa-albertine.org/wp-content/uploads/2023/08/spencer.png" class="attachment-full size-full" alt="" srcset="https://villa-albertine.org/wp-content/uploads/2023/08/spencer.png 1392w, https://villa-albertine.org/wp-content/uploads/2023/08/spencer-300x201.png 300w, https://villa-albertine.org/wp-content/uploads/2023/08/spencer-1024x686.png 1024w, https://villa-albertine.org/wp-content/uploads/2023/08/spencer-768x514.png 768w" sizes="auto, (max-width: 1392px) 100vw, 1392px" />
	</figure>
<p>Le 3 novembre, le festival sera inauguré par la projection du dernier biopic réalisé par Pablo Larrain, <strong><em>Spencer</em></strong>, qui met en scène Kristen Stewart dans le rôle de la Princesse Diana. Parmi les films les plus attendus de la sélection de cette année, les festivaliers pourront voir <em>Madres paralelas </em>(Pedro Almodovar), <em>Red Rocket </em>(Sean Baker) ou encore <em>Drive My Car </em>(Ryuzuke Hamaguchi), le prix du scénario du festival de Cannes de cette année.</p>

<p>Pour la 12e année consécutive, grâce à un partenariat avec l&rsquo;Alliance Française, <strong>la sélection <a href="https://www.denverfilm.org/denverfilmfestival/dff44/jadore/">« jadore »</a></strong> qui est exclusivement dédiée au cinéma français comprendra 12 films, dont <em>Petite Maman </em>(Céline Sciamma), <em>Vortex </em>(Gaspar Noé), <em>Nous</em> (Alice Diop)<em> </em><em>After Blue (Paradis sale) </em>(Bertrand Mandico) et <em>France </em>(Bruno Dumont).</p>

<p>En tout et pour tout, plus de <strong>30 productions et co-productions françaises</strong> feront partie des différentes sélections de la programmation du 44e Denver Film Festival !</p>

<p>Pour une présentation complète de la programmation de 2021, merci de consulter le <strong><a href="https://denverfilmfestival.eventive.org/welcome">programme complet de la 44e édition du Denver Film Festival</a>.</strong></p>

<!-- This site is optimized with the Yoast SEO plugin v27.3 - https://yoast.com/product/yoast-seo-wordpress/ -->
<title>2021 Denver Film Festival - Villa Albertine</title>
<meta name="robots" content="index, follow, max-snippet:-1, max-image-preview:large, max-video-preview:-1" />
<link rel="canonical" href="https://villa-albertine.org/va/fr/events/2021-denver-film-festival/" />
<meta property="og:locale" content="fr_FR" />
<meta property="og:type" content="article" />
<meta property="og:title" content="2021 Denver Film Festival - Villa Albertine" />
<meta property="og:description" content="Créé en 1978, le Denver Film Festival se déroule tous les ans à Denver, Colorado. Sa programmation a toujours été constituée d&rsquo;un large éventail de films : à la fois des productions commerciales et indépendantes, américaines et internationales. La 44e édition du festival se déroulera cette année du mercredi 3 au dimanche 4 novembre. Plus..." />
<meta property="og:url" content="https://villa-albertine.org/va/fr/events/2021-denver-film-festival/" />
<meta property="og:site_name" content="Villa Albertine" />
<meta property="article:modified_time" content="2023-08-23T08:10:35+00:00" />
<meta property="og:image" content="https://villa-albertine.org/wp-content/uploads/2023/08/denver20film20festival.png" />
	<meta property="og:image:width" content="1235" />
	<meta property="og:image:height" content="247" />
	<meta property="og:image:type" content="image/png" />
<meta name="twitter:card" content="summary_large_image" />
<meta name="twitter:label1" content="Durée de lecture estimée" />
	<meta name="twitter:data1" content="2 minutes" />
<script type="application/ld+json" class="yoast-schema-graph">{"@context":"https:\/\/schema.org","@graph":[{"@type":"WebPage","@id":"https:\/\/villa-albertine.org\/va\/fr\/events\/2021-denver-film-festival\/","url":"https:\/\/villa-albertine.org\/va\/fr\/events\/2021-denver-film-festival\/","name":"2021 Denver Film Festival - Villa Albertine","isPartOf":{"@id":"https:\/\/villa-albertine.org\/va\/fr\/#website"},"primaryImageOfPage":{"@id":"https:\/\/villa-albertine.org\/va\/fr\/events\/2021-denver-film-festival\/#primaryimage"},"image":{"@id":"https:\/\/villa-albertine.org\/va\/fr\/events\/2021-denver-film-festival\/#primaryimage"},"thumbnailUrl":"https:\/\/villa-albertine.org\/wp-content\/uploads\/2023\/08\/denver20film20festival.png","datePublished":"2021-10-08T18:35:48+00:00","dateModified":"2023-08-23T08:10:35+00:00","breadcrumb":{"@id":"https:\/\/villa-albertine.org\/va\/fr\/events\/2021-denver-film-festival\/#breadcrumb"},"inLanguage":"fr-FR","potentialAction":[{"@type":"ReadAction","target":["https:\/\/villa-albertine.org\/va\/fr\/events\/2021-denver-film-festival\/"]}]},{"@type":"ImageObject","inLanguage":"fr-FR","@id":"https:\/\/villa-albertine.org\/va\/fr\/events\/2021-denver-film-festival\/#primaryimage","url":"https:\/\/villa-albertine.org\/wp-content\/uploads\/2023\/08\/denver20film20festival.png","contentUrl":"https:\/\/villa-albertine.org\/wp-content\/uploads\/2023\/08\/denver20film20festival.png","width":1235,"height":247},{"@type":"BreadcrumbList","@id":"https:\/\/villa-albertine.org\/va\/fr\/events\/2021-denver-film-festival\/#breadcrumb","itemListElement":[{"@type":"ListItem","position":1,"name":"Home","item":"https:\/\/villa-albertine.org\/va\/fr\/home\/"},{"@type":"ListItem","position":2,"name":"2021 Denver Film Festival"}]},{"@type":"WebSite","@id":"https:\/\/villa-albertine.org\/va\/fr\/#website","url":"https:\/\/villa-albertine.org\/va\/fr\/","name":"Villa Albertine","description":"","potentialAction":[{"@type":"SearchAction","target":{"@type":"EntryPoint","urlTemplate":"https:\/\/villa-albertine.org\/va\/fr\/?s={search_term_string}"},"query-input":{"@type":"PropertyValueSpecification","valueRequired":true,"valueName":"search_term_string"}}],"inLanguage":"fr-FR"}]}</script>
<!-- / Yoast SEO plugin. -->

Créé en 1978, le Denver Film Festival se déroule tous les ans à Denver, Colorado. Sa programmation a toujours été constituée d&rsquo;un large éventail de films : à la fois des productions commerciales et indépendantes, américaines et internationales. La 44e édition du festival se déroulera cette année du mercredi 3 au dimanche 4 novembre. Plus...
