{"id":304858,"date":"2023-09-27T16:38:59","date_gmt":"2023-09-27T16:38:59","guid":{"rendered":"https:\/\/villa-albertine.org\/?post_type=app_event&#038;p=304858"},"modified":"2023-09-27T16:43:40","modified_gmt":"2023-09-27T16:43:40","slug":"six-francais-parmi-les-gagnants-du-student-academy-awards","status":"publish","type":"app_event","link":"https:\/\/villa-albertine.org\/va\/fr\/events\/six-francais-parmi-les-gagnants-du-student-academy-awards\/","title":{"rendered":"Six Fran\u00e7ais parmi les gagnants du Student Academy Awards\u00ae"},"content":{"rendered":"\n<p>L\u2019Acad\u00e9mie des Oscars a d\u00e9voil\u00e9 le 15 septembre les quatorze nomm\u00e9s du 50e concours annuel des Student Academy Awards\u00ae, qui r\u00e9compensent depuis 1972 les meilleurs talents \u00e9mergents de l\u2019industrie cin\u00e9matographique. La comp\u00e9tition, internationale, a re\u00e7u cette ann\u00e9e pr\u00e8s de 2500 candidatures, repr\u00e9sentant 720 universit\u00e9s du monde entier.<\/p>\n\n\n\n<p>La cr\u00e9ation fran\u00e7aise s\u2019est particuli\u00e8rement distingu\u00e9e, avec six laur\u00e9ats dans la cat\u00e9gorie \u00ab Animation \u00bb. Les films Boom, r\u00e9alis\u00e9 par Gabriel Augerai, Romain Augier et Yannick Jacquin de l\u2019\u00c9cole des Nouvelles Images, et Diplomatie de l\u2019Eclipse, r\u00e9alis\u00e9 par C\u00e9sar Luton, Achille Pasquier et Cl\u00e9mence Bailly de la MoPA 3D Animation School, seront donc \u00e9ligibles \u00e0 la 23\u00e8me s\u00e9lection de la c\u00e9r\u00e9monie des Oscars\u00ae, dans la cat\u00e9gorie \u00ab Animated Short Film \u00bb.<\/p>\n\n\n\n<p>Les \u00e9tudiants participeront \u00e0 une c\u00e9r\u00e9monie de remise des prix gratuite et ouverte au public sur r\u00e9servation, le mardi 24 octobre au Samuel Goldwyn Theater. Au cours de la soir\u00e9e, les gagnants apprendront leur placement &#8211; m\u00e9daille d\u2019or, d\u2019argent ou de bronze, pour chaque cat\u00e9gorie. Les films ayant re\u00e7u une m\u00e9daille d\u2019or seront projet\u00e9s apr\u00e8s la c\u00e9r\u00e9monie.<\/p>\n\n\n\n<p>L\u2019\u00c9cole des Nouvelles Images, implant\u00e9e \u00e0 Avignon, a elle re\u00e7u les <em>first-time honors<\/em> de l\u2019Acad\u00e9mie.<\/p>\n\n\n\n<p>Les billets, gratuits, pour la c\u00e9r\u00e9monie sont disponibles <a href=\"https:\/\/www.oscars.org\/events\/student-academy-awards-1\">ici<\/a>.<\/p>\n","protected":false},"featured_media":304839,"menu_order":0,"template":"","app_discipline":[283,266],"app_city_tax":[267],"app_event_type":[287],"class_list":["post-304858","app_event","type-app_event","status-publish","has-post-thumbnail","hentry","app_discipline-audiovisuel-fr","app_discipline-cinema-fr","app_city_tax-la-fr","app_event_type-film-fr"],"acf":[],"yoast_head":"<!-- This site is optimized with the Yoast SEO plugin v27.3 - https:\/\/yoast.com\/product\/yoast-seo-wordpress\/ -->\n<title>Six Fran\u00e7ais parmi les gagnants du Student Academy Awards\u00ae - Villa Albertine<\/title>\n<meta name=\"robots\" content=\"index, follow, max-snippet:-1, max-image-preview:large, max-video-preview:-1\" \/>\n<link rel=\"canonical\" href=\"https:\/\/villa-albertine.org\/va\/fr\/events\/six-francais-parmi-les-gagnants-du-student-academy-awards\/\" \/>\n<meta property=\"og:locale\" content=\"fr_FR\" \/>\n<meta property=\"og:type\" content=\"article\" \/>\n<meta property=\"og:title\" content=\"Six Fran\u00e7ais parmi les gagnants du Student Academy Awards\u00ae - Villa Albertine\" \/>\n<meta property=\"og:description\" content=\"L\u2019Acad\u00e9mie des Oscars a d\u00e9voil\u00e9 le 15 septembre les quatorze nomm\u00e9s du 50e concours annuel des Student Academy Awards\u00ae, qui r\u00e9compensent depuis 1972 les meilleurs talents \u00e9mergents de l\u2019industrie cin\u00e9matographique. La comp\u00e9tition, internationale, a re\u00e7u cette ann\u00e9e pr\u00e8s de 2500 candidatures, repr\u00e9sentant 720 universit\u00e9s du monde entier. La cr\u00e9ation fran\u00e7aise s\u2019est particuli\u00e8rement distingu\u00e9e, avec six...\" \/>\n<meta property=\"og:url\" content=\"https:\/\/villa-albertine.org\/va\/fr\/events\/six-francais-parmi-les-gagnants-du-student-academy-awards\/\" \/>\n<meta property=\"og:site_name\" content=\"Villa Albertine\" \/>\n<meta property=\"article:modified_time\" content=\"2023-09-27T16:43:40+00:00\" \/>\n<meta property=\"og:image\" content=\"https:\/\/villa-albertine.org\/wp-content\/uploads\/2023\/09\/oscars-2.png\" \/>\n\t<meta property=\"og:image:width\" content=\"1088\" \/>\n\t<meta property=\"og:image:height\" content=\"612\" \/>\n\t<meta property=\"og:image:type\" content=\"image\/png\" \/>\n<meta name=\"twitter:card\" content=\"summary_large_image\" \/>\n<meta name=\"twitter:label1\" content=\"Dur\u00e9e de lecture estim\u00e9e\" \/>\n\t<meta name=\"twitter:data1\" content=\"1 minute\" \/>\n<script type=\"application\/ld+json\" class=\"yoast-schema-graph\">{\"@context\":\"https:\\\/\\\/schema.org\",\"@graph\":[{\"@type\":\"WebPage\",\"@id\":\"https:\\\/\\\/villa-albertine.org\\\/va\\\/fr\\\/events\\\/six-francais-parmi-les-gagnants-du-student-academy-awards\\\/\",\"url\":\"https:\\\/\\\/villa-albertine.org\\\/va\\\/fr\\\/events\\\/six-francais-parmi-les-gagnants-du-student-academy-awards\\\/\",\"name\":\"Six Fran\u00e7ais parmi les gagnants du Student Academy Awards\u00ae - Villa Albertine\",\"isPartOf\":{\"@id\":\"https:\\\/\\\/villa-albertine.org\\\/va\\\/fr\\\/#website\"},\"primaryImageOfPage\":{\"@id\":\"https:\\\/\\\/villa-albertine.org\\\/va\\\/fr\\\/events\\\/six-francais-parmi-les-gagnants-du-student-academy-awards\\\/#primaryimage\"},\"image\":{\"@id\":\"https:\\\/\\\/villa-albertine.org\\\/va\\\/fr\\\/events\\\/six-francais-parmi-les-gagnants-du-student-academy-awards\\\/#primaryimage\"},\"thumbnailUrl\":\"https:\\\/\\\/villa-albertine.org\\\/wp-content\\\/uploads\\\/2023\\\/09\\\/oscars-2.png\",\"datePublished\":\"2023-09-27T16:38:59+00:00\",\"dateModified\":\"2023-09-27T16:43:40+00:00\",\"breadcrumb\":{\"@id\":\"https:\\\/\\\/villa-albertine.org\\\/va\\\/fr\\\/events\\\/six-francais-parmi-les-gagnants-du-student-academy-awards\\\/#breadcrumb\"},\"inLanguage\":\"fr-FR\",\"potentialAction\":[{\"@type\":\"ReadAction\",\"target\":[\"https:\\\/\\\/villa-albertine.org\\\/va\\\/fr\\\/events\\\/six-francais-parmi-les-gagnants-du-student-academy-awards\\\/\"]}]},{\"@type\":\"ImageObject\",\"inLanguage\":\"fr-FR\",\"@id\":\"https:\\\/\\\/villa-albertine.org\\\/va\\\/fr\\\/events\\\/six-francais-parmi-les-gagnants-du-student-academy-awards\\\/#primaryimage\",\"url\":\"https:\\\/\\\/villa-albertine.org\\\/wp-content\\\/uploads\\\/2023\\\/09\\\/oscars-2.png\",\"contentUrl\":\"https:\\\/\\\/villa-albertine.org\\\/wp-content\\\/uploads\\\/2023\\\/09\\\/oscars-2.png\",\"width\":1088,\"height\":612},{\"@type\":\"BreadcrumbList\",\"@id\":\"https:\\\/\\\/villa-albertine.org\\\/va\\\/fr\\\/events\\\/six-francais-parmi-les-gagnants-du-student-academy-awards\\\/#breadcrumb\",\"itemListElement\":[{\"@type\":\"ListItem\",\"position\":1,\"name\":\"Home\",\"item\":\"https:\\\/\\\/villa-albertine.org\\\/va\\\/fr\\\/home\\\/\"},{\"@type\":\"ListItem\",\"position\":2,\"name\":\"Six Fran\u00e7ais parmi les gagnants du Student Academy Awards\u00ae\"}]},{\"@type\":\"WebSite\",\"@id\":\"https:\\\/\\\/villa-albertine.org\\\/va\\\/fr\\\/#website\",\"url\":\"https:\\\/\\\/villa-albertine.org\\\/va\\\/fr\\\/\",\"name\":\"Villa Albertine\",\"description\":\"\",\"potentialAction\":[{\"@type\":\"SearchAction\",\"target\":{\"@type\":\"EntryPoint\",\"urlTemplate\":\"https:\\\/\\\/villa-albertine.org\\\/va\\\/fr\\\/?s={search_term_string}\"},\"query-input\":{\"@type\":\"PropertyValueSpecification\",\"valueRequired\":true,\"valueName\":\"search_term_string\"}}],\"inLanguage\":\"fr-FR\"}]}<\/script>\n<!-- \/ Yoast SEO plugin. -->","yoast_head_json":{"title":"Six Fran\u00e7ais parmi les gagnants du Student Academy Awards\u00ae - Villa Albertine","robots":{"index":"index","follow":"follow","max-snippet":"max-snippet:-1","max-image-preview":"max-image-preview:large","max-video-preview":"max-video-preview:-1"},"canonical":"https:\/\/villa-albertine.org\/va\/fr\/events\/six-francais-parmi-les-gagnants-du-student-academy-awards\/","og_locale":"fr_FR","og_type":"article","og_title":"Six Fran\u00e7ais parmi les gagnants du Student Academy Awards\u00ae - Villa Albertine","og_description":"L\u2019Acad\u00e9mie des Oscars a d\u00e9voil\u00e9 le 15 septembre les quatorze nomm\u00e9s du 50e concours annuel des Student Academy Awards\u00ae, qui r\u00e9compensent depuis 1972 les meilleurs talents \u00e9mergents de l\u2019industrie cin\u00e9matographique. La comp\u00e9tition, internationale, a re\u00e7u cette ann\u00e9e pr\u00e8s de 2500 candidatures, repr\u00e9sentant 720 universit\u00e9s du monde entier. La cr\u00e9ation fran\u00e7aise s\u2019est particuli\u00e8rement distingu\u00e9e, avec six...","og_url":"https:\/\/villa-albertine.org\/va\/fr\/events\/six-francais-parmi-les-gagnants-du-student-academy-awards\/","og_site_name":"Villa Albertine","article_modified_time":"2023-09-27T16:43:40+00:00","og_image":[{"width":1088,"height":612,"url":"https:\/\/villa-albertine.org\/wp-content\/uploads\/2023\/09\/oscars-2.png","type":"image\/png"}],"twitter_card":"summary_large_image","twitter_misc":{"Dur\u00e9e de lecture estim\u00e9e":"1 minute"},"schema":{"@context":"https:\/\/schema.org","@graph":[{"@type":"WebPage","@id":"https:\/\/villa-albertine.org\/va\/fr\/events\/six-francais-parmi-les-gagnants-du-student-academy-awards\/","url":"https:\/\/villa-albertine.org\/va\/fr\/events\/six-francais-parmi-les-gagnants-du-student-academy-awards\/","name":"Six Fran\u00e7ais parmi les gagnants du Student Academy Awards\u00ae - Villa Albertine","isPartOf":{"@id":"https:\/\/villa-albertine.org\/va\/fr\/#website"},"primaryImageOfPage":{"@id":"https:\/\/villa-albertine.org\/va\/fr\/events\/six-francais-parmi-les-gagnants-du-student-academy-awards\/#primaryimage"},"image":{"@id":"https:\/\/villa-albertine.org\/va\/fr\/events\/six-francais-parmi-les-gagnants-du-student-academy-awards\/#primaryimage"},"thumbnailUrl":"https:\/\/villa-albertine.org\/wp-content\/uploads\/2023\/09\/oscars-2.png","datePublished":"2023-09-27T16:38:59+00:00","dateModified":"2023-09-27T16:43:40+00:00","breadcrumb":{"@id":"https:\/\/villa-albertine.org\/va\/fr\/events\/six-francais-parmi-les-gagnants-du-student-academy-awards\/#breadcrumb"},"inLanguage":"fr-FR","potentialAction":[{"@type":"ReadAction","target":["https:\/\/villa-albertine.org\/va\/fr\/events\/six-francais-parmi-les-gagnants-du-student-academy-awards\/"]}]},{"@type":"ImageObject","inLanguage":"fr-FR","@id":"https:\/\/villa-albertine.org\/va\/fr\/events\/six-francais-parmi-les-gagnants-du-student-academy-awards\/#primaryimage","url":"https:\/\/villa-albertine.org\/wp-content\/uploads\/2023\/09\/oscars-2.png","contentUrl":"https:\/\/villa-albertine.org\/wp-content\/uploads\/2023\/09\/oscars-2.png","width":1088,"height":612},{"@type":"BreadcrumbList","@id":"https:\/\/villa-albertine.org\/va\/fr\/events\/six-francais-parmi-les-gagnants-du-student-academy-awards\/#breadcrumb","itemListElement":[{"@type":"ListItem","position":1,"name":"Home","item":"https:\/\/villa-albertine.org\/va\/fr\/home\/"},{"@type":"ListItem","position":2,"name":"Six Fran\u00e7ais parmi les gagnants du Student Academy Awards\u00ae"}]},{"@type":"WebSite","@id":"https:\/\/villa-albertine.org\/va\/fr\/#website","url":"https:\/\/villa-albertine.org\/va\/fr\/","name":"Villa Albertine","description":"","potentialAction":[{"@type":"SearchAction","target":{"@type":"EntryPoint","urlTemplate":"https:\/\/villa-albertine.org\/va\/fr\/?s={search_term_string}"},"query-input":{"@type":"PropertyValueSpecification","valueRequired":true,"valueName":"search_term_string"}}],"inLanguage":"fr-FR"}]}},"_links":{"self":[{"href":"https:\/\/villa-albertine.org\/va\/fr\/wp-json\/wp\/v2\/app_event\/304858","targetHints":{"allow":["GET"]}}],"collection":[{"href":"https:\/\/villa-albertine.org\/va\/fr\/wp-json\/wp\/v2\/app_event"}],"about":[{"href":"https:\/\/villa-albertine.org\/va\/fr\/wp-json\/wp\/v2\/types\/app_event"}],"wp:featuredmedia":[{"embeddable":true,"href":"https:\/\/villa-albertine.org\/va\/fr\/wp-json\/wp\/v2\/media\/304839"}],"wp:attachment":[{"href":"https:\/\/villa-albertine.org\/va\/fr\/wp-json\/wp\/v2\/media?parent=304858"}],"wp:term":[{"taxonomy":"app_discipline","embeddable":true,"href":"https:\/\/villa-albertine.org\/va\/fr\/wp-json\/wp\/v2\/app_discipline?post=304858"},{"taxonomy":"app_city_tax","embeddable":true,"href":"https:\/\/villa-albertine.org\/va\/fr\/wp-json\/wp\/v2\/app_city_tax?post=304858"},{"taxonomy":"app_event_type","embeddable":true,"href":"https:\/\/villa-albertine.org\/va\/fr\/wp-json\/wp\/v2\/app_event_type?post=304858"}],"curies":[{"name":"wp","href":"https:\/\/api.w.org\/{rel}","templated":true}]}}

Six Français parmi les gagnants du Student Academy Awards®

<p>L’Académie des Oscars a dévoilé le 15 septembre les quatorze nommés du 50e concours annuel des Student Academy Awards®, qui récompensent depuis 1972 les meilleurs talents émergents de l’industrie cinématographique. La compétition, internationale, a reçu cette année près de 2500 candidatures, représentant 720 universités du monde entier.</p>



<p>La création française s’est particulièrement distinguée, avec six lauréats dans la catégorie « Animation ». Les films Boom, réalisé par Gabriel Augerai, Romain Augier et Yannick Jacquin de l’École des Nouvelles Images, et Diplomatie de l’Eclipse, réalisé par César Luton, Achille Pasquier et Clémence Bailly de la MoPA 3D Animation School, seront donc éligibles à la 23ème sélection de la cérémonie des Oscars®, dans la catégorie « Animated Short Film ».</p>



<p>Les étudiants participeront à une cérémonie de remise des prix gratuite et ouverte au public sur réservation, le mardi 24 octobre au Samuel Goldwyn Theater. Au cours de la soirée, les gagnants apprendront leur placement &#8211; médaille d’or, d’argent ou de bronze, pour chaque catégorie. Les films ayant reçu une médaille d’or seront projetés après la cérémonie.</p>



<p>L’École des Nouvelles Images, implantée à Avignon, a elle reçu les <em>first-time honors</em> de l’Académie.</p>



<p>Les billets, gratuits, pour la cérémonie sont disponibles <a href="https://www.oscars.org/events/student-academy-awards-1">ici</a>.</p>

<!-- This site is optimized with the Yoast SEO plugin v27.3 - https://yoast.com/product/yoast-seo-wordpress/ -->
<title>Six Français parmi les gagnants du Student Academy Awards® - Villa Albertine</title>
<meta name="robots" content="index, follow, max-snippet:-1, max-image-preview:large, max-video-preview:-1" />
<link rel="canonical" href="https://villa-albertine.org/va/fr/events/six-francais-parmi-les-gagnants-du-student-academy-awards/" />
<meta property="og:locale" content="fr_FR" />
<meta property="og:type" content="article" />
<meta property="og:title" content="Six Français parmi les gagnants du Student Academy Awards® - Villa Albertine" />
<meta property="og:description" content="L’Académie des Oscars a dévoilé le 15 septembre les quatorze nommés du 50e concours annuel des Student Academy Awards®, qui récompensent depuis 1972 les meilleurs talents émergents de l’industrie cinématographique. La compétition, internationale, a reçu cette année près de 2500 candidatures, représentant 720 universités du monde entier. La création française s’est particulièrement distinguée, avec six..." />
<meta property="og:url" content="https://villa-albertine.org/va/fr/events/six-francais-parmi-les-gagnants-du-student-academy-awards/" />
<meta property="og:site_name" content="Villa Albertine" />
<meta property="article:modified_time" content="2023-09-27T16:43:40+00:00" />
<meta property="og:image" content="https://villa-albertine.org/wp-content/uploads/2023/09/oscars-2.png" />
	<meta property="og:image:width" content="1088" />
	<meta property="og:image:height" content="612" />
	<meta property="og:image:type" content="image/png" />
<meta name="twitter:card" content="summary_large_image" />
<meta name="twitter:label1" content="Durée de lecture estimée" />
	<meta name="twitter:data1" content="1 minute" />
<script type="application/ld+json" class="yoast-schema-graph">{"@context":"https:\/\/schema.org","@graph":[{"@type":"WebPage","@id":"https:\/\/villa-albertine.org\/va\/fr\/events\/six-francais-parmi-les-gagnants-du-student-academy-awards\/","url":"https:\/\/villa-albertine.org\/va\/fr\/events\/six-francais-parmi-les-gagnants-du-student-academy-awards\/","name":"Six Français parmi les gagnants du Student Academy Awards® - Villa Albertine","isPartOf":{"@id":"https:\/\/villa-albertine.org\/va\/fr\/#website"},"primaryImageOfPage":{"@id":"https:\/\/villa-albertine.org\/va\/fr\/events\/six-francais-parmi-les-gagnants-du-student-academy-awards\/#primaryimage"},"image":{"@id":"https:\/\/villa-albertine.org\/va\/fr\/events\/six-francais-parmi-les-gagnants-du-student-academy-awards\/#primaryimage"},"thumbnailUrl":"https:\/\/villa-albertine.org\/wp-content\/uploads\/2023\/09\/oscars-2.png","datePublished":"2023-09-27T16:38:59+00:00","dateModified":"2023-09-27T16:43:40+00:00","breadcrumb":{"@id":"https:\/\/villa-albertine.org\/va\/fr\/events\/six-francais-parmi-les-gagnants-du-student-academy-awards\/#breadcrumb"},"inLanguage":"fr-FR","potentialAction":[{"@type":"ReadAction","target":["https:\/\/villa-albertine.org\/va\/fr\/events\/six-francais-parmi-les-gagnants-du-student-academy-awards\/"]}]},{"@type":"ImageObject","inLanguage":"fr-FR","@id":"https:\/\/villa-albertine.org\/va\/fr\/events\/six-francais-parmi-les-gagnants-du-student-academy-awards\/#primaryimage","url":"https:\/\/villa-albertine.org\/wp-content\/uploads\/2023\/09\/oscars-2.png","contentUrl":"https:\/\/villa-albertine.org\/wp-content\/uploads\/2023\/09\/oscars-2.png","width":1088,"height":612},{"@type":"BreadcrumbList","@id":"https:\/\/villa-albertine.org\/va\/fr\/events\/six-francais-parmi-les-gagnants-du-student-academy-awards\/#breadcrumb","itemListElement":[{"@type":"ListItem","position":1,"name":"Home","item":"https:\/\/villa-albertine.org\/va\/fr\/home\/"},{"@type":"ListItem","position":2,"name":"Six Français parmi les gagnants du Student Academy Awards®"}]},{"@type":"WebSite","@id":"https:\/\/villa-albertine.org\/va\/fr\/#website","url":"https:\/\/villa-albertine.org\/va\/fr\/","name":"Villa Albertine","description":"","potentialAction":[{"@type":"SearchAction","target":{"@type":"EntryPoint","urlTemplate":"https:\/\/villa-albertine.org\/va\/fr\/?s={search_term_string}"},"query-input":{"@type":"PropertyValueSpecification","valueRequired":true,"valueName":"search_term_string"}}],"inLanguage":"fr-FR"}]}</script>
<!-- / Yoast SEO plugin. -->

Six Français parmi les gagnants du Student Academy Awards® - Villa Albertine

L’Académie des Oscars a dévoilé le 15 septembre les quatorze nommés du 50e concours annuel des Student Academy Awards®, qui récompensent depuis 1972 les meilleurs talents émergents de l’industrie cinématographique. La compétition, internationale, a reçu cette année près de 2500 candidatures, représentant 720 universités du monde entier. La création française s’est particulièrement distinguée, avec six...
