{"version":"1.0","provider_name":"Villa Albertine","provider_url":"https:\/\/villa-albertine.org\/va\/fr\/","author_name":"Communications","author_url":"https:\/\/villa-albertine.org\/va\/fr\/author\/communications\/","title":"Appel \u00e0 candidatures : Oui Design ! 2024\u00a0 - Villa Albertine","type":"rich","width":600,"height":338,"html":"<blockquote class=\"wp-embedded-content\" data-secret=\"gZEANVCU5g\"><a href=\"https:\/\/villa-albertine.org\/va\/fr\/professionals\/appel-a-candidatures-oui-design-2024\/\">Appel \u00e0 candidatures : Oui Design ! 2024\u00a0<\/a><\/blockquote><iframe sandbox=\"allow-scripts\" security=\"restricted\" src=\"https:\/\/villa-albertine.org\/va\/fr\/professionals\/appel-a-candidatures-oui-design-2024\/embed\/#?secret=gZEANVCU5g\" width=\"600\" height=\"338\" title=\"\u00ab\u00a0Appel \u00e0 candidatures : Oui Design ! 2024\u00a0\u00a0\u00bb &#8212; Villa Albertine\" data-secret=\"gZEANVCU5g\" frameborder=\"0\" marginwidth=\"0\" marginheight=\"0\" scrolling=\"no\" class=\"wp-embedded-content\"><\/iframe><script type=\"text\/javascript\">\n\/* <![CDATA[ *\/\n\/*! This file is auto-generated *\/\n!function(d,l){\"use strict\";l.querySelector&&d.addEventListener&&\"undefined\"!=typeof URL&&(d.wp=d.wp||{},d.wp.receiveEmbedMessage||(d.wp.receiveEmbedMessage=function(e){var t=e.data;if((t||t.secret||t.message||t.value)&&!\/[^a-zA-Z0-9]\/.test(t.secret)){for(var s,r,n,a=l.querySelectorAll('iframe[data-secret=\"'+t.secret+'\"]'),o=l.querySelectorAll('blockquote[data-secret=\"'+t.secret+'\"]'),c=new RegExp(\"^https?:$\",\"i\"),i=0;i<o.length;i++)o[i].style.display=\"none\";for(i=0;i<a.length;i++)s=a[i],e.source===s.contentWindow&&(s.removeAttribute(\"style\"),\"height\"===t.message?(1e3<(r=parseInt(t.value,10))?r=1e3:~~r<200&&(r=200),s.height=r):\"link\"===t.message&&(r=new URL(s.getAttribute(\"src\")),n=new URL(t.value),c.test(n.protocol))&&n.host===r.host&&l.activeElement===s&&(d.top.location.href=t.value))}},d.addEventListener(\"message\",d.wp.receiveEmbedMessage,!1),l.addEventListener(\"DOMContentLoaded\",function(){for(var e,t,s=l.querySelectorAll(\"iframe.wp-embedded-content\"),r=0;r<s.length;r++)(t=(e=s[r]).getAttribute(\"data-secret\"))||(t=Math.random().toString(36).substring(2,12),e.src+=\"#?secret=\"+t,e.setAttribute(\"data-secret\",t)),e.contentWindow.postMessage({message:\"ready\",secret:t},\"*\")},!1)))}(window,document);\n\/\/# sourceURL=https:\/\/villa-albertine.org\/wp-includes\/js\/wp-embed.min.js\n\/* ]]> *\/\n<\/script>\n","thumbnail_url":"https:\/\/villa-albertine.org\/wp-content\/uploads\/2023\/12\/OuiDesign-\u00a9-Created-by-Studio-Des-Signes-Paris.jpg","thumbnail_width":1392,"thumbnail_height":783,"description":"La Villa Albertine lance deux appels \u00e0 candidatures pour OuiDesign ! 2024 pour soutenir les designers et artisans d&rsquo;art \u00e9mergents fran\u00e7ais ou bas\u00e9s en France.\u00a0 OuiDesign! est un parcours curat\u00e9 d&rsquo;open studios, de conf\u00e9rences, d&rsquo;expositions et d&rsquo;\u00e9v\u00e9nements qui c\u00e9l\u00e8brent la riche tradition de collaboration entre les sc\u00e8nes fran\u00e7aise et am\u00e9ricaine du design.\u00a0 Organis\u00e9 pendant cinq..."}

Appel à candidatures : Oui Design ! 2024  - Villa Albertine

<blockquote class="wp-embedded-content" data-secret="gZEANVCU5g"><a href="https://villa-albertine.org/va/fr/professionals/appel-a-candidatures-oui-design-2024/">Appel à candidatures : Oui Design ! 2024 </a></blockquote><iframe sandbox="allow-scripts" security="restricted" src="https://villa-albertine.org/va/fr/professionals/appel-a-candidatures-oui-design-2024/embed/#?secret=gZEANVCU5g" width="600" height="338" title="« Appel à candidatures : Oui Design ! 2024  » &#8212; Villa Albertine" data-secret="gZEANVCU5g" frameborder="0" marginwidth="0" marginheight="0" scrolling="no" class="wp-embedded-content"></iframe><script type="text/javascript">
/* <![CDATA[ */
/*! This file is auto-generated */
!function(d,l){"use strict";l.querySelector&&d.addEventListener&&"undefined"!=typeof URL&&(d.wp=d.wp||{},d.wp.receiveEmbedMessage||(d.wp.receiveEmbedMessage=function(e){var t=e.data;if((t||t.secret||t.message||t.value)&&!/[^a-zA-Z0-9]/.test(t.secret)){for(var s,r,n,a=l.querySelectorAll('iframe[data-secret="'+t.secret+'"]'),o=l.querySelectorAll('blockquote[data-secret="'+t.secret+'"]'),c=new RegExp("^https?:$","i"),i=0;i<o.length;i++)o[i].style.display="none";for(i=0;i<a.length;i++)s=a[i],e.source===s.contentWindow&&(s.removeAttribute("style"),"height"===t.message?(1e3<(r=parseInt(t.value,10))?r=1e3:~~r<200&&(r=200),s.height=r):"link"===t.message&&(r=new URL(s.getAttribute("src")),n=new URL(t.value),c.test(n.protocol))&&n.host===r.host&&l.activeElement===s&&(d.top.location.href=t.value))}},d.addEventListener("message",d.wp.receiveEmbedMessage,!1),l.addEventListener("DOMContentLoaded",function(){for(var e,t,s=l.querySelectorAll("iframe.wp-embedded-content"),r=0;r<s.length;r++)(t=(e=s[r]).getAttribute("data-secret"))||(t=Math.random().toString(36).substring(2,12),e.src+="#?secret="+t,e.setAttribute("data-secret",t)),e.contentWindow.postMessage({message:"ready",secret:t},"*")},!1)))}(window,document);
//# sourceURL=https://villa-albertine.org/wp-includes/js/wp-embed.min.js
/* ]]> */
</script>

La Villa Albertine lance deux appels à candidatures pour OuiDesign ! 2024 pour soutenir les designers et artisans d&rsquo;art émergents français ou basés en France.  OuiDesign! est un parcours curaté d&rsquo;open studios, de conférences, d&rsquo;expositions et d&rsquo;événements qui célèbrent la riche tradition de collaboration entre les scènes française et américaine du design.  Organisé pendant cinq...
