{"version":"1.0","provider_name":"Villa Albertine","provider_url":"https:\/\/villa-albertine.org\/va\/fr\/","author_name":"Communications","author_url":"https:\/\/villa-albertine.org\/va\/fr\/author\/communications\/","title":"La Villa Albertine et la Fondation Ford lancent un programme de r\u00e9sidences \u00e0 destination des figures culturelles du continent africain - Villa Albertine","type":"rich","width":600,"height":338,"html":"<blockquote class=\"wp-embedded-content\" data-secret=\"KjdUQDBw11\"><a href=\"https:\/\/villa-albertine.org\/va\/fr\/uncategorized\/residency-for-african-creators\/\">La Villa Albertine et la Fondation Ford lancent un programme de r\u00e9sidences \u00e0 destination des figures culturelles du continent africain<\/a><\/blockquote><iframe sandbox=\"allow-scripts\" security=\"restricted\" src=\"https:\/\/villa-albertine.org\/va\/fr\/uncategorized\/residency-for-african-creators\/embed\/#?secret=KjdUQDBw11\" width=\"600\" height=\"338\" title=\"\u00ab\u00a0La Villa Albertine et la Fondation Ford lancent un programme de r\u00e9sidences \u00e0 destination des figures culturelles du continent africain\u00a0\u00bb &#8212; Villa Albertine\" data-secret=\"KjdUQDBw11\" frameborder=\"0\" marginwidth=\"0\" marginheight=\"0\" scrolling=\"no\" class=\"wp-embedded-content\"><\/iframe><script type=\"text\/javascript\">\n\/* <![CDATA[ *\/\n\/*! This file is auto-generated *\/\n!function(d,l){\"use strict\";l.querySelector&&d.addEventListener&&\"undefined\"!=typeof URL&&(d.wp=d.wp||{},d.wp.receiveEmbedMessage||(d.wp.receiveEmbedMessage=function(e){var t=e.data;if((t||t.secret||t.message||t.value)&&!\/[^a-zA-Z0-9]\/.test(t.secret)){for(var s,r,n,a=l.querySelectorAll('iframe[data-secret=\"'+t.secret+'\"]'),o=l.querySelectorAll('blockquote[data-secret=\"'+t.secret+'\"]'),c=new RegExp(\"^https?:$\",\"i\"),i=0;i<o.length;i++)o[i].style.display=\"none\";for(i=0;i<a.length;i++)s=a[i],e.source===s.contentWindow&&(s.removeAttribute(\"style\"),\"height\"===t.message?(1e3<(r=parseInt(t.value,10))?r=1e3:~~r<200&&(r=200),s.height=r):\"link\"===t.message&&(r=new URL(s.getAttribute(\"src\")),n=new URL(t.value),c.test(n.protocol))&&n.host===r.host&&l.activeElement===s&&(d.top.location.href=t.value))}},d.addEventListener(\"message\",d.wp.receiveEmbedMessage,!1),l.addEventListener(\"DOMContentLoaded\",function(){for(var e,t,s=l.querySelectorAll(\"iframe.wp-embedded-content\"),r=0;r<s.length;r++)(t=(e=s[r]).getAttribute(\"data-secret\"))||(t=Math.random().toString(36).substring(2,12),e.src+=\"#?secret=\"+t,e.setAttribute(\"data-secret\",t)),e.contentWindow.postMessage({message:\"ready\",secret:t},\"*\")},!1)))}(window,document);\n\/\/# sourceURL=https:\/\/villa-albertine.org\/wp-includes\/js\/wp-embed.min.js\n\/* ]]> *\/\n<\/script>\n","thumbnail_url":"https:\/\/villa-albertine.org\/wp-content\/uploads\/2023\/08\/mosaique_0.png","thumbnail_width":1200,"thumbnail_height":900,"description":"New York, le 12 septembre 2022\u00a0\u2014 La Villa Albertine d\u00e9voile les noms des cinq premiers r\u00e9sidents africains s\u00e9lectionn\u00e9s dans le cadre d\u2019un nouveau partenariat avec la Fondation Ford. Ils s\u2019inscrivent dans le programme des 70 r\u00e9sidences d\u2019exploration accompagn\u00e9es chaque ann\u00e9e par la Villa Albertine sur l\u2019ensemble des Etats-Unis. Le programme \u00ab\u00a0Afrique\u00a0\u00bb de la Villa Albertine..."}

La Villa Albertine et la Fondation Ford lancent un programme de résidences à destination des figures culturelles du continent africain - Villa Albertine

<blockquote class="wp-embedded-content" data-secret="KjdUQDBw11"><a href="https://villa-albertine.org/va/fr/uncategorized/residency-for-african-creators/">La Villa Albertine et la Fondation Ford lancent un programme de résidences à destination des figures culturelles du continent africain</a></blockquote><iframe sandbox="allow-scripts" security="restricted" src="https://villa-albertine.org/va/fr/uncategorized/residency-for-african-creators/embed/#?secret=KjdUQDBw11" width="600" height="338" title="« La Villa Albertine et la Fondation Ford lancent un programme de résidences à destination des figures culturelles du continent africain » &#8212; Villa Albertine" data-secret="KjdUQDBw11" frameborder="0" marginwidth="0" marginheight="0" scrolling="no" class="wp-embedded-content"></iframe><script type="text/javascript">
/* <![CDATA[ */
/*! This file is auto-generated */
!function(d,l){"use strict";l.querySelector&&d.addEventListener&&"undefined"!=typeof URL&&(d.wp=d.wp||{},d.wp.receiveEmbedMessage||(d.wp.receiveEmbedMessage=function(e){var t=e.data;if((t||t.secret||t.message||t.value)&&!/[^a-zA-Z0-9]/.test(t.secret)){for(var s,r,n,a=l.querySelectorAll('iframe[data-secret="'+t.secret+'"]'),o=l.querySelectorAll('blockquote[data-secret="'+t.secret+'"]'),c=new RegExp("^https?:$","i"),i=0;i<o.length;i++)o[i].style.display="none";for(i=0;i<a.length;i++)s=a[i],e.source===s.contentWindow&&(s.removeAttribute("style"),"height"===t.message?(1e3<(r=parseInt(t.value,10))?r=1e3:~~r<200&&(r=200),s.height=r):"link"===t.message&&(r=new URL(s.getAttribute("src")),n=new URL(t.value),c.test(n.protocol))&&n.host===r.host&&l.activeElement===s&&(d.top.location.href=t.value))}},d.addEventListener("message",d.wp.receiveEmbedMessage,!1),l.addEventListener("DOMContentLoaded",function(){for(var e,t,s=l.querySelectorAll("iframe.wp-embedded-content"),r=0;r<s.length;r++)(t=(e=s[r]).getAttribute("data-secret"))||(t=Math.random().toString(36).substring(2,12),e.src+="#?secret="+t,e.setAttribute("data-secret",t)),e.contentWindow.postMessage({message:"ready",secret:t},"*")},!1)))}(window,document);
//# sourceURL=https://villa-albertine.org/wp-includes/js/wp-embed.min.js
/* ]]> */
</script>

New York, le 12 septembre 2022 — La Villa Albertine dévoile les noms des cinq premiers résidents africains sélectionnés dans le cadre d’un nouveau partenariat avec la Fondation Ford. Ils s’inscrivent dans le programme des 70 résidences d’exploration accompagnées chaque année par la Villa Albertine sur l’ensemble des Etats-Unis. Le programme « Afrique » de la Villa Albertine...
