{"version":"1.0","provider_name":"Villa Albertine","provider_url":"https:\/\/villa-albertine.org\/va\/fr\/","author_name":"Villa Albertine","author_url":"https:\/\/villa-albertine.org\/va\/fr\/","title":"\"Oui Design!\u201d Une c\u00e9l\u00e9bration de la sc\u00e8ne locale du design et des m\u00e9tiers d\u2019art fran\u00e7ais \u00e0 New York - Villa Albertine","type":"rich","width":600,"height":338,"html":"<blockquote class=\"wp-embedded-content\" data-secret=\"0UvkcZMXib\"><a href=\"https:\/\/villa-albertine.org\/va\/fr\/uncategorized\/oui-design\/\">\u00ab\u00a0Oui Design!\u201d Une c\u00e9l\u00e9bration de la sc\u00e8ne locale du design et des m\u00e9tiers d\u2019art fran\u00e7ais \u00e0 New York<\/a><\/blockquote><iframe sandbox=\"allow-scripts\" security=\"restricted\" src=\"https:\/\/villa-albertine.org\/va\/fr\/uncategorized\/oui-design\/embed\/#?secret=0UvkcZMXib\" width=\"600\" height=\"338\" title=\"\u00ab\u00a0\u00ab\u00a0Oui Design!\u201d Une c\u00e9l\u00e9bration de la sc\u00e8ne locale du design et des m\u00e9tiers d\u2019art fran\u00e7ais \u00e0 New York\u00a0\u00bb &#8212; Villa Albertine\" data-secret=\"0UvkcZMXib\" frameborder=\"0\" marginwidth=\"0\" marginheight=\"0\" scrolling=\"no\" class=\"wp-embedded-content\"><\/iframe><script type=\"text\/javascript\">\n\/* <![CDATA[ *\/\n\/*! This file is auto-generated *\/\n!function(d,l){\"use strict\";l.querySelector&&d.addEventListener&&\"undefined\"!=typeof URL&&(d.wp=d.wp||{},d.wp.receiveEmbedMessage||(d.wp.receiveEmbedMessage=function(e){var t=e.data;if((t||t.secret||t.message||t.value)&&!\/[^a-zA-Z0-9]\/.test(t.secret)){for(var s,r,n,a=l.querySelectorAll('iframe[data-secret=\"'+t.secret+'\"]'),o=l.querySelectorAll('blockquote[data-secret=\"'+t.secret+'\"]'),c=new RegExp(\"^https?:$\",\"i\"),i=0;i<o.length;i++)o[i].style.display=\"none\";for(i=0;i<a.length;i++)s=a[i],e.source===s.contentWindow&&(s.removeAttribute(\"style\"),\"height\"===t.message?(1e3<(r=parseInt(t.value,10))?r=1e3:~~r<200&&(r=200),s.height=r):\"link\"===t.message&&(r=new URL(s.getAttribute(\"src\")),n=new URL(t.value),c.test(n.protocol))&&n.host===r.host&&l.activeElement===s&&(d.top.location.href=t.value))}},d.addEventListener(\"message\",d.wp.receiveEmbedMessage,!1),l.addEventListener(\"DOMContentLoaded\",function(){for(var e,t,s=l.querySelectorAll(\"iframe.wp-embedded-content\"),r=0;r<s.length;r++)(t=(e=s[r]).getAttribute(\"data-secret\"))||(t=Math.random().toString(36).substring(2,12),e.src+=\"#?secret=\"+t,e.setAttribute(\"data-secret\",t)),e.contentWindow.postMessage({message:\"ready\",secret:t},\"*\")},!1)))}(window,document);\n\/\/# sourceURL=https:\/\/villa-albertine.org\/wp-includes\/js\/wp-embed.min.js\n\/* ]]> *\/\n<\/script>\n","thumbnail_url":"https:\/\/villa-albertine.org\/wp-content\/uploads\/2023\/08\/Oui20Design20E28093C2A01600x900.jpg","thumbnail_width":1392,"thumbnail_height":783,"description":"Du mercredi 17 mai au mardi 23 mai 2023 \u00a0 New York, le 17 mai 2023\u00a0\u2014\u00a0La Villa Albertine annonce un nouveau d\u00e9veloppement de Oui Design!, \u00a0programme d\u2019\u00e9changes entre les sc\u00e8nes fran\u00e7aises et am\u00e9ricaines de design, cr\u00e9\u00e9 en 2015 et interrompu par la pand\u00e9mie, qui reprend cette ann\u00e9e pour c\u00e9l\u00e9brer le foisonnement de la sc\u00e8ne fran\u00e7aise..."}

"Oui Design!” Une célébration de la scène locale du design et des métiers d’art français à New York - Villa Albertine

<blockquote class="wp-embedded-content" data-secret="0UvkcZMXib"><a href="https://villa-albertine.org/va/fr/uncategorized/oui-design/">« Oui Design!” Une célébration de la scène locale du design et des métiers d’art français à New York</a></blockquote><iframe sandbox="allow-scripts" security="restricted" src="https://villa-albertine.org/va/fr/uncategorized/oui-design/embed/#?secret=0UvkcZMXib" width="600" height="338" title="« « Oui Design!” Une célébration de la scène locale du design et des métiers d’art français à New York » &#8212; Villa Albertine" data-secret="0UvkcZMXib" frameborder="0" marginwidth="0" marginheight="0" scrolling="no" class="wp-embedded-content"></iframe><script type="text/javascript">
/* <![CDATA[ */
/*! This file is auto-generated */
!function(d,l){"use strict";l.querySelector&&d.addEventListener&&"undefined"!=typeof URL&&(d.wp=d.wp||{},d.wp.receiveEmbedMessage||(d.wp.receiveEmbedMessage=function(e){var t=e.data;if((t||t.secret||t.message||t.value)&&!/[^a-zA-Z0-9]/.test(t.secret)){for(var s,r,n,a=l.querySelectorAll('iframe[data-secret="'+t.secret+'"]'),o=l.querySelectorAll('blockquote[data-secret="'+t.secret+'"]'),c=new RegExp("^https?:$","i"),i=0;i<o.length;i++)o[i].style.display="none";for(i=0;i<a.length;i++)s=a[i],e.source===s.contentWindow&&(s.removeAttribute("style"),"height"===t.message?(1e3<(r=parseInt(t.value,10))?r=1e3:~~r<200&&(r=200),s.height=r):"link"===t.message&&(r=new URL(s.getAttribute("src")),n=new URL(t.value),c.test(n.protocol))&&n.host===r.host&&l.activeElement===s&&(d.top.location.href=t.value))}},d.addEventListener("message",d.wp.receiveEmbedMessage,!1),l.addEventListener("DOMContentLoaded",function(){for(var e,t,s=l.querySelectorAll("iframe.wp-embedded-content"),r=0;r<s.length;r++)(t=(e=s[r]).getAttribute("data-secret"))||(t=Math.random().toString(36).substring(2,12),e.src+="#?secret="+t,e.setAttribute("data-secret",t)),e.contentWindow.postMessage({message:"ready",secret:t},"*")},!1)))}(window,document);
//# sourceURL=https://villa-albertine.org/wp-includes/js/wp-embed.min.js
/* ]]> */
</script>

Du mercredi 17 mai au mardi 23 mai 2023   New York, le 17 mai 2023 — La Villa Albertine annonce un nouveau développement de Oui Design!,  programme d’échanges entre les scènes françaises et américaines de design, créé en 2015 et interrompu par la pandémie, qui reprend cette année pour célébrer le foisonnement de la scène française...
