{"version":"1.0","provider_name":"Villa Albertine","provider_url":"https:\/\/villa-albertine.org\/va\/fr\/","author_name":"Communications","author_url":"https:\/\/villa-albertine.org\/va\/fr\/author\/communications\/","title":"Les projets laur\u00e9ats de l\u2019appel post-r\u00e9sidences 2021-2022 sont annonc\u00e9s ! - Villa Albertine","type":"rich","width":600,"height":338,"html":"<blockquote class=\"wp-embedded-content\" data-secret=\"aIwxWP7TwF\"><a href=\"https:\/\/villa-albertine.org\/va\/fr\/news\/projets-laureats-appel-post-residences-0\/\">Les projets laur\u00e9ats de l\u2019appel post-r\u00e9sidences 2021-2022 sont annonc\u00e9s !<\/a><\/blockquote><iframe sandbox=\"allow-scripts\" security=\"restricted\" src=\"https:\/\/villa-albertine.org\/va\/fr\/news\/projets-laureats-appel-post-residences-0\/embed\/#?secret=aIwxWP7TwF\" width=\"600\" height=\"338\" title=\"\u00ab\u00a0Les projets laur\u00e9ats de l\u2019appel post-r\u00e9sidences 2021-2022 sont annonc\u00e9s !\u00a0\u00bb &#8212; Villa Albertine\" data-secret=\"aIwxWP7TwF\" frameborder=\"0\" marginwidth=\"0\" marginheight=\"0\" scrolling=\"no\" class=\"wp-embedded-content\"><\/iframe><script type=\"text\/javascript\">\n\/* <![CDATA[ *\/\n\/*! This file is auto-generated *\/\n!function(d,l){\"use strict\";l.querySelector&&d.addEventListener&&\"undefined\"!=typeof URL&&(d.wp=d.wp||{},d.wp.receiveEmbedMessage||(d.wp.receiveEmbedMessage=function(e){var t=e.data;if((t||t.secret||t.message||t.value)&&!\/[^a-zA-Z0-9]\/.test(t.secret)){for(var s,r,n,a=l.querySelectorAll('iframe[data-secret=\"'+t.secret+'\"]'),o=l.querySelectorAll('blockquote[data-secret=\"'+t.secret+'\"]'),c=new RegExp(\"^https?:$\",\"i\"),i=0;i<o.length;i++)o[i].style.display=\"none\";for(i=0;i<a.length;i++)s=a[i],e.source===s.contentWindow&&(s.removeAttribute(\"style\"),\"height\"===t.message?(1e3<(r=parseInt(t.value,10))?r=1e3:~~r<200&&(r=200),s.height=r):\"link\"===t.message&&(r=new URL(s.getAttribute(\"src\")),n=new URL(t.value),c.test(n.protocol))&&n.host===r.host&&l.activeElement===s&&(d.top.location.href=t.value))}},d.addEventListener(\"message\",d.wp.receiveEmbedMessage,!1),l.addEventListener(\"DOMContentLoaded\",function(){for(var e,t,s=l.querySelectorAll(\"iframe.wp-embedded-content\"),r=0;r<s.length;r++)(t=(e=s[r]).getAttribute(\"data-secret\"))||(t=Math.random().toString(36).substring(2,12),e.src+=\"#?secret=\"+t,e.setAttribute(\"data-secret\",t)),e.contentWindow.postMessage({message:\"ready\",secret:t},\"*\")},!1)))}(window,document);\n\/\/# sourceURL=https:\/\/villa-albertine.org\/wp-includes\/js\/wp-embed.min.js\n\/* ]]> *\/\n<\/script>\n","thumbnail_url":"https:\/\/villa-albertine.org\/wp-content\/uploads\/2023\/08\/5fde4e01-1f69-4ff1-8360-1e73b198b45e.jpg","thumbnail_width":1024,"thumbnail_height":700,"description":"Le jury \u00e9tait compos\u00e9 de repr\u00e9sentants des partenaires de l\u2019appel : Judith Roze, directrice adjointe de la Villa Albertine, Chlo\u00e9 Fricout, responsable du p\u00f4le r\u00e9sidence de l\u2019Institut Fran\u00e7ais \u00e0 Paris, et Jean-Marc Bustamante, membre de l\u2019Acad\u00e9mie des beaux-arts Institut de France en section peinture. 34 projets ont \u00e9t\u00e9 d\u00e9pos\u00e9s et 21 ont \u00e9t\u00e9 retenus, certains..."}

Les projets lauréats de l’appel post-résidences 2021-2022 sont annoncés ! - Villa Albertine

<blockquote class="wp-embedded-content" data-secret="aIwxWP7TwF"><a href="https://villa-albertine.org/va/fr/news/projets-laureats-appel-post-residences-0/">Les projets lauréats de l’appel post-résidences 2021-2022 sont annoncés !</a></blockquote><iframe sandbox="allow-scripts" security="restricted" src="https://villa-albertine.org/va/fr/news/projets-laureats-appel-post-residences-0/embed/#?secret=aIwxWP7TwF" width="600" height="338" title="« Les projets lauréats de l’appel post-résidences 2021-2022 sont annoncés ! » &#8212; Villa Albertine" data-secret="aIwxWP7TwF" frameborder="0" marginwidth="0" marginheight="0" scrolling="no" class="wp-embedded-content"></iframe><script type="text/javascript">
/* <![CDATA[ */
/*! This file is auto-generated */
!function(d,l){"use strict";l.querySelector&&d.addEventListener&&"undefined"!=typeof URL&&(d.wp=d.wp||{},d.wp.receiveEmbedMessage||(d.wp.receiveEmbedMessage=function(e){var t=e.data;if((t||t.secret||t.message||t.value)&&!/[^a-zA-Z0-9]/.test(t.secret)){for(var s,r,n,a=l.querySelectorAll('iframe[data-secret="'+t.secret+'"]'),o=l.querySelectorAll('blockquote[data-secret="'+t.secret+'"]'),c=new RegExp("^https?:$","i"),i=0;i<o.length;i++)o[i].style.display="none";for(i=0;i<a.length;i++)s=a[i],e.source===s.contentWindow&&(s.removeAttribute("style"),"height"===t.message?(1e3<(r=parseInt(t.value,10))?r=1e3:~~r<200&&(r=200),s.height=r):"link"===t.message&&(r=new URL(s.getAttribute("src")),n=new URL(t.value),c.test(n.protocol))&&n.host===r.host&&l.activeElement===s&&(d.top.location.href=t.value))}},d.addEventListener("message",d.wp.receiveEmbedMessage,!1),l.addEventListener("DOMContentLoaded",function(){for(var e,t,s=l.querySelectorAll("iframe.wp-embedded-content"),r=0;r<s.length;r++)(t=(e=s[r]).getAttribute("data-secret"))||(t=Math.random().toString(36).substring(2,12),e.src+="#?secret="+t,e.setAttribute("data-secret",t)),e.contentWindow.postMessage({message:"ready",secret:t},"*")},!1)))}(window,document);
//# sourceURL=https://villa-albertine.org/wp-includes/js/wp-embed.min.js
/* ]]> */
</script>

Le jury était composé de représentants des partenaires de l’appel : Judith Roze, directrice adjointe de la Villa Albertine, Chloé Fricout, responsable du pôle résidence de l’Institut Français à Paris, et Jean-Marc Bustamante, membre de l’Académie des beaux-arts Institut de France en section peinture. 34 projets ont été déposés et 21 ont été retenus, certains...
