{"version":"1.0","provider_name":"Villa Albertine","provider_url":"https:\/\/villa-albertine.org\/va\/fr\/","author_name":"Villa Albertine","author_url":"https:\/\/villa-albertine.org\/va\/fr\/","title":"Jenny Polak et Dread Scott en France - Villa Albertine","type":"rich","width":600,"height":338,"html":"<blockquote class=\"wp-embedded-content\" data-secret=\"u1tnSn67VS\"><a href=\"https:\/\/villa-albertine.org\/va\/fr\/news\/jenny-polak-et-dread-scott\/\">Jenny Polak et Dread Scott en France<\/a><\/blockquote><iframe sandbox=\"allow-scripts\" security=\"restricted\" src=\"https:\/\/villa-albertine.org\/va\/fr\/news\/jenny-polak-et-dread-scott\/embed\/#?secret=u1tnSn67VS\" width=\"600\" height=\"338\" title=\"\u00ab\u00a0Jenny Polak et Dread Scott en France\u00a0\u00bb &#8212; Villa Albertine\" data-secret=\"u1tnSn67VS\" frameborder=\"0\" marginwidth=\"0\" marginheight=\"0\" scrolling=\"no\" class=\"wp-embedded-content\"><\/iframe><script type=\"text\/javascript\">\n\/* <![CDATA[ *\/\n\/*! This file is auto-generated *\/\n!function(d,l){\"use strict\";l.querySelector&&d.addEventListener&&\"undefined\"!=typeof URL&&(d.wp=d.wp||{},d.wp.receiveEmbedMessage||(d.wp.receiveEmbedMessage=function(e){var t=e.data;if((t||t.secret||t.message||t.value)&&!\/[^a-zA-Z0-9]\/.test(t.secret)){for(var s,r,n,a=l.querySelectorAll('iframe[data-secret=\"'+t.secret+'\"]'),o=l.querySelectorAll('blockquote[data-secret=\"'+t.secret+'\"]'),c=new RegExp(\"^https?:$\",\"i\"),i=0;i<o.length;i++)o[i].style.display=\"none\";for(i=0;i<a.length;i++)s=a[i],e.source===s.contentWindow&&(s.removeAttribute(\"style\"),\"height\"===t.message?(1e3<(r=parseInt(t.value,10))?r=1e3:~~r<200&&(r=200),s.height=r):\"link\"===t.message&&(r=new URL(s.getAttribute(\"src\")),n=new URL(t.value),c.test(n.protocol))&&n.host===r.host&&l.activeElement===s&&(d.top.location.href=t.value))}},d.addEventListener(\"message\",d.wp.receiveEmbedMessage,!1),l.addEventListener(\"DOMContentLoaded\",function(){for(var e,t,s=l.querySelectorAll(\"iframe.wp-embedded-content\"),r=0;r<s.length;r++)(t=(e=s[r]).getAttribute(\"data-secret\"))||(t=Math.random().toString(36).substring(2,12),e.src+=\"#?secret=\"+t,e.setAttribute(\"data-secret\",t)),e.contentWindow.postMessage({message:\"ready\",secret:t},\"*\")},!1)))}(window,document);\n\/\/# sourceURL=https:\/\/villa-albertine.org\/wp-includes\/js\/wp-embed.min.js\n\/* ]]> *\/\n<\/script>\n","thumbnail_url":"https:\/\/villa-albertine.org\/wp-content\/uploads\/2023\/08\/polak2BFortune_Pennants26Poets_Dumbo2BPana-307202600px.jpg","thumbnail_width":1392,"thumbnail_height":928,"description":"QUI ? Avec le soutien de la\u00a0Ford Foundation\u00a0(\u00c9tats-Unis), la Villa Albertine\u00a0pilote un ambitieux programme visant \u00e0 encourager la circulation des artistes afro-am\u00e9ricain\u00b7es en France et \u00e0 favoriser la pr\u00e9sentation de leur travail aupr\u00e8s du public fran\u00e7ais. En partenariat avec l\u2019Association nationale des \u00e9coles sup\u00e9rieures d\u2019art (ANdEA), un nouveau programme est mise en place invitant des..."}

QUI ? Avec le soutien de la Ford Foundation (États-Unis), la Villa Albertine pilote un ambitieux programme visant à encourager la circulation des artistes afro-américain·es en France et à favoriser la présentation de leur travail auprès du public français. En partenariat avec l’Association nationale des écoles supérieures d’art (ANdEA), un nouveau programme est mise en place invitant des...
