{"version":"1.0","provider_name":"Villa Albertine","provider_url":"https:\/\/villa-albertine.org\/va\/fr\/","author_name":"Villa Albertine","author_url":"https:\/\/villa-albertine.org\/va\/fr\/","title":"Cannes 2022: Villa Albertine presente \"10 In America\" - Villa Albertine","type":"rich","width":600,"height":338,"html":"<blockquote class=\"wp-embedded-content\" data-secret=\"P1tkSjrszR\"><a href=\"https:\/\/villa-albertine.org\/va\/fr\/events\/villa-albertine-presents-10-america-cannes\/\">Cannes 2022: Villa Albertine presente \u00ab\u00a010 In America\u00a0\u00bb<\/a><\/blockquote><iframe sandbox=\"allow-scripts\" security=\"restricted\" src=\"https:\/\/villa-albertine.org\/va\/fr\/events\/villa-albertine-presents-10-america-cannes\/embed\/#?secret=P1tkSjrszR\" width=\"600\" height=\"338\" title=\"\u00ab\u00a0Cannes 2022: Villa Albertine presente \u00ab\u00a010 In America\u00a0\u00bb\u00a0\u00bb &#8212; Villa Albertine\" data-secret=\"P1tkSjrszR\" frameborder=\"0\" marginwidth=\"0\" marginheight=\"0\" scrolling=\"no\" class=\"wp-embedded-content\"><\/iframe><script type=\"text\/javascript\">\n\/* <![CDATA[ *\/\n\/*! This file is auto-generated *\/\n!function(d,l){\"use strict\";l.querySelector&&d.addEventListener&&\"undefined\"!=typeof URL&&(d.wp=d.wp||{},d.wp.receiveEmbedMessage||(d.wp.receiveEmbedMessage=function(e){var t=e.data;if((t||t.secret||t.message||t.value)&&!\/[^a-zA-Z0-9]\/.test(t.secret)){for(var s,r,n,a=l.querySelectorAll('iframe[data-secret=\"'+t.secret+'\"]'),o=l.querySelectorAll('blockquote[data-secret=\"'+t.secret+'\"]'),c=new RegExp(\"^https?:$\",\"i\"),i=0;i<o.length;i++)o[i].style.display=\"none\";for(i=0;i<a.length;i++)s=a[i],e.source===s.contentWindow&&(s.removeAttribute(\"style\"),\"height\"===t.message?(1e3<(r=parseInt(t.value,10))?r=1e3:~~r<200&&(r=200),s.height=r):\"link\"===t.message&&(r=new URL(s.getAttribute(\"src\")),n=new URL(t.value),c.test(n.protocol))&&n.host===r.host&&l.activeElement===s&&(d.top.location.href=t.value))}},d.addEventListener(\"message\",d.wp.receiveEmbedMessage,!1),l.addEventListener(\"DOMContentLoaded\",function(){for(var e,t,s=l.querySelectorAll(\"iframe.wp-embedded-content\"),r=0;r<s.length;r++)(t=(e=s[r]).getAttribute(\"data-secret\"))||(t=Math.random().toString(36).substring(2,12),e.src+=\"#?secret=\"+t,e.setAttribute(\"data-secret\",t)),e.contentWindow.postMessage({message:\"ready\",secret:t},\"*\")},!1)))}(window,document);\n\/\/# sourceURL=https:\/\/villa-albertine.org\/wp-includes\/js\/wp-embed.min.js\n\/* ]]> *\/\n<\/script>\n","thumbnail_url":"https:\/\/villa-albertine.org\/wp-content\/uploads\/2023\/08\/10inAmerica.jpg","thumbnail_width":1392,"thumbnail_height":1046,"description":"Le 22 mai 2022, 14h-15h (Cannes, FRANCE) Village international &#8211; Les Cin\u00e9mas du Monde Pavilion (108)\u00a0 \u00ab\u00a010 In America\u00a0\u00bb est une s\u00e9rie de films documentaires qui r\u00e9unit une g\u00e9n\u00e9ration de cin\u00e9astes fran\u00e7ais, acclam\u00e9s par la critique et qui ont pr\u00e9sent\u00e9 leurs films dans de grands festivals internationaux. A partir du mois de juillet 2022, la..."}

Le 22 mai 2022, 14h-15h (Cannes, FRANCE) Village international &#8211; Les Cinémas du Monde Pavilion (108)  « 10 In America » est une série de films documentaires qui réunit une génération de cinéastes français, acclamés par la critique et qui ont présenté leurs films dans de grands festivals internationaux. A partir du mois de juillet 2022, la...
