{"version":"1.0","provider_name":"Villa Albertine","provider_url":"https:\/\/villa-albertine.org\/va\/fr\/","author_name":"Villa Albertine","author_url":"https:\/\/villa-albertine.org\/va\/fr\/","title":"Theatrical Release : Benedetta (Paul Verhoeven) - Villa Albertine","type":"rich","width":600,"height":338,"html":"<blockquote class=\"wp-embedded-content\" data-secret=\"TAr4Q2te0I\"><a href=\"https:\/\/villa-albertine.org\/va\/fr\/events\/theatrical-release-benedetta-paul-verhoeven\/\">Theatrical Release : Benedetta (Paul Verhoeven)<\/a><\/blockquote><iframe sandbox=\"allow-scripts\" security=\"restricted\" src=\"https:\/\/villa-albertine.org\/va\/fr\/events\/theatrical-release-benedetta-paul-verhoeven\/embed\/#?secret=TAr4Q2te0I\" width=\"600\" height=\"338\" title=\"\u00ab\u00a0Theatrical Release : Benedetta (Paul Verhoeven)\u00a0\u00bb &#8212; Villa Albertine\" data-secret=\"TAr4Q2te0I\" frameborder=\"0\" marginwidth=\"0\" marginheight=\"0\" scrolling=\"no\" class=\"wp-embedded-content\"><\/iframe><script type=\"text\/javascript\">\n\/* <![CDATA[ *\/\n\/*! This file is auto-generated *\/\n!function(d,l){\"use strict\";l.querySelector&&d.addEventListener&&\"undefined\"!=typeof URL&&(d.wp=d.wp||{},d.wp.receiveEmbedMessage||(d.wp.receiveEmbedMessage=function(e){var t=e.data;if((t||t.secret||t.message||t.value)&&!\/[^a-zA-Z0-9]\/.test(t.secret)){for(var s,r,n,a=l.querySelectorAll('iframe[data-secret=\"'+t.secret+'\"]'),o=l.querySelectorAll('blockquote[data-secret=\"'+t.secret+'\"]'),c=new RegExp(\"^https?:$\",\"i\"),i=0;i<o.length;i++)o[i].style.display=\"none\";for(i=0;i<a.length;i++)s=a[i],e.source===s.contentWindow&&(s.removeAttribute(\"style\"),\"height\"===t.message?(1e3<(r=parseInt(t.value,10))?r=1e3:~~r<200&&(r=200),s.height=r):\"link\"===t.message&&(r=new URL(s.getAttribute(\"src\")),n=new URL(t.value),c.test(n.protocol))&&n.host===r.host&&l.activeElement===s&&(d.top.location.href=t.value))}},d.addEventListener(\"message\",d.wp.receiveEmbedMessage,!1),l.addEventListener(\"DOMContentLoaded\",function(){for(var e,t,s=l.querySelectorAll(\"iframe.wp-embedded-content\"),r=0;r<s.length;r++)(t=(e=s[r]).getAttribute(\"data-secret\"))||(t=Math.random().toString(36).substring(2,12),e.src+=\"#?secret=\"+t,e.setAttribute(\"data-secret\",t)),e.contentWindow.postMessage({message:\"ready\",secret:t},\"*\")},!1)))}(window,document);\n\/\/# sourceURL=https:\/\/villa-albertine.org\/wp-includes\/js\/wp-embed.min.js\n\/* ]]> *\/\n<\/script>\n","thumbnail_url":"https:\/\/villa-albertine.org\/wp-content\/uploads\/2023\/08\/Benedetta-1-1600x900-c-default.png","thumbnail_width":1392,"thumbnail_height":783,"description":"Dans l\u2019Italie du 17\u00e8me si\u00e8cle, une nonne fait l\u2019\u00e9preuve de visions religieuses inqui\u00e9tantes et \u00e9rotiques. Pour traverser cette \u00e9preuve, elle est assist\u00e9e par un jeune femme avec qui va rapidement se nouer une relation amoureuse passionn\u00e9e. Virginie Efira (Sybil) incarne Benedetta, une figure historique dont l\u2019extraordinaire histoire avait d\u00e9j\u00e0 \u00e9t\u00e9 captur\u00e9e par Judith C. Brown..."}

Dans l’Italie du 17ème siècle, une nonne fait l’épreuve de visions religieuses inquiétantes et érotiques. Pour traverser cette épreuve, elle est assistée par un jeune femme avec qui va rapidement se nouer une relation amoureuse passionnée. Virginie Efira (Sybil) incarne Benedetta, une figure historique dont l’extraordinaire histoire avait déjà été capturée par Judith C. Brown...
