{"version":"1.0","provider_name":"Villa Albertine","provider_url":"https:\/\/villa-albertine.org\/va\/fr\/","author_name":"Villa Albertine","author_url":"https:\/\/villa-albertine.org\/va\/fr\/","title":"Christophe Hutin at the Chicago Architecture Biennial - Villa Albertine","type":"rich","width":600,"height":338,"html":"<blockquote class=\"wp-embedded-content\" data-secret=\"PC45YNL3lL\"><a href=\"https:\/\/villa-albertine.org\/va\/fr\/events\/christophe-hutin-chicago-architecture-biennial\/\">Christophe Hutin at the Chicago Architecture Biennial<\/a><\/blockquote><iframe sandbox=\"allow-scripts\" security=\"restricted\" src=\"https:\/\/villa-albertine.org\/va\/fr\/events\/christophe-hutin-chicago-architecture-biennial\/embed\/#?secret=PC45YNL3lL\" width=\"600\" height=\"338\" title=\"\u00ab\u00a0Christophe Hutin at the Chicago Architecture Biennial\u00a0\u00bb &#8212; Villa Albertine\" data-secret=\"PC45YNL3lL\" frameborder=\"0\" marginwidth=\"0\" marginheight=\"0\" scrolling=\"no\" class=\"wp-embedded-content\"><\/iframe><script type=\"text\/javascript\">\n\/* <![CDATA[ *\/\n\/*! This file is auto-generated *\/\n!function(d,l){\"use strict\";l.querySelector&&d.addEventListener&&\"undefined\"!=typeof URL&&(d.wp=d.wp||{},d.wp.receiveEmbedMessage||(d.wp.receiveEmbedMessage=function(e){var t=e.data;if((t||t.secret||t.message||t.value)&&!\/[^a-zA-Z0-9]\/.test(t.secret)){for(var s,r,n,a=l.querySelectorAll('iframe[data-secret=\"'+t.secret+'\"]'),o=l.querySelectorAll('blockquote[data-secret=\"'+t.secret+'\"]'),c=new RegExp(\"^https?:$\",\"i\"),i=0;i<o.length;i++)o[i].style.display=\"none\";for(i=0;i<a.length;i++)s=a[i],e.source===s.contentWindow&&(s.removeAttribute(\"style\"),\"height\"===t.message?(1e3<(r=parseInt(t.value,10))?r=1e3:~~r<200&&(r=200),s.height=r):\"link\"===t.message&&(r=new URL(s.getAttribute(\"src\")),n=new URL(t.value),c.test(n.protocol))&&n.host===r.host&&l.activeElement===s&&(d.top.location.href=t.value))}},d.addEventListener(\"message\",d.wp.receiveEmbedMessage,!1),l.addEventListener(\"DOMContentLoaded\",function(){for(var e,t,s=l.querySelectorAll(\"iframe.wp-embedded-content\"),r=0;r<s.length;r++)(t=(e=s[r]).getAttribute(\"data-secret\"))||(t=Math.random().toString(36).substring(2,12),e.src+=\"#?secret=\"+t,e.setAttribute(\"data-secret\",t)),e.contentWindow.postMessage({message:\"ready\",secret:t},\"*\")},!1)))}(window,document);\n\/\/# sourceURL=https:\/\/villa-albertine.org\/wp-includes\/js\/wp-embed.min.js\n\/* ]]> *\/\n<\/script>\n","thumbnail_url":"https:\/\/villa-albertine.org\/wp-content\/uploads\/2023\/08\/Christophe20hutin_0.jpg","thumbnail_width":800,"thumbnail_height":450,"description":"Offrant la possibilit\u00e9 de d\u00e9couvrir des installations, des expositions et des programmes qui explorent les possibilit\u00e9s de transformation des espaces vacants dans les communaut\u00e9s du monde entier, The Available City est organis\u00e9e par le designer, chercheur et \u00e9ducateur David Brown. En tant que directeur artistique de The Available City, Brown met en \u0153uvre son projet..."}

Offrant la possibilité de découvrir des installations, des expositions et des programmes qui explorent les possibilités de transformation des espaces vacants dans les communautés du monde entier, The Available City est organisée par le designer, chercheur et éducateur David Brown. En tant que directeur artistique de The Available City, Brown met en œuvre son projet...
